MOON
Server: Apache
System: Linux vps.erhabenn.com.br 3.10.0-1160.119.1.el7.tuxcare.els2.x86_64 #1 SMP Mon Jul 15 12:09:18 UTC 2024 x86_64
User: machen (1008)
PHP: 8.2.31
Disabled: NONE
Upload Files
File: /disk001/machen/logs/support.machen.ai-ssl_log.bkup
178.105.99.125 - - [14/Jul/2026:18:01:02 -0300] "GET / HTTP/1.1" 301 - "-" "Mozilla/5.0 (iPhone; CPU iPhone OS 17_5 like Mac OS X) AppleWebKit/605.1.15 (KHTML, like Gecko) Version/17.5 Mobile/15E148 Safari/604.1 CibraxScanner/1.0 (+https://cibrax.com/scanner)"
81.171.74.60 - - [14/Jul/2026:18:00:59 -0300] "HEAD / HTTP/1.1" 200 - "https://suporte.machen.ai/" "Go-http-client/1.1"
178.105.99.125 - - [14/Jul/2026:18:01:12 -0300] "GET / HTTP/1.1" 301 - "-" "Mozilla/5.0 (iPhone; CPU iPhone OS 17_5 like Mac OS X) AppleWebKit/605.1.15 (KHTML, like Gecko) Version/17.5 Mobile/15E148 Safari/604.1 CibraxScanner/1.0 (+https://cibrax.com/scanner)"
13.66.22.226 - - [14/Jul/2026:18:01:21 -0300] "GET /?et_check_mod_pagespeed=on HTTP/1.1" 200 20 "-" "WordPress/7.0.1; https://support.machen.ai"
13.66.22.226 - - [14/Jul/2026:18:01:20 -0300] "GET /?et_check_mod_pagespeed=on HTTP/1.1" 200 20 "-" "WordPress/7.0.1; https://support.machen.ai"
13.66.22.226 - - [14/Jul/2026:18:01:21 -0300] "GET /?et_check_mod_pagespeed=on HTTP/1.1" 200 20 "-" "WordPress/7.0.1; https://support.machen.ai"
13.66.22.226 - - [14/Jul/2026:18:01:21 -0300] "GET /?et_check_mod_pagespeed=on HTTP/1.1" 200 20 "-" "WordPress/7.0.1; https://support.machen.ai"
13.66.22.226 - - [14/Jul/2026:18:01:21 -0300] "GET /?et_check_mod_pagespeed=on HTTP/1.1" 200 20 "-" "WordPress/7.0.1; https://support.machen.ai"
13.66.22.226 - - [14/Jul/2026:18:01:21 -0300] "GET /?et_check_mod_pagespeed=on HTTP/1.1" 200 20 "-" "WordPress/7.0.1; https://support.machen.ai"
13.66.22.226 - - [14/Jul/2026:18:01:21 -0300] "GET /?et_check_mod_pagespeed=on HTTP/1.1" 200 20 "-" "WordPress/7.0.1; https://support.machen.ai"
104.244.74.39 - - [14/Jul/2026:18:01:16 -0300] "HEAD /.env HTTP/1.1" 301 - "-" "Python/3.13 aiohttp/3.13.5"
104.244.74.39 - - [14/Jul/2026:18:01:17 -0300] "HEAD /.env HTTP/1.1" 301 - "-" "Python/3.13 aiohttp/3.13.5"
104.244.74.39 - - [14/Jul/2026:18:01:20 -0300] "HEAD /.env HTTP/1.1" 301 - "-" "Python/3.13 aiohttp/3.13.5"
104.244.74.39 - - [14/Jul/2026:18:01:20 -0300] "HEAD /.env HTTP/1.1" 301 - "-" "Python/3.13 aiohttp/3.13.5"
13.66.22.226 - - [14/Jul/2026:18:01:26 -0300] "POST /wp-cron.php?doing_wp_cron=1784062886.0538709163665771484375 HTTP/1.1" 200 - "-" "WordPress/7.0.1; https://support.machen.ai"
104.244.74.39 - - [14/Jul/2026:18:01:37 -0300] "HEAD /.env HTTP/1.1" 301 - "-" "Python/3.13 aiohttp/3.13.5"
13.66.22.226 - - [14/Jul/2026:18:01:26 -0300] "POST /wp-cron.php?doing_wp_cron=1784062886.0594179630279541015625 HTTP/1.1" 200 - "-" "WordPress/7.0.1; https://support.machen.ai"
104.244.74.39 - - [14/Jul/2026:18:01:38 -0300] "HEAD /.env HTTP/1.1" 301 - "-" "Python/3.13 aiohttp/3.13.5"
104.244.74.39 - - [14/Jul/2026:18:01:40 -0300] "HEAD /.env HTTP/1.1" 301 - "-" "Python/3.13 aiohttp/3.13.5"
104.244.74.39 - - [14/Jul/2026:18:01:40 -0300] "HEAD /.env HTTP/1.1" 301 - "-" "Python/3.13 aiohttp/3.13.5"
216.126.227.187 - - [14/Jul/2026:18:01:42 -0300] "GET / HTTP/1.1" 301 - "-" "Mozilla/5.0"
104.244.74.39 - - [14/Jul/2026:18:01:54 -0300] "HEAD /manual/bright-connected/enviar-para-o-radar/ HTTP/1.1" 200 - "-" "Python/3.13 aiohttp/3.13.5"
104.244.74.39 - - [14/Jul/2026:18:01:59 -0300] "HEAD /manual/bright-connected/enviar-para-o-radar/ HTTP/1.1" 200 - "-" "Python/3.13 aiohttp/3.13.5"
104.244.74.39 - - [14/Jul/2026:18:01:59 -0300] "HEAD /manual/bright-connected/enviar-para-o-radar/ HTTP/1.1" 200 - "-" "Python/3.13 aiohttp/3.13.5"
104.244.74.39 - - [14/Jul/2026:18:01:57 -0300] "HEAD /manual/bright-connected/enviar-para-o-radar/ HTTP/1.1" 200 - "-" "Python/3.13 aiohttp/3.13.5"
104.244.74.39 - - [14/Jul/2026:18:01:58 -0300] "HEAD /.env HTTP/1.1" 301 - "-" "Python/3.13 aiohttp/3.13.5"
165.227.84.14 - - [14/Jul/2026:18:02:02 -0300] "GET / HTTP/1.1" 301 - "-" "Mozilla/5.0 (l9scan/2.0.039313e2136313e24383e23313; +https://leakix.net)"
104.244.74.39 - - [14/Jul/2026:18:02:01 -0300] "HEAD /.env HTTP/1.1" 301 - "-" "Python/3.13 aiohttp/3.13.5"
104.244.74.39 - - [14/Jul/2026:18:02:01 -0300] "HEAD /.env HTTP/1.1" 301 - "-" "Python/3.13 aiohttp/3.13.5"
104.244.74.39 - - [14/Jul/2026:18:02:00 -0300] "HEAD /.env HTTP/1.1" 301 - "-" "Python/3.13 aiohttp/3.13.5"
45.88.138.44 - - [14/Jul/2026:18:02:18 -0300] "GET / HTTP/1.1" 301 - "-" "Mozilla/5.0 (compatible; pre-filter)"
104.244.74.39 - - [14/Jul/2026:18:02:20 -0300] "HEAD /.env.local HTTP/1.1" 301 - "-" "Python/3.13 aiohttp/3.13.5"
104.244.74.39 - - [14/Jul/2026:18:02:21 -0300] "HEAD /.env.local HTTP/1.1" 301 - "-" "Python/3.13 aiohttp/3.13.5"
165.227.84.14 - - [14/Jul/2026:18:02:21 -0300] "GET /console/ HTTP/1.1" 301 - "-" "Mozilla/5.0 (l9scan/2.0.039313e2136313e24383e23313; +https://leakix.net)"
202.78.167.208 - - [14/Jul/2026:18:02:23 -0300] "GET / HTTP/1.1" 301 - "https://www.support.machen.ai/" "Mozilla/5.0 (iPhone; CPU iPhone OS 17_5 like Mac OS X) AppleWebKit/605.1.15 (KHTML, like Gecko) Version/17.5 Mobile/15E148 Safari/604.1"
165.227.84.14 - - [14/Jul/2026:18:02:24 -0300] "GET /server HTTP/1.1" 301 - "-" "Mozilla/5.0 (l9scan/2.0.039313e2136313e24383e23313; +https://leakix.net)"
104.244.74.39 - - [14/Jul/2026:18:02:24 -0300] "HEAD /.env.local HTTP/1.1" 301 - "-" "Python/3.13 aiohttp/3.13.5"
104.244.74.39 - - [14/Jul/2026:18:02:23 -0300] "HEAD /.env.local HTTP/1.1" 301 - "-" "Python/3.13 aiohttp/3.13.5"
165.227.84.14 - - [14/Jul/2026:18:02:27 -0300] "GET /server-status HTTP/1.1" 301 - "-" "Mozilla/5.0 (l9scan/2.0.039313e2136313e24383e23313; +https://leakix.net)"
202.78.167.208 - - [14/Jul/2026:18:02:27 -0300] "GET / HTTP/1.1" 301 - "https://www.support.machen.ai/" "Mozilla/5.0 (iPhone; CPU iPhone OS 17_5 like Mac OS X) AppleWebKit/605.1.15 (KHTML, like Gecko) Version/17.5 Mobile/15E148 Safari/604.1"
165.227.84.14 - - [14/Jul/2026:18:02:30 -0300] "GET /about HTTP/1.1" 301 - "-" "Mozilla/5.0 (l9scan/2.0.039313e2136313e24383e23313; +https://leakix.net)"
165.227.84.14 - - [14/Jul/2026:18:02:36 -0300] "GET / HTTP/1.1" 301 - "-" "Mozilla/5.0 (l9scan/2.0.039313e2136313e24383e23313; +https://leakix.net)"
165.227.84.14 - - [14/Jul/2026:18:02:33 -0300] "GET /login.action HTTP/1.1" 301 - "-" "Mozilla/5.0 (l9scan/2.0.039313e2136313e24383e23313; +https://leakix.net)"
165.227.84.14 - - [14/Jul/2026:18:02:39 -0300] "GET /___proxy_subdomain_whm/login HTTP/1.1" 301 - "-" "Mozilla/5.0 (l9scan/2.0.039313e2136313e24383e23313; +https://leakix.net)"
104.244.74.39 - - [14/Jul/2026:18:02:41 -0300] "HEAD /.env.local HTTP/1.1" 301 - "-" "Python/3.13 aiohttp/3.13.5"
104.244.74.39 - - [14/Jul/2026:18:02:44 -0300] "HEAD /.env.local HTTP/1.1" 301 - "-" "Python/3.13 aiohttp/3.13.5"
165.227.84.14 - - [14/Jul/2026:18:02:42 -0300] "GET /___proxy_subdomain_cpanel HTTP/1.1" 301 - "-" "Mozilla/5.0 (l9scan/2.0.039313e2136313e24383e23313; +https://leakix.net)"
104.244.74.39 - - [14/Jul/2026:18:02:40 -0300] "HEAD /.env.local HTTP/1.1" 301 - "-" "Python/3.13 aiohttp/3.13.5"
104.244.74.39 - - [14/Jul/2026:18:02:44 -0300] "HEAD /.env.local HTTP/1.1" 301 - "-" "Python/3.13 aiohttp/3.13.5"
165.227.84.14 - - [14/Jul/2026:18:02:45 -0300] "GET /v2/_catalog HTTP/1.1" 301 - "-" "Mozilla/5.0 (l9scan/2.0.039313e2136313e24383e23313; +https://leakix.net)"
201.216.243.185 - - [14/Jul/2026:18:02:46 -0300] "GET / HTTP/1.1" 301 - "-" "Mozilla/5.0 (Windows NT 10.0; Win64; x64) AppleWebKit/537.36 (KHTML, like Gecko) Chrome/127.0.6533.72 Safari/537.36"
165.227.84.14 - - [14/Jul/2026:18:02:48 -0300] "GET /.DS_Store HTTP/1.1" 301 - "-" "Mozilla/5.0 (l9scan/2.0.039313e2136313e24383e23313; +https://leakix.net)"
104.244.74.39 - - [14/Jul/2026:18:02:46 -0300] "HEAD /.env HTTP/1.1" 301 - "-" "Python/3.13 aiohttp/3.13.5"
165.227.84.14 - - [14/Jul/2026:18:02:51 -0300] "GET /.env HTTP/1.1" 301 - "-" "Mozilla/5.0 (l9scan/2.0.039313e2136313e24383e23313; +https://leakix.net)"
165.227.84.14 - - [14/Jul/2026:18:02:55 -0300] "GET /ecp/Current/exporttool/microsoft.exchange.ediscovery.exporttool.application HTTP/1.1" 301 - "-" "Mozilla/5.0 (l9scan/2.0.039313e2136313e24383e23313; +https://leakix.net)"
165.227.84.14 - - [14/Jul/2026:18:02:59 -0300] "GET /.git/config HTTP/1.1" 301 - "-" "Mozilla/5.0 (l9scan/2.0.039313e2136313e24383e23313; +https://leakix.net)"
165.227.84.14 - - [14/Jul/2026:18:03:02 -0300] "POST /graphql HTTP/1.1" 404 15753 "-" "Mozilla/5.0 (l9scan/2.0.039313e2136313e24383e23313; +https://leakix.net)"
104.244.74.39 - - [14/Jul/2026:18:03:02 -0300] "HEAD /.env.local HTTP/1.1" 301 - "-" "Python/3.13 aiohttp/3.13.5"
104.244.74.39 - - [14/Jul/2026:18:03:02 -0300] "HEAD /.env.local HTTP/1.1" 301 - "-" "Python/3.13 aiohttp/3.13.5"
104.244.74.39 - - [14/Jul/2026:18:03:08 -0300] "HEAD /.env HTTP/1.1" 301 - "-" "Python/3.13 aiohttp/3.13.5"
104.244.74.39 - - [14/Jul/2026:18:03:06 -0300] "HEAD /.env.local HTTP/1.1" 301 - "-" "Python/3.13 aiohttp/3.13.5"
104.244.74.39 - - [14/Jul/2026:18:03:06 -0300] "HEAD /.env.local HTTP/1.1" 301 - "-" "Python/3.13 aiohttp/3.13.5"
165.227.84.14 - - [14/Jul/2026:18:03:08 -0300] "POST /api/graphql HTTP/1.1" 404 15753 "-" "Mozilla/5.0 (l9scan/2.0.039313e2136313e24383e23313; +https://leakix.net)"
165.227.84.14 - - [14/Jul/2026:18:03:05 -0300] "POST /api HTTP/1.1" 404 15753 "-" "Mozilla/5.0 (l9scan/2.0.039313e2136313e24383e23313; +https://leakix.net)"
165.227.84.14 - - [14/Jul/2026:18:03:11 -0300] "POST /graphql/api HTTP/1.1" 404 15753 "-" "Mozilla/5.0 (l9scan/2.0.039313e2136313e24383e23313; +https://leakix.net)"
165.227.84.14 - - [14/Jul/2026:18:03:14 -0300] "POST /api/gql HTTP/1.1" 404 15774 "-" "Mozilla/5.0 (l9scan/2.0.039313e2136313e24383e23313; +https://leakix.net)"
165.227.84.14 - - [14/Jul/2026:18:03:17 -0300] "GET /s/039313e2136313e24383e23313/_/;/META-INF/maven/com.atlassian.jira/jira-webapp-dist/pom.properties HTTP/1.1" 301 - "-" "Mozilla/5.0 (l9scan/2.0.039313e2136313e24383e23313; +https://leakix.net)"
165.227.84.14 - - [14/Jul/2026:18:03:20 -0300] "GET /config.json HTTP/1.1" 301 - "-" "Mozilla/5.0 (l9scan/2.0.039313e2136313e24383e23313; +https://leakix.net)"
165.227.84.14 - - [14/Jul/2026:18:03:26 -0300] "GET /info.php HTTP/1.1" 301 - "-" "Mozilla/5.0 (l9scan/2.0.039313e2136313e24383e23313; +https://leakix.net)"
104.244.74.39 - - [14/Jul/2026:18:03:23 -0300] "HEAD /.env.prod HTTP/1.1" 301 - "-" "Python/3.13 aiohttp/3.13.5"
104.244.74.39 - - [14/Jul/2026:18:03:23 -0300] "HEAD /.env.prod HTTP/1.1" 301 - "-" "Python/3.13 aiohttp/3.13.5"
165.227.84.14 - - [14/Jul/2026:18:03:23 -0300] "GET /telescope/requests HTTP/1.1" 301 - "-" "Mozilla/5.0 (l9scan/2.0.039313e2136313e24383e23313; +https://leakix.net)"
104.244.74.39 - - [14/Jul/2026:18:03:27 -0300] "HEAD /.env.prod HTTP/1.1" 301 - "-" "Python/3.13 aiohttp/3.13.5"
165.227.84.14 - - [14/Jul/2026:18:03:29 -0300] "GET /.well-known/security.txt HTTP/1.1" 301 - "-" "Mozilla/5.0 (l9scan/2.0.039313e2136313e24383e23313; +https://leakix.net)"
165.227.84.14 - - [14/Jul/2026:18:03:32 -0300] "GET /actuator/env HTTP/1.1" 301 - "-" "Mozilla/5.0 (l9scan/2.0.039313e2136313e24383e23313; +https://leakix.net)"
104.244.74.39 - - [14/Jul/2026:18:03:29 -0300] "HEAD /.env HTTP/1.1" 301 - "-" "Python/3.13 aiohttp/3.13.5"
104.244.74.39 - - [14/Jul/2026:18:03:27 -0300] "HEAD /.env.prod HTTP/1.1" 301 - "-" "Python/3.13 aiohttp/3.13.5"
201.216.243.185 - - [14/Jul/2026:18:03:22 -0300] "GET / HTTP/1.1" 200 224325 "-" "Mozilla/5.0 (Windows NT 10.0; Win64; x64) AppleWebKit/537.36 (KHTML, like Gecko) Chrome/127.0.6533.72 Safari/537.36"
201.216.243.185 - - [14/Jul/2026:18:04:10 -0300] "GET /wp-content/plugins/echo-knowledge-base/css/fonts/ep_icons.woff?e3s9pc HTTP/1.1" 200 67912 "https://support.machen.ai/" "Mozilla/5.0 (Windows NT 10.0; Win64; x64) AppleWebKit/537.36 (KHTML, like Gecko) Chrome/127.0.6533.72 Safari/537.36"
201.216.243.185 - - [14/Jul/2026:18:04:11 -0300] "GET /wp-content/plugins/flat-preloader/assets/css/flat-preloader-public.css?ver=1.13.0 HTTP/1.1" 200 596 "https://support.machen.ai/" "Mozilla/5.0 (Windows NT 10.0; Win64; x64) AppleWebKit/537.36 (KHTML, like Gecko) Chrome/127.0.6533.72 Safari/537.36"
201.216.243.185 - - [14/Jul/2026:18:04:11 -0300] "GET /wp-content/plugins/echo-article-rating-and-feedback/css/public-styles.min.css?ver=1.11.0 HTTP/1.1" 200 21189 "https://support.machen.ai/" "Mozilla/5.0 (Windows NT 10.0; Win64; x64) AppleWebKit/537.36 (KHTML, like Gecko) Chrome/127.0.6533.72 Safari/537.36"
165.227.84.14 - - [14/Jul/2026:18:03:38 -0300] "GET /@vite/env HTTP/1.1" 301 - "-" "Mozilla/5.0 (l9scan/2.0.039313e2136313e24383e23313; +https://leakix.net)"
201.216.243.185 - - [14/Jul/2026:18:04:11 -0300] "GET /wp-content/plugins/echo-knowledge-base/css/epkb-icon-fonts.min.css?ver=9.12.0 HTTP/1.1" 200 36745 "https://support.machen.ai/" "Mozilla/5.0 (Windows NT 10.0; Win64; x64) AppleWebKit/537.36 (KHTML, like Gecko) Chrome/127.0.6533.72 Safari/537.36"
201.216.243.185 - - [14/Jul/2026:18:04:11 -0300] "GET /wp-content/plugins/h5p/h5p-php-library/styles/h5p-fonts.css?ver=1.17.8 HTTP/1.1" 200 3374 "https://support.machen.ai/" "Mozilla/5.0 (Windows NT 10.0; Win64; x64) AppleWebKit/537.36 (KHTML, like Gecko) Chrome/127.0.6533.72 Safari/537.36"
201.216.243.185 - - [14/Jul/2026:18:04:11 -0300] "GET /wp-content/plugins/h5p/h5p-php-library/styles/h5p.css?ver=1.17.8 HTTP/1.1" 200 15647 "https://support.machen.ai/" "Mozilla/5.0 (Windows NT 10.0; Win64; x64) AppleWebKit/537.36 (KHTML, like Gecko) Chrome/127.0.6533.72 Safari/537.36"
201.216.243.185 - - [14/Jul/2026:18:04:11 -0300] "GET /wp-content/plugins/echo-elegant-layouts/css/public-styles.min.css?ver=2.13.0 HTTP/1.1" 200 104852 "https://support.machen.ai/" "Mozilla/5.0 (Windows NT 10.0; Win64; x64) AppleWebKit/537.36 (KHTML, like Gecko) Chrome/127.0.6533.72 Safari/537.36"
201.216.243.185 - - [14/Jul/2026:18:04:11 -0300] "GET /wp-content/plugins/category-specific-rss-feed-menu/wp_cat_rss_style.css HTTP/1.1" 200 799 "https://support.machen.ai/" "Mozilla/5.0 (Windows NT 10.0; Win64; x64) AppleWebKit/537.36 (KHTML, like Gecko) Chrome/127.0.6533.72 Safari/537.36"
201.216.243.185 - - [14/Jul/2026:18:04:11 -0300] "GET /wp-content/plugins/echo-knowledge-base/css/public-styles.min.css?ver=9.12.0 HTTP/1.1" 200 348954 "https://support.machen.ai/" "Mozilla/5.0 (Windows NT 10.0; Win64; x64) AppleWebKit/537.36 (KHTML, like Gecko) Chrome/127.0.6533.72 Safari/537.36"
201.216.243.185 - - [14/Jul/2026:18:04:12 -0300] "GET /wp-content/et-cache/1055/et-core-unified-1055.min.css?ver=1782594469 HTTP/1.1" 200 445 "https://support.machen.ai/" "Mozilla/5.0 (Windows NT 10.0; Win64; x64) AppleWebKit/537.36 (KHTML, like Gecko) Chrome/127.0.6533.72 Safari/537.36"
201.216.243.185 - - [14/Jul/2026:18:04:12 -0300] "GET /wp-content/et-cache/1055/et-core-unified-tb-1100-tb-1114-deferred-1055.min.css?ver=1782594472 HTTP/1.1" 200 255 "https://support.machen.ai/" "Mozilla/5.0 (Windows NT 10.0; Win64; x64) AppleWebKit/537.36 (KHTML, like Gecko) Chrome/127.0.6533.72 Safari/537.36"
201.216.243.185 - - [14/Jul/2026:18:04:12 -0300] "GET /wp-content/plugins/echo-knowledge-base/css/fonts/font-awesome/fontawesome-webfont.woff2?v=4.7.0 HTTP/1.1" 200 77160 "https://support.machen.ai/" "Mozilla/5.0 (Windows NT 10.0; Win64; x64) AppleWebKit/537.36 (KHTML, like Gecko) Chrome/127.0.6533.72 Safari/537.36"
201.216.243.185 - - [14/Jul/2026:18:04:12 -0300] "GET /wp-includes/js/jquery/jquery.min.js?ver=3.7.1 HTTP/1.1" 200 87553 "https://support.machen.ai/" "Mozilla/5.0 (Windows NT 10.0; Win64; x64) AppleWebKit/537.36 (KHTML, like Gecko) Chrome/127.0.6533.72 Safari/537.36"
201.216.243.185 - - [14/Jul/2026:18:04:12 -0300] "GET /wp-includes/js/jquery/jquery-migrate.min.js?ver=3.4.1 HTTP/1.1" 200 13577 "https://support.machen.ai/" "Mozilla/5.0 (Windows NT 10.0; Win64; x64) AppleWebKit/537.36 (KHTML, like Gecko) Chrome/127.0.6533.72 Safari/537.36"
165.227.84.14 - - [14/Jul/2026:18:03:35 -0300] "GET /trace.axd HTTP/1.1" 301 - "-" "Mozilla/5.0 (l9scan/2.0.039313e2136313e24383e23313; +https://leakix.net)"
201.216.243.185 - - [14/Jul/2026:18:04:12 -0300] "GET /wp-content/plugins/echo-article-rating-and-feedback/js/public-scripts.min.js?ver=1.11.0 HTTP/1.1" 200 8719 "https://support.machen.ai/" "Mozilla/5.0 (Windows NT 10.0; Win64; x64) AppleWebKit/537.36 (KHTML, like Gecko) Chrome/127.0.6533.72 Safari/537.36"
201.216.243.185 - - [14/Jul/2026:18:04:12 -0300] "GET /wp-content/plugins/echo-elegant-layouts/js/public-scripts.min.js?ver=2.13.0 HTTP/1.1" 200 11751 "https://support.machen.ai/" "Mozilla/5.0 (Windows NT 10.0; Win64; x64) AppleWebKit/537.36 (KHTML, like Gecko) Chrome/127.0.6533.72 Safari/537.36"
201.216.243.185 - - [14/Jul/2026:18:04:12 -0300] "GET /wp-content/plugins/echo-knowledge-base/js/public-scripts.min.js?ver=9.12.0 HTTP/1.1" 200 15498 "https://support.machen.ai/" "Mozilla/5.0 (Windows NT 10.0; Win64; x64) AppleWebKit/537.36 (KHTML, like Gecko) Chrome/127.0.6533.72 Safari/537.36"
201.216.243.185 - - [14/Jul/2026:18:04:12 -0300] "GET /wp-content/uploads/2022/04/logoMachen.c1ab9af8.png HTTP/1.1" 200 8944 "https://support.machen.ai/" "Mozilla/5.0 (Windows NT 10.0; Win64; x64) AppleWebKit/537.36 (KHTML, like Gecko) Chrome/127.0.6533.72 Safari/537.36"
201.216.243.185 - - [14/Jul/2026:18:04:13 -0300] "GET /wp-content/themes/Divi/includes/builder/feature/dynamic-assets/assets/js/jquery.fitvids.js?ver=4.18.0 HTTP/1.1" 200 3349 "https://support.machen.ai/" "Mozilla/5.0 (Windows NT 10.0; Win64; x64) AppleWebKit/537.36 (KHTML, like Gecko) Chrome/127.0.6533.72 Safari/537.36"
201.216.243.185 - - [14/Jul/2026:18:04:13 -0300] "GET /wp-content/themes/Divi/js/scripts.min.js?ver=4.18.0 HTTP/1.1" 200 274008 "https://support.machen.ai/" "Mozilla/5.0 (Windows NT 10.0; Win64; x64) AppleWebKit/537.36 (KHTML, like Gecko) Chrome/127.0.6533.72 Safari/537.36"
201.216.243.185 - - [14/Jul/2026:18:04:13 -0300] "GET /wp-content/themes/Divi/core/admin/js/common.js?ver=4.18.0 HTTP/1.1" 200 1343 "https://support.machen.ai/" "Mozilla/5.0 (Windows NT 10.0; Win64; x64) AppleWebKit/537.36 (KHTML, like Gecko) Chrome/127.0.6533.72 Safari/537.36"
201.216.243.185 - - [14/Jul/2026:18:04:13 -0300] "GET /wp-content/plugins/flat-preloader/assets/js/flat-preloader.js?ver=1.13.0 HTTP/1.1" 200 1547 "https://support.machen.ai/" "Mozilla/5.0 (Windows NT 10.0; Win64; x64) AppleWebKit/537.36 (KHTML, like Gecko) Chrome/127.0.6533.72 Safari/537.36"
201.216.243.185 - - [14/Jul/2026:18:04:13 -0300] "GET /wp-content/uploads/2022/04/software-34.png HTTP/1.1" 200 65643 "https://support.machen.ai/" "Mozilla/5.0 (Windows NT 10.0; Win64; x64) AppleWebKit/537.36 (KHTML, like Gecko) Chrome/127.0.6533.72 Safari/537.36"
104.244.74.39 - - [14/Jul/2026:18:03:46 -0300] "HEAD /.env.prod HTTP/1.1" 301 - "-" "Python/3.13 aiohttp/3.13.5"
165.227.84.14 - - [14/Jul/2026:18:03:47 -0300] "GET /?rest_route=/wp/v2/users/ HTTP/1.1" 200 1489 "-" "Mozilla/5.0 (l9scan/2.0.039313e2136313e24383e23313; +https://leakix.net)"
165.227.84.14 - - [14/Jul/2026:18:03:41 -0300] "GET /.vscode/sftp.json HTTP/1.1" 301 - "-" "Mozilla/5.0 (l9scan/2.0.039313e2136313e24383e23313; +https://leakix.net)"
104.244.74.39 - - [14/Jul/2026:18:03:45 -0300] "HEAD /.env.prod HTTP/1.1" 301 - "-" "Python/3.13 aiohttp/3.13.5"
104.244.74.39 - - [14/Jul/2026:18:03:41 -0300] "HEAD /.env HTTP/1.1" 301 - "-" "Python/3.13 aiohttp/3.13.5"
104.244.74.39 - - [14/Jul/2026:18:03:49 -0300] "HEAD /.env.prod HTTP/1.1" 301 - "-" "Python/3.13 aiohttp/3.13.5"
165.227.84.14 - - [14/Jul/2026:18:03:50 -0300] "GET /debug/default/view?panel=config HTTP/1.1" 301 - "-" "Mozilla/5.0 (l9scan/2.0.039313e2136313e24383e23313; +https://leakix.net)"
104.244.74.39 - - [14/Jul/2026:18:03:50 -0300] "HEAD /.env.local HTTP/1.1" 301 - "-" "Python/3.13 aiohttp/3.13.5"
165.227.84.14 - - [14/Jul/2026:18:03:44 -0300] "OPTIONS / HTTP/1.1" 200 15721 "-" "Mozilla/5.0 (l9scan/2.0.039313e2136313e24383e23313; +https://leakix.net)"
104.244.74.39 - - [14/Jul/2026:18:03:48 -0300] "HEAD /.env.prod HTTP/1.1" 301 - "-" "Python/3.13 aiohttp/3.13.5"
104.244.74.39 - - [14/Jul/2026:18:04:02 -0300] "HEAD /.env HTTP/1.1" 301 - "-" "Python/3.13 aiohttp/3.13.5"
34.178.94.12 - - [14/Jul/2026:18:03:56 -0300] "GET / HTTP/1.1" 200 80000 "-" "Mozilla/5.0 (X11; Linux x86_64) AppleWebKit/537.36 (KHTML, like Gecko) Chrome/125.0.6422.142 Safari/537.36"
104.244.74.39 - - [14/Jul/2026:18:04:04 -0300] "HEAD /.env.prod HTTP/1.1" 301 - "-" "Python/3.13 aiohttp/3.13.5"
104.244.74.39 - - [14/Jul/2026:18:04:06 -0300] "HEAD /.env.prod HTTP/1.1" 301 - "-" "Python/3.13 aiohttp/3.13.5"
104.244.74.39 - - [14/Jul/2026:18:04:11 -0300] "HEAD /.env.local HTTP/1.1" 301 - "-" "Python/3.13 aiohttp/3.13.5"
104.244.74.39 - - [14/Jul/2026:18:04:09 -0300] "HEAD /.env.prod HTTP/1.1" 301 - "-" "Python/3.13 aiohttp/3.13.5"
104.244.74.39 - - [14/Jul/2026:18:04:09 -0300] "HEAD /.env.prod HTTP/1.1" 301 - "-" "Python/3.13 aiohttp/3.13.5"
201.216.243.185 - - [14/Jul/2026:18:04:20 -0300] "GET / HTTP/1.1" 301 - "-" "Mozilla/5.0 (Windows NT 10.0; Win64; x64) AppleWebKit/537.36 (KHTML, like Gecko) Chrome/127.0.6533.72 Safari/537.36"
104.244.74.39 - - [14/Jul/2026:18:04:22 -0300] "HEAD /.env HTTP/1.1" 301 - "-" "Python/3.13 aiohttp/3.13.5"
34.178.94.12 - - [14/Jul/2026:18:04:15 -0300] "GET / HTTP/1.1" 200 127721 "-" "Mozilla/5.0 (X11; Linux x86_64) AppleWebKit/537.36 (KHTML, like Gecko) Chrome/125.0.6422.142 Safari/537.36"
64.89.161.85 - - [14/Jul/2026:18:04:32 -0300] "GET / HTTP/1.1" 301 - "-" "Mozilla/5.0 (Windows NT 10.0; Win64; x64) AppleWebKit/537.36 (KHTML, like Gecko) Chrome/148.0.0.0 Safari/537.36"
104.244.74.39 - - [14/Jul/2026:18:04:33 -0300] "HEAD /.env.dev HTTP/1.1" 301 - "-" "Python/3.13 aiohttp/3.13.5"
104.244.74.39 - - [14/Jul/2026:18:04:28 -0300] "HEAD /.env.dev HTTP/1.1" 301 - "-" "Python/3.13 aiohttp/3.13.5"
64.89.161.85 - - [14/Jul/2026:18:04:34 -0300] "GET /config.js HTTP/1.1" 301 - "-" "Mozilla/5.0 (Windows NT 10.0; Win64; x64) AppleWebKit/537.36 (KHTML, like Gecko) Chrome/148.0.0.0 Safari/537.36"
104.244.74.39 - - [14/Jul/2026:18:04:31 -0300] "HEAD /.env.dev HTTP/1.1" 301 - "-" "Python/3.13 aiohttp/3.13.5"
104.244.74.39 - - [14/Jul/2026:18:04:33 -0300] "HEAD /.env.dev HTTP/1.1" 301 - "-" "Python/3.13 aiohttp/3.13.5"
64.89.161.85 - - [14/Jul/2026:18:04:34 -0300] "GET /js/config.js HTTP/1.1" 301 - "-" "Mozilla/5.0 (Windows NT 10.0; Win64; x64) AppleWebKit/537.36 (KHTML, like Gecko) Chrome/148.0.0.0 Safari/537.36"
104.244.74.39 - - [14/Jul/2026:18:04:34 -0300] "HEAD /.env.local HTTP/1.1" 301 - "-" "Python/3.13 aiohttp/3.13.5"
64.89.161.85 - - [14/Jul/2026:18:04:34 -0300] "GET /.env HTTP/1.1" 301 - "-" "Mozilla/5.0 (Windows NT 10.0; Win64; x64) AppleWebKit/537.36 (KHTML, like Gecko) Chrome/148.0.0.0 Safari/537.36"
64.89.161.85 - - [14/Jul/2026:18:04:35 -0300] "GET /.env.local HTTP/1.1" 301 - "-" "Mozilla/5.0 (Windows NT 10.0; Win64; x64) AppleWebKit/537.36 (KHTML, like Gecko) Chrome/148.0.0.0 Safari/537.36"
64.89.161.85 - - [14/Jul/2026:18:04:36 -0300] "GET /js/env.js HTTP/1.1" 301 - "-" "Mozilla/5.0 (Windows NT 10.0; Win64; x64) AppleWebKit/537.36 (KHTML, like Gecko) Chrome/148.0.0.0 Safari/537.36"
64.89.161.85 - - [14/Jul/2026:18:04:37 -0300] "GET /settings.js HTTP/1.1" 301 - "-" "Mozilla/5.0 (Windows NT 10.0; Win64; x64) AppleWebKit/537.36 (KHTML, like Gecko) Chrome/148.0.0.0 Safari/537.36"
34.178.94.12 - - [14/Jul/2026:18:04:36 -0300] "GET / HTTP/1.1" 200 79721 "-" "Mozilla/5.0 (X11; Linux x86_64) AppleWebKit/537.36 (KHTML, like Gecko) Chrome/125.0.6422.142 Safari/537.36"
104.244.74.39 - - [14/Jul/2026:18:04:44 -0300] "HEAD /.env.local HTTP/1.1" 301 - "-" "Python/3.13 aiohttp/3.13.5"
201.216.243.185 - - [14/Jul/2026:18:04:40 -0300] "GET / HTTP/1.1" 200 224325 "-" "Mozilla/5.0 (Windows NT 10.0; Win64; x64) AppleWebKit/537.36 (KHTML, like Gecko) Chrome/127.0.6533.72 Safari/537.36"
201.216.243.185 - - [14/Jul/2026:18:05:10 -0300] "GET /wp-content/plugins/echo-knowledge-base/css/fonts/ep_icons.woff?e3s9pc HTTP/1.1" 200 67912 "https://support.machen.ai/" "Mozilla/5.0 (Windows NT 10.0; Win64; x64) AppleWebKit/537.36 (KHTML, like Gecko) Chrome/127.0.6533.72 Safari/537.36"
201.216.243.185 - - [14/Jul/2026:18:05:11 -0300] "GET /wp-content/plugins/flat-preloader/assets/css/flat-preloader-public.css?ver=1.13.0 HTTP/1.1" 200 596 "https://support.machen.ai/" "Mozilla/5.0 (Windows NT 10.0; Win64; x64) AppleWebKit/537.36 (KHTML, like Gecko) Chrome/127.0.6533.72 Safari/537.36"
201.216.243.185 - - [14/Jul/2026:18:05:11 -0300] "GET /wp-content/plugins/echo-article-rating-and-feedback/css/public-styles.min.css?ver=1.11.0 HTTP/1.1" 200 21189 "https://support.machen.ai/" "Mozilla/5.0 (Windows NT 10.0; Win64; x64) AppleWebKit/537.36 (KHTML, like Gecko) Chrome/127.0.6533.72 Safari/537.36"
201.216.243.185 - - [14/Jul/2026:18:05:11 -0300] "GET /wp-content/plugins/echo-knowledge-base/css/public-styles.min.css?ver=9.12.0 HTTP/1.1" 200 348954 "https://support.machen.ai/" "Mozilla/5.0 (Windows NT 10.0; Win64; x64) AppleWebKit/537.36 (KHTML, like Gecko) Chrome/127.0.6533.72 Safari/537.36"
201.216.243.185 - - [14/Jul/2026:18:05:11 -0300] "GET /wp-content/plugins/h5p/h5p-php-library/styles/h5p-fonts.css?ver=1.17.8 HTTP/1.1" 200 3374 "https://support.machen.ai/" "Mozilla/5.0 (Windows NT 10.0; Win64; x64) AppleWebKit/537.36 (KHTML, like Gecko) Chrome/127.0.6533.72 Safari/537.36"
201.216.243.185 - - [14/Jul/2026:18:05:11 -0300] "GET /wp-content/plugins/echo-knowledge-base/css/epkb-icon-fonts.min.css?ver=9.12.0 HTTP/1.1" 200 36745 "https://support.machen.ai/" "Mozilla/5.0 (Windows NT 10.0; Win64; x64) AppleWebKit/537.36 (KHTML, like Gecko) Chrome/127.0.6533.72 Safari/537.36"
201.216.243.185 - - [14/Jul/2026:18:05:11 -0300] "GET /wp-content/plugins/h5p/h5p-php-library/styles/h5p.css?ver=1.17.8 HTTP/1.1" 200 15647 "https://support.machen.ai/" "Mozilla/5.0 (Windows NT 10.0; Win64; x64) AppleWebKit/537.36 (KHTML, like Gecko) Chrome/127.0.6533.72 Safari/537.36"
201.216.243.185 - - [14/Jul/2026:18:05:11 -0300] "GET /wp-content/plugins/echo-elegant-layouts/css/public-styles.min.css?ver=2.13.0 HTTP/1.1" 200 104852 "https://support.machen.ai/" "Mozilla/5.0 (Windows NT 10.0; Win64; x64) AppleWebKit/537.36 (KHTML, like Gecko) Chrome/127.0.6533.72 Safari/537.36"
201.216.243.185 - - [14/Jul/2026:18:05:11 -0300] "GET /wp-content/plugins/category-specific-rss-feed-menu/wp_cat_rss_style.css HTTP/1.1" 200 799 "https://support.machen.ai/" "Mozilla/5.0 (Windows NT 10.0; Win64; x64) AppleWebKit/537.36 (KHTML, like Gecko) Chrome/127.0.6533.72 Safari/537.36"
201.216.243.185 - - [14/Jul/2026:18:05:11 -0300] "GET /wp-content/et-cache/1055/et-core-unified-1055.min.css?ver=1782594469 HTTP/1.1" 200 445 "https://support.machen.ai/" "Mozilla/5.0 (Windows NT 10.0; Win64; x64) AppleWebKit/537.36 (KHTML, like Gecko) Chrome/127.0.6533.72 Safari/537.36"
201.216.243.185 - - [14/Jul/2026:18:05:11 -0300] "GET /wp-content/et-cache/1055/et-core-unified-tb-1100-tb-1114-deferred-1055.min.css?ver=1782594472 HTTP/1.1" 200 255 "https://support.machen.ai/" "Mozilla/5.0 (Windows NT 10.0; Win64; x64) AppleWebKit/537.36 (KHTML, like Gecko) Chrome/127.0.6533.72 Safari/537.36"
201.216.243.185 - - [14/Jul/2026:18:05:11 -0300] "GET /wp-content/plugins/echo-knowledge-base/css/fonts/font-awesome/fontawesome-webfont.woff2?v=4.7.0 HTTP/1.1" 200 77160 "https://support.machen.ai/" "Mozilla/5.0 (Windows NT 10.0; Win64; x64) AppleWebKit/537.36 (KHTML, like Gecko) Chrome/127.0.6533.72 Safari/537.36"
201.216.243.185 - - [14/Jul/2026:18:05:12 -0300] "GET /wp-includes/js/jquery/jquery-migrate.min.js?ver=3.4.1 HTTP/1.1" 200 13577 "https://support.machen.ai/" "Mozilla/5.0 (Windows NT 10.0; Win64; x64) AppleWebKit/537.36 (KHTML, like Gecko) Chrome/127.0.6533.72 Safari/537.36"
201.216.243.185 - - [14/Jul/2026:18:05:12 -0300] "GET /wp-content/plugins/echo-article-rating-and-feedback/js/public-scripts.min.js?ver=1.11.0 HTTP/1.1" 200 8719 "https://support.machen.ai/" "Mozilla/5.0 (Windows NT 10.0; Win64; x64) AppleWebKit/537.36 (KHTML, like Gecko) Chrome/127.0.6533.72 Safari/537.36"
201.216.243.185 - - [14/Jul/2026:18:05:12 -0300] "GET /wp-content/plugins/echo-elegant-layouts/js/public-scripts.min.js?ver=2.13.0 HTTP/1.1" 200 11751 "https://support.machen.ai/" "Mozilla/5.0 (Windows NT 10.0; Win64; x64) AppleWebKit/537.36 (KHTML, like Gecko) Chrome/127.0.6533.72 Safari/537.36"
201.216.243.185 - - [14/Jul/2026:18:05:12 -0300] "GET /wp-includes/js/jquery/jquery.min.js?ver=3.7.1 HTTP/1.1" 200 87553 "https://support.machen.ai/" "Mozilla/5.0 (Windows NT 10.0; Win64; x64) AppleWebKit/537.36 (KHTML, like Gecko) Chrome/127.0.6533.72 Safari/537.36"
201.216.243.185 - - [14/Jul/2026:18:05:12 -0300] "GET /wp-content/plugins/echo-knowledge-base/js/public-scripts.min.js?ver=9.12.0 HTTP/1.1" 200 15498 "https://support.machen.ai/" "Mozilla/5.0 (Windows NT 10.0; Win64; x64) AppleWebKit/537.36 (KHTML, like Gecko) Chrome/127.0.6533.72 Safari/537.36"
201.216.243.185 - - [14/Jul/2026:18:05:12 -0300] "GET /wp-content/uploads/2022/04/logoMachen.c1ab9af8.png HTTP/1.1" 200 8944 "https://support.machen.ai/" "Mozilla/5.0 (Windows NT 10.0; Win64; x64) AppleWebKit/537.36 (KHTML, like Gecko) Chrome/127.0.6533.72 Safari/537.36"
201.216.243.185 - - [14/Jul/2026:18:05:12 -0300] "GET /wp-content/plugins/flat-preloader/assets/js/flat-preloader.js?ver=1.13.0 HTTP/1.1" 200 1547 "https://support.machen.ai/" "Mozilla/5.0 (Windows NT 10.0; Win64; x64) AppleWebKit/537.36 (KHTML, like Gecko) Chrome/127.0.6533.72 Safari/537.36"
201.216.243.185 - - [14/Jul/2026:18:05:12 -0300] "GET /wp-content/themes/Divi/js/scripts.min.js?ver=4.18.0 HTTP/1.1" 200 274008 "https://support.machen.ai/" "Mozilla/5.0 (Windows NT 10.0; Win64; x64) AppleWebKit/537.36 (KHTML, like Gecko) Chrome/127.0.6533.72 Safari/537.36"
201.216.243.185 - - [14/Jul/2026:18:05:12 -0300] "GET /wp-content/themes/Divi/includes/builder/feature/dynamic-assets/assets/js/jquery.fitvids.js?ver=4.18.0 HTTP/1.1" 200 3349 "https://support.machen.ai/" "Mozilla/5.0 (Windows NT 10.0; Win64; x64) AppleWebKit/537.36 (KHTML, like Gecko) Chrome/127.0.6533.72 Safari/537.36"
201.216.243.185 - - [14/Jul/2026:18:05:12 -0300] "GET /wp-content/themes/Divi/core/admin/js/common.js?ver=4.18.0 HTTP/1.1" 200 1343 "https://support.machen.ai/" "Mozilla/5.0 (Windows NT 10.0; Win64; x64) AppleWebKit/537.36 (KHTML, like Gecko) Chrome/127.0.6533.72 Safari/537.36"
201.216.243.185 - - [14/Jul/2026:18:05:12 -0300] "GET /wp-content/uploads/2022/04/software-34.png HTTP/1.1" 200 65643 "https://support.machen.ai/" "Mozilla/5.0 (Windows NT 10.0; Win64; x64) AppleWebKit/537.36 (KHTML, like Gecko) Chrome/127.0.6533.72 Safari/537.36"
104.244.74.39 - - [14/Jul/2026:18:04:53 -0300] "HEAD /.env.dev HTTP/1.1" 301 - "-" "Python/3.13 aiohttp/3.13.5"
104.244.74.39 - - [14/Jul/2026:18:04:50 -0300] "HEAD /.env.dev HTTP/1.1" 301 - "-" "Python/3.13 aiohttp/3.13.5"
104.244.74.39 - - [14/Jul/2026:18:04:56 -0300] "HEAD /.env.prod HTTP/1.1" 301 - "-" "Python/3.13 aiohttp/3.13.5"
104.244.74.39 - - [14/Jul/2026:18:04:56 -0300] "HEAD /.env.dev HTTP/1.1" 301 - "-" "Python/3.13 aiohttp/3.13.5"
104.244.74.39 - - [14/Jul/2026:18:04:56 -0300] "HEAD /.env.dev HTTP/1.1" 301 - "-" "Python/3.13 aiohttp/3.13.5"
34.178.94.12 - - [14/Jul/2026:18:04:55 -0300] "GET / HTTP/1.1" 200 127721 "-" "Mozilla/5.0 (X11; Linux x86_64) AppleWebKit/537.36 (KHTML, like Gecko) Chrome/125.0.6422.142 Safari/537.36"
104.244.74.39 - - [14/Jul/2026:18:05:10 -0300] "HEAD /.env.dev HTTP/1.1" 301 - "-" "Python/3.13 aiohttp/3.13.5"
104.244.74.39 - - [14/Jul/2026:18:05:09 -0300] "HEAD /.env.prod HTTP/1.1" 301 - "-" "Python/3.13 aiohttp/3.13.5"
104.244.74.39 - - [14/Jul/2026:18:05:13 -0300] "HEAD /.env.dev HTTP/1.1" 301 - "-" "Python/3.13 aiohttp/3.13.5"
104.244.74.39 - - [14/Jul/2026:18:05:13 -0300] "HEAD /.env.dev HTTP/1.1" 301 - "-" "Python/3.13 aiohttp/3.13.5"
104.244.74.39 - - [14/Jul/2026:18:05:14 -0300] "HEAD /.env.prod HTTP/1.1" 301 - "-" "Python/3.13 aiohttp/3.13.5"
34.178.94.12 - - [14/Jul/2026:18:05:17 -0300] "GET / HTTP/1.1" 200 127721 "-" "Mozilla/5.0 (X11; Linux x86_64) AppleWebKit/537.36 (KHTML, like Gecko) Chrome/125.0.6422.142 Safari/537.36"
104.244.74.39 - - [14/Jul/2026:18:05:30 -0300] "HEAD /.env.prod HTTP/1.1" 301 - "-" "Python/3.13 aiohttp/3.13.5"
104.244.74.39 - - [14/Jul/2026:18:05:35 -0300] "HEAD /.env.prod HTTP/1.1" 301 - "-" "Python/3.13 aiohttp/3.13.5"
64.89.161.82 - - [14/Jul/2026:18:05:36 -0300] "GET / HTTP/1.1" 301 - "-" "Mozilla/5.0 (Windows NT 10.0; Win64; x64) AppleWebKit/537.36 (KHTML, like Gecko) Chrome/148.0.0.0 Safari/537.36"
64.89.161.82 - - [14/Jul/2026:18:05:36 -0300] "GET /config.js HTTP/1.1" 301 - "-" "Mozilla/5.0 (Windows NT 10.0; Win64; x64) AppleWebKit/537.36 (KHTML, like Gecko) Chrome/148.0.0.0 Safari/537.36"
64.89.161.82 - - [14/Jul/2026:18:05:37 -0300] "GET /js/config.js HTTP/1.1" 301 - "-" "Mozilla/5.0 (Windows NT 10.0; Win64; x64) AppleWebKit/537.36 (KHTML, like Gecko) Chrome/148.0.0.0 Safari/537.36"
64.89.161.82 - - [14/Jul/2026:18:05:37 -0300] "GET /.env.local HTTP/1.1" 301 - "-" "Mozilla/5.0 (Windows NT 10.0; Win64; x64) AppleWebKit/537.36 (KHTML, like Gecko) Chrome/148.0.0.0 Safari/537.36"
64.89.161.82 - - [14/Jul/2026:18:05:37 -0300] "GET /.env HTTP/1.1" 301 - "-" "Mozilla/5.0 (Windows NT 10.0; Win64; x64) AppleWebKit/537.36 (KHTML, like Gecko) Chrome/148.0.0.0 Safari/537.36"
64.89.161.82 - - [14/Jul/2026:18:05:38 -0300] "GET /.env.production HTTP/1.1" 301 - "-" "Mozilla/5.0 (Windows NT 10.0; Win64; x64) AppleWebKit/537.36 (KHTML, like Gecko) Chrome/148.0.0.0 Safari/537.36"
64.89.161.82 - - [14/Jul/2026:18:05:38 -0300] "GET /api/config HTTP/1.1" 301 - "-" "Mozilla/5.0 (Windows NT 10.0; Win64; x64) AppleWebKit/537.36 (KHTML, like Gecko) Chrome/148.0.0.0 Safari/537.36"
64.89.161.82 - - [14/Jul/2026:18:05:38 -0300] "GET /.env.example HTTP/1.1" 301 - "-" "Mozilla/5.0 (Windows NT 10.0; Win64; x64) AppleWebKit/537.36 (KHTML, like Gecko) Chrome/148.0.0.0 Safari/537.36"
64.89.161.82 - - [14/Jul/2026:18:05:39 -0300] "GET /config.json HTTP/1.1" 301 - "-" "Mozilla/5.0 (Windows NT 10.0; Win64; x64) AppleWebKit/537.36 (KHTML, like Gecko) Chrome/148.0.0.0 Safari/537.36"
34.178.94.12 - - [14/Jul/2026:18:05:36 -0300] "GET / HTTP/1.1" 200 127721 "-" "Mozilla/5.0 (X11; Linux x86_64) AppleWebKit/537.36 (KHTML, like Gecko) Chrome/125.0.6422.142 Safari/537.36"
64.89.161.82 - - [14/Jul/2026:18:05:39 -0300] "GET /api/env HTTP/1.1" 301 - "-" "Mozilla/5.0 (Windows NT 10.0; Win64; x64) AppleWebKit/537.36 (KHTML, like Gecko) Chrome/148.0.0.0 Safari/537.36"
64.89.161.82 - - [14/Jul/2026:18:05:46 -0300] "GET /js/env.js HTTP/1.1" 301 - "-" "Mozilla/5.0 (Windows NT 10.0; Win64; x64) AppleWebKit/537.36 (KHTML, like Gecko) Chrome/148.0.0.0 Safari/537.36"
64.89.161.82 - - [14/Jul/2026:18:05:46 -0300] "GET /settings.js HTTP/1.1" 301 - "-" "Mozilla/5.0 (Windows NT 10.0; Win64; x64) AppleWebKit/537.36 (KHTML, like Gecko) Chrome/148.0.0.0 Safari/537.36"
104.244.74.39 - - [14/Jul/2026:18:05:50 -0300] "HEAD /.env.prod HTTP/1.1" 301 - "-" "Python/3.13 aiohttp/3.13.5"
104.244.74.39 - - [14/Jul/2026:18:05:56 -0300] "HEAD /.env.dev HTTP/1.1" 301 - "-" "Python/3.13 aiohttp/3.13.5"
34.178.94.12 - - [14/Jul/2026:18:05:57 -0300] "GET / HTTP/1.1" 200 127721 "-" "Mozilla/5.0 (X11; Linux x86_64) AppleWebKit/537.36 (KHTML, like Gecko) Chrome/125.0.6422.142 Safari/537.36"
193.32.248.184 - - [14/Jul/2026:18:06:05 -0300] "GET / HTTP/1.1" 301 - "https://www.support.machen.ai" "Mozilla/5.0 (Macintosh; Intel Mac OS X 10_15_7) AppleWebKit/605.1.15 (KHTML, like Gecko) Version/17.4.1 Safari/605.1.22"
34.178.94.12 - - [14/Jul/2026:18:06:02 -0300] "GET / HTTP/1.1" 200 224323 "-" "Mozilla/5.0 (X11; Linux x86_64) AppleWebKit/537.36 (KHTML, like Gecko) Chrome/125.0.6422.142 Safari/537.36"
34.178.94.12 - - [14/Jul/2026:18:06:21 -0300] "GET /wp-content/plugins/flat-preloader/assets/css/flat-preloader-public.css?ver=1.13.0 HTTP/1.1" 200 596 "https://support.machen.ai/" "Mozilla/5.0 (X11; Linux x86_64) AppleWebKit/537.36 (KHTML, like Gecko) Chrome/125.0.6422.142 Safari/537.36"
34.178.94.12 - - [14/Jul/2026:18:06:21 -0300] "GET /wp-content/plugins/echo-article-rating-and-feedback/css/public-styles.min.css?ver=1.11.0 HTTP/1.1" 200 21189 "https://support.machen.ai/" "Mozilla/5.0 (X11; Linux x86_64) AppleWebKit/537.36 (KHTML, like Gecko) Chrome/125.0.6422.142 Safari/537.36"
34.178.94.12 - - [14/Jul/2026:18:06:21 -0300] "GET /wp-content/plugins/h5p/h5p-php-library/styles/h5p-fonts.css?ver=1.17.8 HTTP/1.1" 200 3374 "https://support.machen.ai/" "Mozilla/5.0 (X11; Linux x86_64) AppleWebKit/537.36 (KHTML, like Gecko) Chrome/125.0.6422.142 Safari/537.36"
34.178.94.12 - - [14/Jul/2026:18:06:21 -0300] "GET /wp-content/plugins/h5p/h5p-php-library/styles/h5p.css?ver=1.17.8 HTTP/1.1" 200 15647 "https://support.machen.ai/" "Mozilla/5.0 (X11; Linux x86_64) AppleWebKit/537.36 (KHTML, like Gecko) Chrome/125.0.6422.142 Safari/537.36"
34.178.94.12 - - [14/Jul/2026:18:06:21 -0300] "GET /wp-content/plugins/echo-knowledge-base/css/epkb-icon-fonts.min.css?ver=9.12.0 HTTP/1.1" 200 36745 "https://support.machen.ai/" "Mozilla/5.0 (X11; Linux x86_64) AppleWebKit/537.36 (KHTML, like Gecko) Chrome/125.0.6422.142 Safari/537.36"
34.178.94.12 - - [14/Jul/2026:18:06:21 -0300] "GET /wp-content/plugins/category-specific-rss-feed-menu/wp_cat_rss_style.css HTTP/1.1" 200 799 "https://support.machen.ai/" "Mozilla/5.0 (X11; Linux x86_64) AppleWebKit/537.36 (KHTML, like Gecko) Chrome/125.0.6422.142 Safari/537.36"
34.178.94.12 - - [14/Jul/2026:18:06:21 -0300] "GET /wp-content/plugins/echo-knowledge-base/css/public-styles.min.css?ver=9.12.0 HTTP/1.1" 200 348954 "https://support.machen.ai/" "Mozilla/5.0 (X11; Linux x86_64) AppleWebKit/537.36 (KHTML, like Gecko) Chrome/125.0.6422.142 Safari/537.36"
34.178.94.12 - - [14/Jul/2026:18:06:21 -0300] "GET /wp-content/et-cache/1055/et-core-unified-1055.min.css?ver=1782594469 HTTP/1.1" 200 445 "https://support.machen.ai/" "Mozilla/5.0 (X11; Linux x86_64) AppleWebKit/537.36 (KHTML, like Gecko) Chrome/125.0.6422.142 Safari/537.36"
34.178.94.12 - - [14/Jul/2026:18:06:21 -0300] "GET /wp-content/plugins/echo-elegant-layouts/css/public-styles.min.css?ver=2.13.0 HTTP/1.1" 200 104852 "https://support.machen.ai/" "Mozilla/5.0 (X11; Linux x86_64) AppleWebKit/537.36 (KHTML, like Gecko) Chrome/125.0.6422.142 Safari/537.36"
34.178.94.12 - - [14/Jul/2026:18:06:21 -0300] "GET /wp-content/et-cache/1055/et-core-unified-tb-1100-tb-1114-deferred-1055.min.css?ver=1782594472 HTTP/1.1" 200 255 "https://support.machen.ai/" "Mozilla/5.0 (X11; Linux x86_64) AppleWebKit/537.36 (KHTML, like Gecko) Chrome/125.0.6422.142 Safari/537.36"
34.178.94.12 - - [14/Jul/2026:18:06:22 -0300] "GET /wp-includes/js/jquery/jquery-migrate.min.js?ver=3.4.1 HTTP/1.1" 200 13577 "https://support.machen.ai/" "Mozilla/5.0 (X11; Linux x86_64) AppleWebKit/537.36 (KHTML, like Gecko) Chrome/125.0.6422.142 Safari/537.36"
34.178.94.12 - - [14/Jul/2026:18:06:21 -0300] "GET /wp-content/plugins/echo-knowledge-base/css/fonts/ep_icons.woff?e3s9pc HTTP/1.1" 200 67912 "https://support.machen.ai/" "Mozilla/5.0 (X11; Linux x86_64) AppleWebKit/537.36 (KHTML, like Gecko) Chrome/125.0.6422.142 Safari/537.36"
34.178.94.12 - - [14/Jul/2026:18:06:21 -0300] "GET /wp-content/plugins/echo-knowledge-base/css/fonts/font-awesome/fontawesome-webfont.woff2?v=4.7.0 HTTP/1.1" 200 77160 "https://support.machen.ai/" "Mozilla/5.0 (X11; Linux x86_64) AppleWebKit/537.36 (KHTML, like Gecko) Chrome/125.0.6422.142 Safari/537.36"
34.178.94.12 - - [14/Jul/2026:18:06:22 -0300] "GET /wp-content/plugins/echo-article-rating-and-feedback/js/public-scripts.min.js?ver=1.11.0 HTTP/1.1" 200 8719 "https://support.machen.ai/" "Mozilla/5.0 (X11; Linux x86_64) AppleWebKit/537.36 (KHTML, like Gecko) Chrome/125.0.6422.142 Safari/537.36"
34.178.94.12 - - [14/Jul/2026:18:06:21 -0300] "GET /wp-includes/js/jquery/jquery.min.js?ver=3.7.1 HTTP/1.1" 200 87553 "https://support.machen.ai/" "Mozilla/5.0 (X11; Linux x86_64) AppleWebKit/537.36 (KHTML, like Gecko) Chrome/125.0.6422.142 Safari/537.36"
34.178.94.12 - - [14/Jul/2026:18:06:22 -0300] "GET /wp-content/plugins/echo-elegant-layouts/js/public-scripts.min.js?ver=2.13.0 HTTP/1.1" 200 11751 "https://support.machen.ai/" "Mozilla/5.0 (X11; Linux x86_64) AppleWebKit/537.36 (KHTML, like Gecko) Chrome/125.0.6422.142 Safari/537.36"
34.178.94.12 - - [14/Jul/2026:18:06:22 -0300] "GET /wp-content/plugins/echo-knowledge-base/js/public-scripts.min.js?ver=9.12.0 HTTP/1.1" 200 15498 "https://support.machen.ai/" "Mozilla/5.0 (X11; Linux x86_64) AppleWebKit/537.36 (KHTML, like Gecko) Chrome/125.0.6422.142 Safari/537.36"
34.178.94.12 - - [14/Jul/2026:18:06:22 -0300] "GET /wp-content/uploads/2022/04/logoMachen.c1ab9af8.png HTTP/1.1" 200 8944 "https://support.machen.ai/" "Mozilla/5.0 (X11; Linux x86_64) AppleWebKit/537.36 (KHTML, like Gecko) Chrome/125.0.6422.142 Safari/537.36"
34.178.94.12 - - [14/Jul/2026:18:06:22 -0300] "GET /wp-content/plugins/flat-preloader/assets/js/flat-preloader.js?ver=1.13.0 HTTP/1.1" 200 1547 "https://support.machen.ai/" "Mozilla/5.0 (X11; Linux x86_64) AppleWebKit/537.36 (KHTML, like Gecko) Chrome/125.0.6422.142 Safari/537.36"
34.178.94.12 - - [14/Jul/2026:18:06:22 -0300] "GET /wp-content/themes/Divi/js/scripts.min.js?ver=4.18.0 HTTP/1.1" 200 274008 "https://support.machen.ai/" "Mozilla/5.0 (X11; Linux x86_64) AppleWebKit/537.36 (KHTML, like Gecko) Chrome/125.0.6422.142 Safari/537.36"
34.178.94.12 - - [14/Jul/2026:18:06:22 -0300] "GET /wp-content/themes/Divi/core/admin/js/common.js?ver=4.18.0 HTTP/1.1" 200 1343 "https://support.machen.ai/" "Mozilla/5.0 (X11; Linux x86_64) AppleWebKit/537.36 (KHTML, like Gecko) Chrome/125.0.6422.142 Safari/537.36"
34.178.94.12 - - [14/Jul/2026:18:06:22 -0300] "GET /wp-content/themes/Divi/includes/builder/feature/dynamic-assets/assets/js/jquery.fitvids.js?ver=4.18.0 HTTP/1.1" 200 3349 "https://support.machen.ai/" "Mozilla/5.0 (X11; Linux x86_64) AppleWebKit/537.36 (KHTML, like Gecko) Chrome/125.0.6422.142 Safari/537.36"
34.178.94.12 - - [14/Jul/2026:18:06:22 -0300] "GET /wp-content/uploads/2022/04/software-34.png HTTP/1.1" 200 65643 "https://support.machen.ai/" "Mozilla/5.0 (X11; Linux x86_64) AppleWebKit/537.36 (KHTML, like Gecko) Chrome/125.0.6422.142 Safari/537.36"
193.32.248.184 - - [14/Jul/2026:18:06:15 -0300] "GET / HTTP/1.1" 301 - "https://www.support.machen.ai" "Mozilla/5.0 (Macintosh; Intel Mac OS X 10_15_7) AppleWebKit/605.1.15 (KHTML, like Gecko) Version/17.4.1 Safari/605.1.22"
104.244.74.39 - - [14/Jul/2026:18:06:15 -0300] "HEAD /.env.dev HTTP/1.1" 301 - "-" "Python/3.13 aiohttp/3.13.5"
81.171.72.135 - - [14/Jul/2026:18:00:59 -0300] "GET / HTTP/1.1" 200 127721 "-" "Go-http-client/1.1"
81.171.74.60 - - [14/Jul/2026:18:00:59 -0300] "GET / HTTP/1.1" 200 127721 "https://suporte.machen.ai/" "Go-http-client/1.1"
81.171.74.60 - - [14/Jul/2026:18:01:01 -0300] "GET / HTTP/1.1" 200 127721 "https://suporte.machen.ai/" "Go-http-client/1.1"
81.171.72.135 - - [14/Jul/2026:18:00:59 -0300] "POST / HTTP/1.1" 200 128000 "-" "Go-http-client/1.1"
104.244.74.39 - - [14/Jul/2026:18:06:19 -0300] "HEAD /.env.dev HTTP/1.1" 301 - "-" "Python/3.13 aiohttp/3.13.5"
193.32.248.184 - - [14/Jul/2026:18:06:23 -0300] "GET / HTTP/1.1" 301 - "https://www.support.machen.ai" "Mozilla/5.0 (Macintosh; Intel Mac OS X 10_15_7) AppleWebKit/605.1.15 (KHTML, like Gecko) Version/17.4.1 Safari/605.1.22"
34.178.94.12 - - [14/Jul/2026:18:06:22 -0300] "GET / HTTP/1.1" 200 224323 "-" "Mozilla/5.0 (X11; Linux x86_64) AppleWebKit/537.36 (KHTML, like Gecko) Chrome/125.0.6422.142 Safari/537.36"
34.178.94.12 - - [14/Jul/2026:18:06:50 -0300] "GET /wp-content/plugins/flat-preloader/assets/css/flat-preloader-public.css?ver=1.13.0 HTTP/1.1" 200 596 "https://support.machen.ai/" "Mozilla/5.0 (X11; Linux x86_64) AppleWebKit/537.36 (KHTML, like Gecko) Chrome/125.0.6422.142 Safari/537.36"
34.178.94.12 - - [14/Jul/2026:18:06:50 -0300] "GET /wp-content/plugins/echo-article-rating-and-feedback/css/public-styles.min.css?ver=1.11.0 HTTP/1.1" 200 21189 "https://support.machen.ai/" "Mozilla/5.0 (X11; Linux x86_64) AppleWebKit/537.36 (KHTML, like Gecko) Chrome/125.0.6422.142 Safari/537.36"
34.178.94.12 - - [14/Jul/2026:18:06:32 -0300] "GET / HTTP/1.1" 200 224323 "-" "Mozilla/5.0 (X11; Linux x86_64) AppleWebKit/537.36 (KHTML, like Gecko) Chrome/125.0.6422.142 Safari/537.36"
34.178.94.12 - - [14/Jul/2026:18:06:50 -0300] "GET /wp-content/plugins/h5p/h5p-php-library/styles/h5p-fonts.css?ver=1.17.8 HTTP/1.1" 200 3374 "https://support.machen.ai/" "Mozilla/5.0 (X11; Linux x86_64) AppleWebKit/537.36 (KHTML, like Gecko) Chrome/125.0.6422.142 Safari/537.36"
34.178.94.12 - - [14/Jul/2026:18:06:50 -0300] "GET /wp-content/plugins/h5p/h5p-php-library/styles/h5p.css?ver=1.17.8 HTTP/1.1" 200 15647 "https://support.machen.ai/" "Mozilla/5.0 (X11; Linux x86_64) AppleWebKit/537.36 (KHTML, like Gecko) Chrome/125.0.6422.142 Safari/537.36"
34.178.94.12 - - [14/Jul/2026:18:06:50 -0300] "GET /wp-content/plugins/echo-knowledge-base/css/epkb-icon-fonts.min.css?ver=9.12.0 HTTP/1.1" 200 36745 "https://support.machen.ai/" "Mozilla/5.0 (X11; Linux x86_64) AppleWebKit/537.36 (KHTML, like Gecko) Chrome/125.0.6422.142 Safari/537.36"
34.178.94.12 - - [14/Jul/2026:18:06:50 -0300] "GET /wp-content/plugins/echo-elegant-layouts/css/public-styles.min.css?ver=2.13.0 HTTP/1.1" 200 104852 "https://support.machen.ai/" "Mozilla/5.0 (X11; Linux x86_64) AppleWebKit/537.36 (KHTML, like Gecko) Chrome/125.0.6422.142 Safari/537.36"
34.178.94.12 - - [14/Jul/2026:18:06:50 -0300] "GET /wp-content/plugins/category-specific-rss-feed-menu/wp_cat_rss_style.css HTTP/1.1" 200 799 "https://support.machen.ai/" "Mozilla/5.0 (X11; Linux x86_64) AppleWebKit/537.36 (KHTML, like Gecko) Chrome/125.0.6422.142 Safari/537.36"
34.178.94.12 - - [14/Jul/2026:18:06:50 -0300] "GET /wp-content/et-cache/1055/et-core-unified-1055.min.css?ver=1782594469 HTTP/1.1" 200 445 "https://support.machen.ai/" "Mozilla/5.0 (X11; Linux x86_64) AppleWebKit/537.36 (KHTML, like Gecko) Chrome/125.0.6422.142 Safari/537.36"
34.178.94.12 - - [14/Jul/2026:18:06:50 -0300] "GET /wp-content/et-cache/1055/et-core-unified-tb-1100-tb-1114-deferred-1055.min.css?ver=1782594472 HTTP/1.1" 200 255 "https://support.machen.ai/" "Mozilla/5.0 (X11; Linux x86_64) AppleWebKit/537.36 (KHTML, like Gecko) Chrome/125.0.6422.142 Safari/537.36"
34.178.94.12 - - [14/Jul/2026:18:06:50 -0300] "GET /wp-content/plugins/echo-knowledge-base/css/fonts/font-awesome/fontawesome-webfont.woff2?v=4.7.0 HTTP/1.1" 200 77160 "https://support.machen.ai/" "Mozilla/5.0 (X11; Linux x86_64) AppleWebKit/537.36 (KHTML, like Gecko) Chrome/125.0.6422.142 Safari/537.36"
34.178.94.12 - - [14/Jul/2026:18:06:50 -0300] "GET /wp-content/plugins/echo-knowledge-base/css/public-styles.min.css?ver=9.12.0 HTTP/1.1" 200 348954 "https://support.machen.ai/" "Mozilla/5.0 (X11; Linux x86_64) AppleWebKit/537.36 (KHTML, like Gecko) Chrome/125.0.6422.142 Safari/537.36"
34.178.94.12 - - [14/Jul/2026:18:06:50 -0300] "GET /wp-includes/js/jquery/jquery-migrate.min.js?ver=3.4.1 HTTP/1.1" 200 13577 "https://support.machen.ai/" "Mozilla/5.0 (X11; Linux x86_64) AppleWebKit/537.36 (KHTML, like Gecko) Chrome/125.0.6422.142 Safari/537.36"
34.178.94.12 - - [14/Jul/2026:18:06:50 -0300] "GET /wp-content/plugins/echo-knowledge-base/css/fonts/ep_icons.woff?e3s9pc HTTP/1.1" 200 67912 "https://support.machen.ai/" "Mozilla/5.0 (X11; Linux x86_64) AppleWebKit/537.36 (KHTML, like Gecko) Chrome/125.0.6422.142 Safari/537.36"
34.178.94.12 - - [14/Jul/2026:18:06:50 -0300] "GET /wp-content/plugins/echo-article-rating-and-feedback/js/public-scripts.min.js?ver=1.11.0 HTTP/1.1" 200 8719 "https://support.machen.ai/" "Mozilla/5.0 (X11; Linux x86_64) AppleWebKit/537.36 (KHTML, like Gecko) Chrome/125.0.6422.142 Safari/537.36"
34.178.94.12 - - [14/Jul/2026:18:06:50 -0300] "GET /wp-includes/js/jquery/jquery.min.js?ver=3.7.1 HTTP/1.1" 200 87553 "https://support.machen.ai/" "Mozilla/5.0 (X11; Linux x86_64) AppleWebKit/537.36 (KHTML, like Gecko) Chrome/125.0.6422.142 Safari/537.36"
34.178.94.12 - - [14/Jul/2026:18:06:50 -0300] "GET /wp-content/plugins/echo-elegant-layouts/js/public-scripts.min.js?ver=2.13.0 HTTP/1.1" 200 11751 "https://support.machen.ai/" "Mozilla/5.0 (X11; Linux x86_64) AppleWebKit/537.36 (KHTML, like Gecko) Chrome/125.0.6422.142 Safari/537.36"
34.178.94.12 - - [14/Jul/2026:18:06:50 -0300] "GET /wp-content/plugins/echo-knowledge-base/js/public-scripts.min.js?ver=9.12.0 HTTP/1.1" 200 15498 "https://support.machen.ai/" "Mozilla/5.0 (X11; Linux x86_64) AppleWebKit/537.36 (KHTML, like Gecko) Chrome/125.0.6422.142 Safari/537.36"
34.178.94.12 - - [14/Jul/2026:18:06:50 -0300] "GET /wp-content/uploads/2022/04/logoMachen.c1ab9af8.png HTTP/1.1" 200 8944 "https://support.machen.ai/" "Mozilla/5.0 (X11; Linux x86_64) AppleWebKit/537.36 (KHTML, like Gecko) Chrome/125.0.6422.142 Safari/537.36"
34.178.94.12 - - [14/Jul/2026:18:06:50 -0300] "GET /wp-content/plugins/flat-preloader/assets/js/flat-preloader.js?ver=1.13.0 HTTP/1.1" 200 1547 "https://support.machen.ai/" "Mozilla/5.0 (X11; Linux x86_64) AppleWebKit/537.36 (KHTML, like Gecko) Chrome/125.0.6422.142 Safari/537.36"
34.178.94.12 - - [14/Jul/2026:18:06:51 -0300] "GET /wp-content/themes/Divi/includes/builder/feature/dynamic-assets/assets/js/jquery.fitvids.js?ver=4.18.0 HTTP/1.1" 200 3349 "https://support.machen.ai/" "Mozilla/5.0 (X11; Linux x86_64) AppleWebKit/537.36 (KHTML, like Gecko) Chrome/125.0.6422.142 Safari/537.36"
34.178.94.12 - - [14/Jul/2026:18:06:51 -0300] "GET /wp-content/themes/Divi/core/admin/js/common.js?ver=4.18.0 HTTP/1.1" 200 1343 "https://support.machen.ai/" "Mozilla/5.0 (X11; Linux x86_64) AppleWebKit/537.36 (KHTML, like Gecko) Chrome/125.0.6422.142 Safari/537.36"
34.178.94.12 - - [14/Jul/2026:18:06:51 -0300] "GET /wp-content/uploads/2022/04/software-34.png HTTP/1.1" 200 65643 "https://support.machen.ai/" "Mozilla/5.0 (X11; Linux x86_64) AppleWebKit/537.36 (KHTML, like Gecko) Chrome/125.0.6422.142 Safari/537.36"
