34.176.150.25 - - [28/May/2026:18:48:39 -0300] "GET /openapi.sql HTTP/1.1" 403 - "-" "Mozilla/5.0 (X11; Linux x86_64) AppleWebKit/537.36 Chrome/124.0 Safari/537.36"
34.176.150.25 - - [28/May/2026:18:48:40 -0300] "GET /postman.zip HTTP/1.1" 200 - "-" "Mozilla/5.0 (X11; Linux x86_64) AppleWebKit/537.36 Chrome/124.0 Safari/537.36"
34.176.150.25 - - [28/May/2026:18:48:41 -0300] "GET /postman.tar.gz HTTP/1.1" 200 - "-" "Mozilla/5.0 (X11; Linux x86_64) AppleWebKit/537.36 Chrome/124.0 Safari/537.36"
34.176.150.25 - - [28/May/2026:18:48:41 -0300] "GET /postman.tgz HTTP/1.1" 200 - "-" "Mozilla/5.0 (X11; Linux x86_64) AppleWebKit/537.36 Chrome/124.0 Safari/537.36"
34.176.150.25 - - [28/May/2026:18:48:42 -0300] "GET /postman.tar HTTP/1.1" 200 - "-" "Mozilla/5.0 (X11; Linux x86_64) AppleWebKit/537.36 Chrome/124.0 Safari/537.36"
34.176.150.25 - - [28/May/2026:18:48:42 -0300] "GET /postman.tar.bz2 HTTP/1.1" 200 - "-" "Mozilla/5.0 (X11; Linux x86_64) AppleWebKit/537.36 Chrome/124.0 Safari/537.36"
34.176.150.25 - - [28/May/2026:18:48:43 -0300] "GET /postman.tar.xz HTTP/1.1" 200 - "-" "Mozilla/5.0 (X11; Linux x86_64) AppleWebKit/537.36 Chrome/124.0 Safari/537.36"
34.176.150.25 - - [28/May/2026:18:48:44 -0300] "GET /postman.7z HTTP/1.1" 200 - "-" "Mozilla/5.0 (X11; Linux x86_64) AppleWebKit/537.36 Chrome/124.0 Safari/537.36"
34.176.150.25 - - [28/May/2026:18:48:44 -0300] "GET /postman.rar HTTP/1.1" 200 - "-" "Mozilla/5.0 (X11; Linux x86_64) AppleWebKit/537.36 Chrome/124.0 Safari/537.36"
34.176.150.25 - - [28/May/2026:18:48:45 -0300] "GET /postman.gz HTTP/1.1" 200 - "-" "Mozilla/5.0 (X11; Linux x86_64) AppleWebKit/537.36 Chrome/124.0 Safari/537.36"
34.176.150.25 - - [28/May/2026:18:48:45 -0300] "GET /postman.bz2 HTTP/1.1" 200 - "-" "Mozilla/5.0 (X11; Linux x86_64) AppleWebKit/537.36 Chrome/124.0 Safari/537.36"
34.176.150.25 - - [28/May/2026:18:48:46 -0300] "GET /postman.zst HTTP/1.1" 200 - "-" "Mozilla/5.0 (X11; Linux x86_64) AppleWebKit/537.36 Chrome/124.0 Safari/537.36"
34.176.150.25 - - [28/May/2026:18:48:46 -0300] "GET /postman.sql.gz HTTP/1.1" 200 - "-" "Mozilla/5.0 (X11; Linux x86_64) AppleWebKit/537.36 Chrome/124.0 Safari/537.36"
34.176.150.25 - - [28/May/2026:18:48:47 -0300] "GET /postman.sql.bz2 HTTP/1.1" 200 - "-" "Mozilla/5.0 (X11; Linux x86_64) AppleWebKit/537.36 Chrome/124.0 Safari/537.36"
34.176.150.25 - - [28/May/2026:18:48:48 -0300] "GET /postman.sql HTTP/1.1" 403 - "-" "Mozilla/5.0 (X11; Linux x86_64) AppleWebKit/537.36 Chrome/124.0 Safari/537.36"
34.176.150.25 - - [28/May/2026:18:48:48 -0300] "GET /certificates.zip HTTP/1.1" 200 - "-" "Mozilla/5.0 (X11; Linux x86_64) AppleWebKit/537.36 Chrome/124.0 Safari/537.36"
34.176.150.25 - - [28/May/2026:18:48:49 -0300] "GET /certificates.tar.gz HTTP/1.1" 200 - "-" "Mozilla/5.0 (X11; Linux x86_64) AppleWebKit/537.36 Chrome/124.0 Safari/537.36"
34.176.150.25 - - [28/May/2026:18:48:49 -0300] "GET /certificates.tgz HTTP/1.1" 200 - "-" "Mozilla/5.0 (X11; Linux x86_64) AppleWebKit/537.36 Chrome/124.0 Safari/537.36"
34.176.150.25 - - [28/May/2026:18:48:50 -0300] "GET /certificates.tar HTTP/1.1" 200 - "-" "Mozilla/5.0 (X11; Linux x86_64) AppleWebKit/537.36 Chrome/124.0 Safari/537.36"
34.176.150.25 - - [28/May/2026:18:48:50 -0300] "GET /certificates.tar.bz2 HTTP/1.1" 200 - "-" "Mozilla/5.0 (X11; Linux x86_64) AppleWebKit/537.36 Chrome/124.0 Safari/537.36"
34.176.150.25 - - [28/May/2026:18:48:51 -0300] "GET /certificates.tar.xz HTTP/1.1" 200 - "-" "Mozilla/5.0 (X11; Linux x86_64) AppleWebKit/537.36 Chrome/124.0 Safari/537.36"
34.176.150.25 - - [28/May/2026:18:48:51 -0300] "GET /certificates.7z HTTP/1.1" 200 - "-" "Mozilla/5.0 (X11; Linux x86_64) AppleWebKit/537.36 Chrome/124.0 Safari/537.36"
34.176.150.25 - - [28/May/2026:18:48:52 -0300] "GET /certificates.rar HTTP/1.1" 200 - "-" "Mozilla/5.0 (X11; Linux x86_64) AppleWebKit/537.36 Chrome/124.0 Safari/537.36"
34.176.150.25 - - [28/May/2026:18:48:52 -0300] "GET /certificates.gz HTTP/1.1" 200 - "-" "Mozilla/5.0 (X11; Linux x86_64) AppleWebKit/537.36 Chrome/124.0 Safari/537.36"
34.176.150.25 - - [28/May/2026:18:48:53 -0300] "GET /certificates.bz2 HTTP/1.1" 200 - "-" "Mozilla/5.0 (X11; Linux x86_64) AppleWebKit/537.36 Chrome/124.0 Safari/537.36"
34.176.150.25 - - [28/May/2026:18:48:54 -0300] "GET /certificates.zst HTTP/1.1" 200 - "-" "Mozilla/5.0 (X11; Linux x86_64) AppleWebKit/537.36 Chrome/124.0 Safari/537.36"
34.176.150.25 - - [28/May/2026:18:48:54 -0300] "GET /certificates.sql.gz HTTP/1.1" 200 - "-" "Mozilla/5.0 (X11; Linux x86_64) AppleWebKit/537.36 Chrome/124.0 Safari/537.36"
34.176.150.25 - - [28/May/2026:18:48:55 -0300] "GET /certificates.sql HTTP/1.1" 403 - "-" "Mozilla/5.0 (X11; Linux x86_64) AppleWebKit/537.36 Chrome/124.0 Safari/537.36"
34.176.150.25 - - [28/May/2026:18:48:55 -0300] "GET /certificates.sql.bz2 HTTP/1.1" 200 - "-" "Mozilla/5.0 (X11; Linux x86_64) AppleWebKit/537.36 Chrome/124.0 Safari/537.36"
34.176.150.25 - - [28/May/2026:18:48:56 -0300] "GET /certs.zip HTTP/1.1" 200 - "-" "Mozilla/5.0 (X11; Linux x86_64) AppleWebKit/537.36 Chrome/124.0 Safari/537.36"
34.176.150.25 - - [28/May/2026:18:48:56 -0300] "GET /certs.tar.gz HTTP/1.1" 200 - "-" "Mozilla/5.0 (X11; Linux x86_64) AppleWebKit/537.36 Chrome/124.0 Safari/537.36"
34.176.150.25 - - [28/May/2026:18:48:57 -0300] "GET /certs.tgz HTTP/1.1" 200 - "-" "Mozilla/5.0 (X11; Linux x86_64) AppleWebKit/537.36 Chrome/124.0 Safari/537.36"
34.176.150.25 - - [28/May/2026:18:48:58 -0300] "GET /certs.tar HTTP/1.1" 200 - "-" "Mozilla/5.0 (X11; Linux x86_64) AppleWebKit/537.36 Chrome/124.0 Safari/537.36"
34.176.150.25 - - [28/May/2026:18:48:58 -0300] "GET /certs.tar.bz2 HTTP/1.1" 200 - "-" "Mozilla/5.0 (X11; Linux x86_64) AppleWebKit/537.36 Chrome/124.0 Safari/537.36"
34.176.150.25 - - [28/May/2026:18:48:59 -0300] "GET /certs.tar.xz HTTP/1.1" 200 - "-" "Mozilla/5.0 (X11; Linux x86_64) AppleWebKit/537.36 Chrome/124.0 Safari/537.36"
34.176.150.25 - - [28/May/2026:18:48:59 -0300] "GET /certs.7z HTTP/1.1" 200 - "-" "Mozilla/5.0 (X11; Linux x86_64) AppleWebKit/537.36 Chrome/124.0 Safari/537.36"
34.176.150.25 - - [28/May/2026:18:49:00 -0300] "GET /certs.rar HTTP/1.1" 200 - "-" "Mozilla/5.0 (X11; Linux x86_64) AppleWebKit/537.36 Chrome/124.0 Safari/537.36"
34.176.150.25 - - [28/May/2026:18:49:00 -0300] "GET /certs.gz HTTP/1.1" 200 - "-" "Mozilla/5.0 (X11; Linux x86_64) AppleWebKit/537.36 Chrome/124.0 Safari/537.36"
34.176.150.25 - - [28/May/2026:18:49:01 -0300] "GET /certs.bz2 HTTP/1.1" 200 - "-" "Mozilla/5.0 (X11; Linux x86_64) AppleWebKit/537.36 Chrome/124.0 Safari/537.36"
34.176.150.25 - - [28/May/2026:18:49:01 -0300] "GET /certs.zst HTTP/1.1" 200 - "-" "Mozilla/5.0 (X11; Linux x86_64) AppleWebKit/537.36 Chrome/124.0 Safari/537.36"
34.176.150.25 - - [28/May/2026:18:49:02 -0300] "GET /certs.sql.gz HTTP/1.1" 200 - "-" "Mozilla/5.0 (X11; Linux x86_64) AppleWebKit/537.36 Chrome/124.0 Safari/537.36"
34.176.150.25 - - [28/May/2026:18:49:03 -0300] "GET /certs.sql.bz2 HTTP/1.1" 200 - "-" "Mozilla/5.0 (X11; Linux x86_64) AppleWebKit/537.36 Chrome/124.0 Safari/537.36"
34.176.150.25 - - [28/May/2026:18:49:03 -0300] "GET /certs.sql HTTP/1.1" 403 - "-" "Mozilla/5.0 (X11; Linux x86_64) AppleWebKit/537.36 Chrome/124.0 Safari/537.36"
34.176.150.25 - - [28/May/2026:18:49:04 -0300] "GET /ssl.zip HTTP/1.1" 200 - "-" "Mozilla/5.0 (X11; Linux x86_64) AppleWebKit/537.36 Chrome/124.0 Safari/537.36"
34.176.150.25 - - [28/May/2026:18:49:04 -0300] "GET /ssl.tar.gz HTTP/1.1" 200 - "-" "Mozilla/5.0 (X11; Linux x86_64) AppleWebKit/537.36 Chrome/124.0 Safari/537.36"
34.176.150.25 - - [28/May/2026:18:49:05 -0300] "GET /ssl.tgz HTTP/1.1" 200 - "-" "Mozilla/5.0 (X11; Linux x86_64) AppleWebKit/537.36 Chrome/124.0 Safari/537.36"
34.176.150.25 - - [28/May/2026:18:49:05 -0300] "GET /ssl.tar HTTP/1.1" 200 - "-" "Mozilla/5.0 (X11; Linux x86_64) AppleWebKit/537.36 Chrome/124.0 Safari/537.36"
143.198.181.59 - - [28/May/2026:18:49:06 -0300] "GET /.env.example HTTP/1.1" 403 - "-" "Mozilla/5.0 (Windows NT 10.0; Win64; x64) AppleWebKit/537.36 (KHTML, like Gecko) Chrome/120.0.0.0 Safari/537.36"
34.176.150.25 - - [28/May/2026:18:49:06 -0300] "GET /ssl.tar.bz2 HTTP/1.1" 200 - "-" "Mozilla/5.0 (X11; Linux x86_64) AppleWebKit/537.36 Chrome/124.0 Safari/537.36"
34.176.150.25 - - [28/May/2026:18:49:06 -0300] "GET /ssl.tar.xz HTTP/1.1" 200 - "-" "Mozilla/5.0 (X11; Linux x86_64) AppleWebKit/537.36 Chrome/124.0 Safari/537.36"
34.176.150.25 - - [28/May/2026:18:49:07 -0300] "GET /ssl.7z HTTP/1.1" 200 - "-" "Mozilla/5.0 (X11; Linux x86_64) AppleWebKit/537.36 Chrome/124.0 Safari/537.36"
34.176.150.25 - - [28/May/2026:18:49:08 -0300] "GET /ssl.rar HTTP/1.1" 200 - "-" "Mozilla/5.0 (X11; Linux x86_64) AppleWebKit/537.36 Chrome/124.0 Safari/537.36"
34.176.150.25 - - [28/May/2026:18:49:08 -0300] "GET /ssl.gz HTTP/1.1" 200 - "-" "Mozilla/5.0 (X11; Linux x86_64) AppleWebKit/537.36 Chrome/124.0 Safari/537.36"
34.176.150.25 - - [28/May/2026:18:49:09 -0300] "GET /ssl.bz2 HTTP/1.1" 200 - "-" "Mozilla/5.0 (X11; Linux x86_64) AppleWebKit/537.36 Chrome/124.0 Safari/537.36"
34.176.150.25 - - [28/May/2026:18:49:09 -0300] "GET /ssl.zst HTTP/1.1" 200 - "-" "Mozilla/5.0 (X11; Linux x86_64) AppleWebKit/537.36 Chrome/124.0 Safari/537.36"
34.176.150.25 - - [28/May/2026:18:49:10 -0300] "GET /ssl.sql.gz HTTP/1.1" 200 - "-" "Mozilla/5.0 (X11; Linux x86_64) AppleWebKit/537.36 Chrome/124.0 Safari/537.36"
34.176.150.25 - - [28/May/2026:18:49:10 -0300] "GET /ssl.sql.bz2 HTTP/1.1" 200 - "-" "Mozilla/5.0 (X11; Linux x86_64) AppleWebKit/537.36 Chrome/124.0 Safari/537.36"
143.198.181.59 - - [28/May/2026:18:49:10 -0300] "GET /env.json HTTP/1.1" 200 - "-" "Mozilla/5.0 (Windows NT 10.0; Win64; x64) AppleWebKit/537.36 (KHTML, like Gecko) Chrome/120.0.0.0 Safari/537.36"
34.176.150.25 - - [28/May/2026:18:49:11 -0300] "GET /ssl.sql HTTP/1.1" 403 - "-" "Mozilla/5.0 (X11; Linux x86_64) AppleWebKit/537.36 Chrome/124.0 Safari/537.36"
34.176.150.25 - - [28/May/2026:18:49:11 -0300] "GET /tls.zip HTTP/1.1" 200 - "-" "Mozilla/5.0 (X11; Linux x86_64) AppleWebKit/537.36 Chrome/124.0 Safari/537.36"
143.198.181.59 - - [28/May/2026:18:49:11 -0300] "GET /env.json HTTP/1.1" 200 - "-" "Mozilla/5.0 (Windows NT 10.0; Win64; x64) AppleWebKit/537.36 (KHTML, like Gecko) Chrome/120.0.0.0 Safari/537.36"
34.176.150.25 - - [28/May/2026:18:49:12 -0300] "GET /tls.tar.gz HTTP/1.1" 200 - "-" "Mozilla/5.0 (X11; Linux x86_64) AppleWebKit/537.36 Chrome/124.0 Safari/537.36"
34.176.150.25 - - [28/May/2026:18:49:12 -0300] "GET /tls.tgz HTTP/1.1" 200 - "-" "Mozilla/5.0 (X11; Linux x86_64) AppleWebKit/537.36 Chrome/124.0 Safari/537.36"
143.198.181.59 - - [28/May/2026:18:49:12 -0300] "GET /env.js HTTP/1.1" 200 - "-" "Mozilla/5.0 (Windows NT 10.0; Win64; x64) AppleWebKit/537.36 (KHTML, like Gecko) Chrome/120.0.0.0 Safari/537.36"
34.176.150.25 - - [28/May/2026:18:49:13 -0300] "GET /tls.tar HTTP/1.1" 200 - "-" "Mozilla/5.0 (X11; Linux x86_64) AppleWebKit/537.36 Chrome/124.0 Safari/537.36"
34.176.150.25 - - [28/May/2026:18:49:13 -0300] "GET /tls.tar.bz2 HTTP/1.1" 200 - "-" "Mozilla/5.0 (X11; Linux x86_64) AppleWebKit/537.36 Chrome/124.0 Safari/537.36"
143.198.181.59 - - [28/May/2026:18:49:13 -0300] "GET /env.js HTTP/1.1" 200 - "-" "Mozilla/5.0 (Windows NT 10.0; Win64; x64) AppleWebKit/537.36 (KHTML, like Gecko) Chrome/120.0.0.0 Safari/537.36"
34.176.150.25 - - [28/May/2026:18:49:14 -0300] "GET /tls.tar.xz HTTP/1.1" 200 - "-" "Mozilla/5.0 (X11; Linux x86_64) AppleWebKit/537.36 Chrome/124.0 Safari/537.36"
34.176.150.25 - - [28/May/2026:18:49:14 -0300] "GET /tls.7z HTTP/1.1" 200 - "-" "Mozilla/5.0 (X11; Linux x86_64) AppleWebKit/537.36 Chrome/124.0 Safari/537.36"
143.198.181.59 - - [28/May/2026:18:49:15 -0300] "GET /config.json HTTP/1.1" 200 - "-" "Mozilla/5.0 (Windows NT 10.0; Win64; x64) AppleWebKit/537.36 (KHTML, like Gecko) Chrome/120.0.0.0 Safari/537.36"
34.176.150.25 - - [28/May/2026:18:49:15 -0300] "GET /tls.rar HTTP/1.1" 200 - "-" "Mozilla/5.0 (X11; Linux x86_64) AppleWebKit/537.36 Chrome/124.0 Safari/537.36"
34.176.150.25 - - [28/May/2026:18:49:15 -0300] "GET /tls.gz HTTP/1.1" 200 - "-" "Mozilla/5.0 (X11; Linux x86_64) AppleWebKit/537.36 Chrome/124.0 Safari/537.36"
143.198.181.59 - - [28/May/2026:18:49:16 -0300] "GET /config.json HTTP/1.1" 200 - "-" "Mozilla/5.0 (Windows NT 10.0; Win64; x64) AppleWebKit/537.36 (KHTML, like Gecko) Chrome/120.0.0.0 Safari/537.36"
34.176.150.25 - - [28/May/2026:18:49:16 -0300] "GET /tls.bz2 HTTP/1.1" 200 - "-" "Mozilla/5.0 (X11; Linux x86_64) AppleWebKit/537.36 Chrome/124.0 Safari/537.36"
34.176.150.25 - - [28/May/2026:18:49:17 -0300] "GET /tls.zst HTTP/1.1" 200 - "-" "Mozilla/5.0 (X11; Linux x86_64) AppleWebKit/537.36 Chrome/124.0 Safari/537.36"
34.176.150.25 - - [28/May/2026:18:49:17 -0300] "GET /tls.sql.gz HTTP/1.1" 200 - "-" "Mozilla/5.0 (X11; Linux x86_64) AppleWebKit/537.36 Chrome/124.0 Safari/537.36"
143.198.181.59 - - [28/May/2026:18:49:17 -0300] "GET /config.js HTTP/1.1" 200 - "-" "Mozilla/5.0 (Windows NT 10.0; Win64; x64) AppleWebKit/537.36 (KHTML, like Gecko) Chrome/120.0.0.0 Safari/537.36"
34.176.150.25 - - [28/May/2026:18:49:18 -0300] "GET /tls.sql.bz2 HTTP/1.1" 200 - "-" "Mozilla/5.0 (X11; Linux x86_64) AppleWebKit/537.36 Chrome/124.0 Safari/537.36"
143.198.181.59 - - [28/May/2026:18:49:18 -0300] "GET /config.js HTTP/1.1" 200 - "-" "Mozilla/5.0 (Windows NT 10.0; Win64; x64) AppleWebKit/537.36 (KHTML, like Gecko) Chrome/120.0.0.0 Safari/537.36"
34.176.150.25 - - [28/May/2026:18:49:18 -0300] "GET /tls.sql HTTP/1.1" 403 - "-" "Mozilla/5.0 (X11; Linux x86_64) AppleWebKit/537.36 Chrome/124.0 Safari/537.36"
34.176.150.25 - - [28/May/2026:18:49:19 -0300] "GET /backup/backup.zip HTTP/1.1" 200 - "-" "Mozilla/5.0 (X11; Linux x86_64) AppleWebKit/537.36 Chrome/124.0 Safari/537.36"
34.176.150.25 - - [28/May/2026:18:49:19 -0300] "GET /backup/backup.tar.gz HTTP/1.1" 200 - "-" "Mozilla/5.0 (X11; Linux x86_64) AppleWebKit/537.36 Chrome/124.0 Safari/537.36"
143.198.181.59 - - [28/May/2026:18:49:19 -0300] "GET /config.yaml HTTP/1.1" 200 - "-" "Mozilla/5.0 (Windows NT 10.0; Win64; x64) AppleWebKit/537.36 (KHTML, like Gecko) Chrome/120.0.0.0 Safari/537.36"
34.176.150.25 - - [28/May/2026:18:49:20 -0300] "GET /backup/backup.tgz HTTP/1.1" 200 - "-" "Mozilla/5.0 (X11; Linux x86_64) AppleWebKit/537.36 Chrome/124.0 Safari/537.36"
34.176.150.25 - - [28/May/2026:18:49:20 -0300] "GET /backup/backup.tar HTTP/1.1" 200 - "-" "Mozilla/5.0 (X11; Linux x86_64) AppleWebKit/537.36 Chrome/124.0 Safari/537.36"
143.198.181.59 - - [28/May/2026:18:49:20 -0300] "GET /config.yaml HTTP/1.1" 200 - "-" "Mozilla/5.0 (Windows NT 10.0; Win64; x64) AppleWebKit/537.36 (KHTML, like Gecko) Chrome/120.0.0.0 Safari/537.36"
34.176.150.25 - - [28/May/2026:18:49:21 -0300] "GET /backup/backup.tar.bz2 HTTP/1.1" 200 - "-" "Mozilla/5.0 (X11; Linux x86_64) AppleWebKit/537.36 Chrome/124.0 Safari/537.36"
34.176.150.25 - - [28/May/2026:18:49:21 -0300] "GET /backup/backup.tar.xz HTTP/1.1" 200 - "-" "Mozilla/5.0 (X11; Linux x86_64) AppleWebKit/537.36 Chrome/124.0 Safari/537.36"
143.198.181.59 - - [28/May/2026:18:49:21 -0300] "GET /config.yml HTTP/1.1" 200 - "-" "Mozilla/5.0 (Windows NT 10.0; Win64; x64) AppleWebKit/537.36 (KHTML, like Gecko) Chrome/120.0.0.0 Safari/537.36"
34.176.150.25 - - [28/May/2026:18:49:22 -0300] "GET /backup/backup.7z HTTP/1.1" 200 - "-" "Mozilla/5.0 (X11; Linux x86_64) AppleWebKit/537.36 Chrome/124.0 Safari/537.36"
143.198.181.59 - - [28/May/2026:18:49:22 -0300] "GET /config.yml HTTP/1.1" 200 - "-" "Mozilla/5.0 (Windows NT 10.0; Win64; x64) AppleWebKit/537.36 (KHTML, like Gecko) Chrome/120.0.0.0 Safari/537.36"
34.176.150.25 - - [28/May/2026:18:49:22 -0300] "GET /backup/backup.rar HTTP/1.1" 200 - "-" "Mozilla/5.0 (X11; Linux x86_64) AppleWebKit/537.36 Chrome/124.0 Safari/537.36"
143.198.181.59 - - [28/May/2026:18:49:23 -0300] "GET /config/default.json HTTP/1.1" 200 - "-" "Mozilla/5.0 (Windows NT 10.0; Win64; x64) AppleWebKit/537.36 (KHTML, like Gecko) Chrome/120.0.0.0 Safari/537.36"
34.176.150.25 - - [28/May/2026:18:49:23 -0300] "GET /backup/backup.gz HTTP/1.1" 200 - "-" "Mozilla/5.0 (X11; Linux x86_64) AppleWebKit/537.36 Chrome/124.0 Safari/537.36"
34.176.150.25 - - [28/May/2026:18:49:24 -0300] "GET /backup/backup.bz2 HTTP/1.1" 200 - "-" "Mozilla/5.0 (X11; Linux x86_64) AppleWebKit/537.36 Chrome/124.0 Safari/537.36"
143.198.181.59 - - [28/May/2026:18:49:24 -0300] "GET /config/default.json HTTP/1.1" 200 - "-" "Mozilla/5.0 (Windows NT 10.0; Win64; x64) AppleWebKit/537.36 (KHTML, like Gecko) Chrome/120.0.0.0 Safari/537.36"
34.176.150.25 - - [28/May/2026:18:49:24 -0300] "GET /backup/backup.zst HTTP/1.1" 200 - "-" "Mozilla/5.0 (X11; Linux x86_64) AppleWebKit/537.36 Chrome/124.0 Safari/537.36"
34.176.150.25 - - [28/May/2026:18:49:25 -0300] "GET /backup/backup.sql.gz HTTP/1.1" 200 - "-" "Mozilla/5.0 (X11; Linux x86_64) AppleWebKit/537.36 Chrome/124.0 Safari/537.36"
143.198.181.59 - - [28/May/2026:18:49:25 -0300] "GET /config/production.json HTTP/1.1" 200 - "-" "Mozilla/5.0 (Windows NT 10.0; Win64; x64) AppleWebKit/537.36 (KHTML, like Gecko) Chrome/120.0.0.0 Safari/537.36"
34.176.150.25 - - [28/May/2026:18:49:25 -0300] "GET /backup/backup.sql.bz2 HTTP/1.1" 200 - "-" "Mozilla/5.0 (X11; Linux x86_64) AppleWebKit/537.36 Chrome/124.0 Safari/537.36"
34.176.150.25 - - [28/May/2026:18:49:26 -0300] "GET /backup/backup.sql HTTP/1.1" 403 - "-" "Mozilla/5.0 (X11; Linux x86_64) AppleWebKit/537.36 Chrome/124.0 Safari/537.36"
143.198.181.59 - - [28/May/2026:18:49:26 -0300] "GET /config/production.json HTTP/1.1" 200 - "-" "Mozilla/5.0 (Windows NT 10.0; Win64; x64) AppleWebKit/537.36 (KHTML, like Gecko) Chrome/120.0.0.0 Safari/537.36"
34.176.150.25 - - [28/May/2026:18:49:26 -0300] "GET /backup/backups.zip HTTP/1.1" 200 - "-" "Mozilla/5.0 (X11; Linux x86_64) AppleWebKit/537.36 Chrome/124.0 Safari/537.36"
34.176.150.25 - - [28/May/2026:18:49:27 -0300] "GET /backup/backups.tar.gz HTTP/1.1" 200 - "-" "Mozilla/5.0 (X11; Linux x86_64) AppleWebKit/537.36 Chrome/124.0 Safari/537.36"
143.198.181.59 - - [28/May/2026:18:49:27 -0300] "GET /config/config.json HTTP/1.1" 200 - "-" "Mozilla/5.0 (Windows NT 10.0; Win64; x64) AppleWebKit/537.36 (KHTML, like Gecko) Chrome/120.0.0.0 Safari/537.36"
34.176.150.25 - - [28/May/2026:18:49:27 -0300] "GET /backup/backups.tgz HTTP/1.1" 200 - "-" "Mozilla/5.0 (X11; Linux x86_64) AppleWebKit/537.36 Chrome/124.0 Safari/537.36"
34.176.150.25 - - [28/May/2026:18:49:28 -0300] "GET /backup/backups.tar HTTP/1.1" 200 - "-" "Mozilla/5.0 (X11; Linux x86_64) AppleWebKit/537.36 Chrome/124.0 Safari/537.36"
143.198.181.59 - - [28/May/2026:18:49:28 -0300] "GET /config/config.json HTTP/1.1" 200 - "-" "Mozilla/5.0 (Windows NT 10.0; Win64; x64) AppleWebKit/537.36 (KHTML, like Gecko) Chrome/120.0.0.0 Safari/537.36"
34.176.150.25 - - [28/May/2026:18:49:28 -0300] "GET /backup/backups.tar.bz2 HTTP/1.1" 200 - "-" "Mozilla/5.0 (X11; Linux x86_64) AppleWebKit/537.36 Chrome/124.0 Safari/537.36"
34.176.150.25 - - [28/May/2026:18:49:29 -0300] "GET /backup/backups.tar.xz HTTP/1.1" 200 - "-" "Mozilla/5.0 (X11; Linux x86_64) AppleWebKit/537.36 Chrome/124.0 Safari/537.36"
34.176.150.25 - - [28/May/2026:18:49:29 -0300] "GET /backup/backups.7z HTTP/1.1" 200 - "-" "Mozilla/5.0 (X11; Linux x86_64) AppleWebKit/537.36 Chrome/124.0 Safari/537.36"
143.198.181.59 - - [28/May/2026:18:49:29 -0300] "GET /settings.json HTTP/1.1" 200 - "-" "Mozilla/5.0 (Windows NT 10.0; Win64; x64) AppleWebKit/537.36 (KHTML, like Gecko) Chrome/120.0.0.0 Safari/537.36"
34.176.150.25 - - [28/May/2026:18:49:30 -0300] "GET /backup/backups.rar HTTP/1.1" 200 - "-" "Mozilla/5.0 (X11; Linux x86_64) AppleWebKit/537.36 Chrome/124.0 Safari/537.36"
143.198.181.59 - - [28/May/2026:18:49:30 -0300] "GET /settings.json HTTP/1.1" 200 - "-" "Mozilla/5.0 (Windows NT 10.0; Win64; x64) AppleWebKit/537.36 (KHTML, like Gecko) Chrome/120.0.0.0 Safari/537.36"
34.176.150.25 - - [28/May/2026:18:49:30 -0300] "GET /backup/backups.gz HTTP/1.1" 200 - "-" "Mozilla/5.0 (X11; Linux x86_64) AppleWebKit/537.36 Chrome/124.0 Safari/537.36"
34.176.150.25 - - [28/May/2026:18:49:31 -0300] "GET /backup/backups.bz2 HTTP/1.1" 200 - "-" "Mozilla/5.0 (X11; Linux x86_64) AppleWebKit/537.36 Chrome/124.0 Safari/537.36"
143.198.181.59 - - [28/May/2026:18:49:31 -0300] "GET /settings.py HTTP/1.1" 200 - "-" "Mozilla/5.0 (Windows NT 10.0; Win64; x64) AppleWebKit/537.36 (KHTML, like Gecko) Chrome/120.0.0.0 Safari/537.36"
34.176.150.25 - - [28/May/2026:18:49:31 -0300] "GET /backup/backups.zst HTTP/1.1" 200 - "-" "Mozilla/5.0 (X11; Linux x86_64) AppleWebKit/537.36 Chrome/124.0 Safari/537.36"
143.198.181.59 - - [28/May/2026:18:49:32 -0300] "GET /settings.py HTTP/1.1" 200 - "-" "Mozilla/5.0 (Windows NT 10.0; Win64; x64) AppleWebKit/537.36 (KHTML, like Gecko) Chrome/120.0.0.0 Safari/537.36"
34.176.150.25 - - [28/May/2026:18:49:32 -0300] "GET /backup/backups.sql.gz HTTP/1.1" 200 - "-" "Mozilla/5.0 (X11; Linux x86_64) AppleWebKit/537.36 Chrome/124.0 Safari/537.36"
34.176.150.25 - - [28/May/2026:18:49:32 -0300] "GET /backup/backups.sql.bz2 HTTP/1.1" 200 - "-" "Mozilla/5.0 (X11; Linux x86_64) AppleWebKit/537.36 Chrome/124.0 Safari/537.36"
34.176.150.25 - - [28/May/2026:18:49:33 -0300] "GET /backup/backups.sql HTTP/1.1" 403 - "-" "Mozilla/5.0 (X11; Linux x86_64) AppleWebKit/537.36 Chrome/124.0 Safari/537.36"
143.198.181.59 - - [28/May/2026:18:49:33 -0300] "GET /local_settings.py HTTP/1.1" 200 - "-" "Mozilla/5.0 (Windows NT 10.0; Win64; x64) AppleWebKit/537.36 (KHTML, like Gecko) Chrome/120.0.0.0 Safari/537.36"
34.176.150.25 - - [28/May/2026:18:49:33 -0300] "GET /backup/backup_full.zip HTTP/1.1" 200 - "-" "Mozilla/5.0 (X11; Linux x86_64) AppleWebKit/537.36 Chrome/124.0 Safari/537.36"
34.176.150.25 - - [28/May/2026:18:49:34 -0300] "GET /backup/backup_full.tar.gz HTTP/1.1" 200 - "-" "Mozilla/5.0 (X11; Linux x86_64) AppleWebKit/537.36 Chrome/124.0 Safari/537.36"
143.198.181.59 - - [28/May/2026:18:49:34 -0300] "GET /local_settings.py HTTP/1.1" 200 - "-" "Mozilla/5.0 (Windows NT 10.0; Win64; x64) AppleWebKit/537.36 (KHTML, like Gecko) Chrome/120.0.0.0 Safari/537.36"
34.176.150.25 - - [28/May/2026:18:49:35 -0300] "GET /backup/backup_full.tgz HTTP/1.1" 200 - "-" "Mozilla/5.0 (X11; Linux x86_64) AppleWebKit/537.36 Chrome/124.0 Safari/537.36"
34.176.150.25 - - [28/May/2026:18:49:35 -0300] "GET /backup/backup_full.tar HTTP/1.1" 200 - "-" "Mozilla/5.0 (X11; Linux x86_64) AppleWebKit/537.36 Chrome/124.0 Safari/537.36"
143.198.181.59 - - [28/May/2026:18:49:35 -0300] "GET /app.json HTTP/1.1" 200 - "-" "Mozilla/5.0 (Windows NT 10.0; Win64; x64) AppleWebKit/537.36 (KHTML, like Gecko) Chrome/120.0.0.0 Safari/537.36"
34.176.150.25 - - [28/May/2026:18:49:36 -0300] "GET /backup/backup_full.tar.bz2 HTTP/1.1" 200 - "-" "Mozilla/5.0 (X11; Linux x86_64) AppleWebKit/537.36 Chrome/124.0 Safari/537.36"
34.176.150.25 - - [28/May/2026:18:49:36 -0300] "GET /backup/backup_full.tar.xz HTTP/1.1" 200 - "-" "Mozilla/5.0 (X11; Linux x86_64) AppleWebKit/537.36 Chrome/124.0 Safari/537.36"
143.198.181.59 - - [28/May/2026:18:49:36 -0300] "GET /app.json HTTP/1.1" 200 - "-" "Mozilla/5.0 (Windows NT 10.0; Win64; x64) AppleWebKit/537.36 (KHTML, like Gecko) Chrome/120.0.0.0 Safari/537.36"
34.176.150.25 - - [28/May/2026:18:49:37 -0300] "GET /backup/backup_full.7z HTTP/1.1" 200 - "-" "Mozilla/5.0 (X11; Linux x86_64) AppleWebKit/537.36 Chrome/124.0 Safari/537.36"
34.176.150.25 - - [28/May/2026:18:49:37 -0300] "GET /backup/backup_full.rar HTTP/1.1" 200 - "-" "Mozilla/5.0 (X11; Linux x86_64) AppleWebKit/537.36 Chrome/124.0 Safari/537.36"
143.198.181.59 - - [28/May/2026:18:49:37 -0300] "GET /app.yaml HTTP/1.1" 200 - "-" "Mozilla/5.0 (Windows NT 10.0; Win64; x64) AppleWebKit/537.36 (KHTML, like Gecko) Chrome/120.0.0.0 Safari/537.36"
34.176.150.25 - - [28/May/2026:18:49:38 -0300] "GET /backup/backup_full.gz HTTP/1.1" 200 - "-" "Mozilla/5.0 (X11; Linux x86_64) AppleWebKit/537.36 Chrome/124.0 Safari/537.36"
34.176.150.25 - - [28/May/2026:18:49:38 -0300] "GET /backup/backup_full.bz2 HTTP/1.1" 200 - "-" "Mozilla/5.0 (X11; Linux x86_64) AppleWebKit/537.36 Chrome/124.0 Safari/537.36"
143.198.181.59 - - [28/May/2026:18:49:38 -0300] "GET /app.yaml HTTP/1.1" 200 - "-" "Mozilla/5.0 (Windows NT 10.0; Win64; x64) AppleWebKit/537.36 (KHTML, like Gecko) Chrome/120.0.0.0 Safari/537.36"
34.176.150.25 - - [28/May/2026:18:49:39 -0300] "GET /backup/backup_full.zst HTTP/1.1" 200 - "-" "Mozilla/5.0 (X11; Linux x86_64) AppleWebKit/537.36 Chrome/124.0 Safari/537.36"
34.176.150.25 - - [28/May/2026:18:49:39 -0300] "GET /backup/backup_full.sql.gz HTTP/1.1" 200 - "-" "Mozilla/5.0 (X11; Linux x86_64) AppleWebKit/537.36 Chrome/124.0 Safari/537.36"
143.198.181.59 - - [28/May/2026:18:49:39 -0300] "GET /manifest.json HTTP/1.1" 200 - "-" "Mozilla/5.0 (Windows NT 10.0; Win64; x64) AppleWebKit/537.36 (KHTML, like Gecko) Chrome/120.0.0.0 Safari/537.36"
34.176.150.25 - - [28/May/2026:18:49:40 -0300] "GET /backup/backup_full.sql.bz2 HTTP/1.1" 200 - "-" "Mozilla/5.0 (X11; Linux x86_64) AppleWebKit/537.36 Chrome/124.0 Safari/537.36"
143.198.181.59 - - [28/May/2026:18:49:40 -0300] "GET /manifest.json HTTP/1.1" 200 - "-" "Mozilla/5.0 (Windows NT 10.0; Win64; x64) AppleWebKit/537.36 (KHTML, like Gecko) Chrome/120.0.0.0 Safari/537.36"
34.176.150.25 - - [28/May/2026:18:49:41 -0300] "GET /backup/backup_full.sql HTTP/1.1" 403 - "-" "Mozilla/5.0 (X11; Linux x86_64) AppleWebKit/537.36 Chrome/124.0 Safari/537.36"
34.176.150.25 - - [28/May/2026:18:49:41 -0300] "GET /backup/full_backup.zip HTTP/1.1" 200 - "-" "Mozilla/5.0 (X11; Linux x86_64) AppleWebKit/537.36 Chrome/124.0 Safari/537.36"
143.198.181.59 - - [28/May/2026:18:49:41 -0300] "GET /serviceAccount.json HTTP/1.1" 200 - "-" "Mozilla/5.0 (Windows NT 10.0; Win64; x64) AppleWebKit/537.36 (KHTML, like Gecko) Chrome/120.0.0.0 Safari/537.36"
34.176.150.25 - - [28/May/2026:18:49:42 -0300] "GET /backup/full_backup.tar.gz HTTP/1.1" 200 - "-" "Mozilla/5.0 (X11; Linux x86_64) AppleWebKit/537.36 Chrome/124.0 Safari/537.36"
34.176.150.25 - - [28/May/2026:18:49:42 -0300] "GET /backup/full_backup.tgz HTTP/1.1" 200 - "-" "Mozilla/5.0 (X11; Linux x86_64) AppleWebKit/537.36 Chrome/124.0 Safari/537.36"
143.198.181.59 - - [28/May/2026:18:49:42 -0300] "GET /serviceAccount.json HTTP/1.1" 200 - "-" "Mozilla/5.0 (Windows NT 10.0; Win64; x64) AppleWebKit/537.36 (KHTML, like Gecko) Chrome/120.0.0.0 Safari/537.36"
34.176.150.25 - - [28/May/2026:18:49:43 -0300] "GET /backup/full_backup.tar HTTP/1.1" 200 - "-" "Mozilla/5.0 (X11; Linux x86_64) AppleWebKit/537.36 Chrome/124.0 Safari/537.36"
143.198.181.59 - - [28/May/2026:18:49:43 -0300] "GET /service-account.json HTTP/1.1" 200 - "-" "Mozilla/5.0 (Windows NT 10.0; Win64; x64) AppleWebKit/537.36 (KHTML, like Gecko) Chrome/120.0.0.0 Safari/537.36"
34.176.150.25 - - [28/May/2026:18:49:43 -0300] "GET /backup/full_backup.tar.bz2 HTTP/1.1" 200 - "-" "Mozilla/5.0 (X11; Linux x86_64) AppleWebKit/537.36 Chrome/124.0 Safari/537.36"
34.176.150.25 - - [28/May/2026:18:49:44 -0300] "GET /backup/full_backup.tar.xz HTTP/1.1" 200 - "-" "Mozilla/5.0 (X11; Linux x86_64) AppleWebKit/537.36 Chrome/124.0 Safari/537.36"
143.198.181.59 - - [28/May/2026:18:49:44 -0300] "GET /service-account.json HTTP/1.1" 200 - "-" "Mozilla/5.0 (Windows NT 10.0; Win64; x64) AppleWebKit/537.36 (KHTML, like Gecko) Chrome/120.0.0.0 Safari/537.36"
34.176.150.25 - - [28/May/2026:18:49:44 -0300] "GET /backup/full_backup.7z HTTP/1.1" 200 - "-" "Mozilla/5.0 (X11; Linux x86_64) AppleWebKit/537.36 Chrome/124.0 Safari/537.36"
143.198.181.59 - - [28/May/2026:18:49:45 -0300] "GET /serviceAccountKey.json HTTP/1.1" 200 - "-" "Mozilla/5.0 (Windows NT 10.0; Win64; x64) AppleWebKit/537.36 (KHTML, like Gecko) Chrome/120.0.0.0 Safari/537.36"
34.176.150.25 - - [28/May/2026:18:49:45 -0300] "GET /backup/full_backup.rar HTTP/1.1" 200 - "-" "Mozilla/5.0 (X11; Linux x86_64) AppleWebKit/537.36 Chrome/124.0 Safari/537.36"
143.198.181.59 - - [28/May/2026:18:49:46 -0300] "GET /serviceAccountKey.json HTTP/1.1" 200 - "-" "Mozilla/5.0 (Windows NT 10.0; Win64; x64) AppleWebKit/537.36 (KHTML, like Gecko) Chrome/120.0.0.0 Safari/537.36"
34.176.150.25 - - [28/May/2026:18:49:46 -0300] "GET /backup/full_backup.bz2 HTTP/1.1" 200 - "-" "Mozilla/5.0 (X11; Linux x86_64) AppleWebKit/537.36 Chrome/124.0 Safari/537.36"
34.176.150.25 - - [28/May/2026:18:49:45 -0300] "GET /backup/full_backup.gz HTTP/1.1" 200 - "-" "Mozilla/5.0 (X11; Linux x86_64) AppleWebKit/537.36 Chrome/124.0 Safari/537.36"
143.198.181.59 - - [28/May/2026:18:49:46 -0300] "GET /credentials.json HTTP/1.1" 200 - "-" "Mozilla/5.0 (Windows NT 10.0; Win64; x64) AppleWebKit/537.36 (KHTML, like Gecko) Chrome/120.0.0.0 Safari/537.36"
34.176.150.25 - - [28/May/2026:18:49:46 -0300] "GET /backup/full_backup.zst HTTP/1.1" 200 - "-" "Mozilla/5.0 (X11; Linux x86_64) AppleWebKit/537.36 Chrome/124.0 Safari/537.36"
34.176.150.25 - - [28/May/2026:18:49:47 -0300] "GET /backup/full_backup.sql.gz HTTP/1.1" 200 - "-" "Mozilla/5.0 (X11; Linux x86_64) AppleWebKit/537.36 Chrome/124.0 Safari/537.36"
143.198.181.59 - - [28/May/2026:18:49:47 -0300] "GET /credentials.json HTTP/1.1" 200 - "-" "Mozilla/5.0 (Windows NT 10.0; Win64; x64) AppleWebKit/537.36 (KHTML, like Gecko) Chrome/120.0.0.0 Safari/537.36"
34.176.150.25 - - [28/May/2026:18:49:47 -0300] "GET /backup/full_backup.sql.bz2 HTTP/1.1" 200 - "-" "Mozilla/5.0 (X11; Linux x86_64) AppleWebKit/537.36 Chrome/124.0 Safari/537.36"
34.176.150.25 - - [28/May/2026:18:49:48 -0300] "GET /backup/full_backup.sql HTTP/1.1" 403 - "-" "Mozilla/5.0 (X11; Linux x86_64) AppleWebKit/537.36 Chrome/124.0 Safari/537.36"
143.198.181.59 - - [28/May/2026:18:49:48 -0300] "GET /google-credentials.json HTTP/1.1" 200 - "-" "Mozilla/5.0 (Windows NT 10.0; Win64; x64) AppleWebKit/537.36 (KHTML, like Gecko) Chrome/120.0.0.0 Safari/537.36"
34.176.150.25 - - [28/May/2026:18:49:49 -0300] "GET /backup/site_backup.zip HTTP/1.1" 200 - "-" "Mozilla/5.0 (X11; Linux x86_64) AppleWebKit/537.36 Chrome/124.0 Safari/537.36"
34.176.150.25 - - [28/May/2026:18:49:49 -0300] "GET /backup/site_backup.tar.gz HTTP/1.1" 200 - "-" "Mozilla/5.0 (X11; Linux x86_64) AppleWebKit/537.36 Chrome/124.0 Safari/537.36"
143.198.181.59 - - [28/May/2026:18:49:49 -0300] "GET /google-credentials.json HTTP/1.1" 200 - "-" "Mozilla/5.0 (Windows NT 10.0; Win64; x64) AppleWebKit/537.36 (KHTML, like Gecko) Chrome/120.0.0.0 Safari/537.36"
34.176.150.25 - - [28/May/2026:18:49:50 -0300] "GET /backup/site_backup.tgz HTTP/1.1" 200 - "-" "Mozilla/5.0 (X11; Linux x86_64) AppleWebKit/537.36 Chrome/124.0 Safari/537.36"
143.198.181.59 - - [28/May/2026:18:49:50 -0300] "GET /gcp-credentials.json HTTP/1.1" 200 - "-" "Mozilla/5.0 (Windows NT 10.0; Win64; x64) AppleWebKit/537.36 (KHTML, like Gecko) Chrome/120.0.0.0 Safari/537.36"
34.176.150.25 - - [28/May/2026:18:49:50 -0300] "GET /backup/site_backup.tar HTTP/1.1" 200 - "-" "Mozilla/5.0 (X11; Linux x86_64) AppleWebKit/537.36 Chrome/124.0 Safari/537.36"
34.176.150.25 - - [28/May/2026:18:49:51 -0300] "GET /backup/site_backup.tar.bz2 HTTP/1.1" 200 - "-" "Mozilla/5.0 (X11; Linux x86_64) AppleWebKit/537.36 Chrome/124.0 Safari/537.36"
143.198.181.59 - - [28/May/2026:18:49:51 -0300] "GET /gcp-credentials.json HTTP/1.1" 200 - "-" "Mozilla/5.0 (Windows NT 10.0; Win64; x64) AppleWebKit/537.36 (KHTML, like Gecko) Chrome/120.0.0.0 Safari/537.36"
34.176.150.25 - - [28/May/2026:18:49:52 -0300] "GET /backup/site_backup.7z HTTP/1.1" 200 - "-" "Mozilla/5.0 (X11; Linux x86_64) AppleWebKit/537.36 Chrome/124.0 Safari/537.36"
34.176.150.25 - - [28/May/2026:18:49:51 -0300] "GET /backup/site_backup.tar.xz HTTP/1.1" 200 - "-" "Mozilla/5.0 (X11; Linux x86_64) AppleWebKit/537.36 Chrome/124.0 Safari/537.36"
143.198.181.59 - - [28/May/2026:18:49:52 -0300] "GET /firebase.json HTTP/1.1" 200 - "-" "Mozilla/5.0 (Windows NT 10.0; Win64; x64) AppleWebKit/537.36 (KHTML, like Gecko) Chrome/120.0.0.0 Safari/537.36"
34.176.150.25 - - [28/May/2026:18:49:52 -0300] "GET /backup/site_backup.rar HTTP/1.1" 200 - "-" "Mozilla/5.0 (X11; Linux x86_64) AppleWebKit/537.36 Chrome/124.0 Safari/537.36"
34.176.150.25 - - [28/May/2026:18:49:53 -0300] "GET /backup/site_backup.gz HTTP/1.1" 200 - "-" "Mozilla/5.0 (X11; Linux x86_64) AppleWebKit/537.36 Chrome/124.0 Safari/537.36"
143.198.181.59 - - [28/May/2026:18:49:53 -0300] "GET /firebase.json HTTP/1.1" 200 - "-" "Mozilla/5.0 (Windows NT 10.0; Win64; x64) AppleWebKit/537.36 (KHTML, like Gecko) Chrome/120.0.0.0 Safari/537.36"
34.176.150.25 - - [28/May/2026:18:49:54 -0300] "GET /backup/site_backup.bz2 HTTP/1.1" 200 - "-" "Mozilla/5.0 (X11; Linux x86_64) AppleWebKit/537.36 Chrome/124.0 Safari/537.36"
34.176.150.25 - - [28/May/2026:18:49:54 -0300] "GET /backup/site_backup.zst HTTP/1.1" 200 - "-" "Mozilla/5.0 (X11; Linux x86_64) AppleWebKit/537.36 Chrome/124.0 Safari/537.36"
143.198.181.59 - - [28/May/2026:18:49:54 -0300] "GET /firebase-config.js HTTP/1.1" 200 - "-" "Mozilla/5.0 (Windows NT 10.0; Win64; x64) AppleWebKit/537.36 (KHTML, like Gecko) Chrome/120.0.0.0 Safari/537.36"
34.176.150.25 - - [28/May/2026:18:49:55 -0300] "GET /backup/site_backup.sql.gz HTTP/1.1" 200 - "-" "Mozilla/5.0 (X11; Linux x86_64) AppleWebKit/537.36 Chrome/124.0 Safari/537.36"
34.176.150.25 - - [28/May/2026:18:49:55 -0300] "GET /backup/site_backup.sql.bz2 HTTP/1.1" 200 - "-" "Mozilla/5.0 (X11; Linux x86_64) AppleWebKit/537.36 Chrome/124.0 Safari/537.36"
143.198.181.59 - - [28/May/2026:18:49:55 -0300] "GET /firebase-config.js HTTP/1.1" 200 - "-" "Mozilla/5.0 (Windows NT 10.0; Win64; x64) AppleWebKit/537.36 (KHTML, like Gecko) Chrome/120.0.0.0 Safari/537.36"
34.176.150.25 - - [28/May/2026:18:49:56 -0300] "GET /backup/site_backup.sql HTTP/1.1" 403 - "-" "Mozilla/5.0 (X11; Linux x86_64) AppleWebKit/537.36 Chrome/124.0 Safari/537.36"
143.198.181.59 - - [28/May/2026:18:49:56 -0300] "GET /firebaseConfig.js HTTP/1.1" 200 - "-" "Mozilla/5.0 (Windows NT 10.0; Win64; x64) AppleWebKit/537.36 (KHTML, like Gecko) Chrome/120.0.0.0 Safari/537.36"
34.176.150.25 - - [28/May/2026:18:49:56 -0300] "GET /backup/website_backup.zip HTTP/1.1" 200 - "-" "Mozilla/5.0 (X11; Linux x86_64) AppleWebKit/537.36 Chrome/124.0 Safari/537.36"
34.176.150.25 - - [28/May/2026:18:49:57 -0300] "GET /backup/website_backup.tar.gz HTTP/1.1" 200 - "-" "Mozilla/5.0 (X11; Linux x86_64) AppleWebKit/537.36 Chrome/124.0 Safari/537.36"
143.198.181.59 - - [28/May/2026:18:49:57 -0300] "GET /firebaseConfig.js HTTP/1.1" 200 - "-" "Mozilla/5.0 (Windows NT 10.0; Win64; x64) AppleWebKit/537.36 (KHTML, like Gecko) Chrome/120.0.0.0 Safari/537.36"
34.176.150.25 - - [28/May/2026:18:49:57 -0300] "GET /backup/website_backup.tgz HTTP/1.1" 200 - "-" "Mozilla/5.0 (X11; Linux x86_64) AppleWebKit/537.36 Chrome/124.0 Safari/537.36"
34.176.150.25 - - [28/May/2026:18:49:58 -0300] "GET /backup/website_backup.tar HTTP/1.1" 200 - "-" "Mozilla/5.0 (X11; Linux x86_64) AppleWebKit/537.36 Chrome/124.0 Safari/537.36"
143.198.181.59 - - [28/May/2026:18:49:58 -0300] "GET /firebase-config.json HTTP/1.1" 200 - "-" "Mozilla/5.0 (Windows NT 10.0; Win64; x64) AppleWebKit/537.36 (KHTML, like Gecko) Chrome/120.0.0.0 Safari/537.36"
34.176.150.25 - - [28/May/2026:18:49:58 -0300] "GET /backup/website_backup.tar.bz2 HTTP/1.1" 200 - "-" "Mozilla/5.0 (X11; Linux x86_64) AppleWebKit/537.36 Chrome/124.0 Safari/537.36"
34.176.150.25 - - [28/May/2026:18:49:59 -0300] "GET /backup/website_backup.tar.xz HTTP/1.1" 200 - "-" "Mozilla/5.0 (X11; Linux x86_64) AppleWebKit/537.36 Chrome/124.0 Safari/537.36"
143.198.181.59 - - [28/May/2026:18:49:59 -0300] "GET /firebase-config.json HTTP/1.1" 200 - "-" "Mozilla/5.0 (Windows NT 10.0; Win64; x64) AppleWebKit/537.36 (KHTML, like Gecko) Chrome/120.0.0.0 Safari/537.36"
34.176.150.25 - - [28/May/2026:18:50:00 -0300] "GET /backup/website_backup.7z HTTP/1.1" 200 - "-" "Mozilla/5.0 (X11; Linux x86_64) AppleWebKit/537.36 Chrome/124.0 Safari/537.36"
143.198.181.59 - - [28/May/2026:18:50:00 -0300] "GET /.firebaserc HTTP/1.1" 200 - "-" "Mozilla/5.0 (Windows NT 10.0; Win64; x64) AppleWebKit/537.36 (KHTML, like Gecko) Chrome/120.0.0.0 Safari/537.36"
34.176.150.25 - - [28/May/2026:18:50:00 -0300] "GET /backup/website_backup.rar HTTP/1.1" 200 - "-" "Mozilla/5.0 (X11; Linux x86_64) AppleWebKit/537.36 Chrome/124.0 Safari/537.36"
34.176.150.25 - - [28/May/2026:18:50:01 -0300] "GET /backup/website_backup.gz HTTP/1.1" 200 - "-" "Mozilla/5.0 (X11; Linux x86_64) AppleWebKit/537.36 Chrome/124.0 Safari/537.36"
143.198.181.59 - - [28/May/2026:18:50:01 -0300] "GET /.firebaserc HTTP/1.1" 200 - "-" "Mozilla/5.0 (Windows NT 10.0; Win64; x64) AppleWebKit/537.36 (KHTML, like Gecko) Chrome/120.0.0.0 Safari/537.36"
34.176.150.25 - - [28/May/2026:18:50:01 -0300] "GET /backup/website_backup.bz2 HTTP/1.1" 200 - "-" "Mozilla/5.0 (X11; Linux x86_64) AppleWebKit/537.36 Chrome/124.0 Safari/537.36"
34.176.150.25 - - [28/May/2026:18:50:02 -0300] "GET /backup/website_backup.zst HTTP/1.1" 200 - "-" "Mozilla/5.0 (X11; Linux x86_64) AppleWebKit/537.36 Chrome/124.0 Safari/537.36"
143.198.181.59 - - [28/May/2026:18:50:02 -0300] "GET /gcp-key.json HTTP/1.1" 200 - "-" "Mozilla/5.0 (Windows NT 10.0; Win64; x64) AppleWebKit/537.36 (KHTML, like Gecko) Chrome/120.0.0.0 Safari/537.36"
34.176.150.25 - - [28/May/2026:18:50:02 -0300] "GET /backup/website_backup.sql.gz HTTP/1.1" 200 - "-" "Mozilla/5.0 (X11; Linux x86_64) AppleWebKit/537.36 Chrome/124.0 Safari/537.36"
34.176.150.25 - - [28/May/2026:18:50:03 -0300] "GET /backup/website_backup.sql.bz2 HTTP/1.1" 200 - "-" "Mozilla/5.0 (X11; Linux x86_64) AppleWebKit/537.36 Chrome/124.0 Safari/537.36"
34.176.150.25 - - [28/May/2026:18:50:04 -0300] "GET /backup/website_backup.sql HTTP/1.1" 403 - "-" "Mozilla/5.0 (X11; Linux x86_64) AppleWebKit/537.36 Chrome/124.0 Safari/537.36"
143.198.181.59 - - [28/May/2026:18:50:04 -0300] "GET /gcp-key.json HTTP/1.1" 200 - "-" "Mozilla/5.0 (Windows NT 10.0; Win64; x64) AppleWebKit/537.36 (KHTML, like Gecko) Chrome/120.0.0.0 Safari/537.36"
34.176.150.25 - - [28/May/2026:18:50:04 -0300] "GET /backup/web_backup.zip HTTP/1.1" 200 - "-" "Mozilla/5.0 (X11; Linux x86_64) AppleWebKit/537.36 Chrome/124.0 Safari/537.36"
34.176.150.25 - - [28/May/2026:18:50:04 -0300] "GET /backup/web_backup.tar.gz HTTP/1.1" 200 - "-" "Mozilla/5.0 (X11; Linux x86_64) AppleWebKit/537.36 Chrome/124.0 Safari/537.36"
143.198.181.59 - - [28/May/2026:18:50:05 -0300] "GET /gcp_key.json HTTP/1.1" 200 - "-" "Mozilla/5.0 (Windows NT 10.0; Win64; x64) AppleWebKit/537.36 (KHTML, like Gecko) Chrome/120.0.0.0 Safari/537.36"
34.176.150.25 - - [28/May/2026:18:50:05 -0300] "GET /backup/web_backup.tgz HTTP/1.1" 200 - "-" "Mozilla/5.0 (X11; Linux x86_64) AppleWebKit/537.36 Chrome/124.0 Safari/537.36"
34.176.150.25 - - [28/May/2026:18:50:06 -0300] "GET /backup/web_backup.tar HTTP/1.1" 200 - "-" "Mozilla/5.0 (X11; Linux x86_64) AppleWebKit/537.36 Chrome/124.0 Safari/537.36"
143.198.181.59 - - [28/May/2026:18:50:06 -0300] "GET /gcp_key.json HTTP/1.1" 200 - "-" "Mozilla/5.0 (Windows NT 10.0; Win64; x64) AppleWebKit/537.36 (KHTML, like Gecko) Chrome/120.0.0.0 Safari/537.36"
34.176.150.25 - - [28/May/2026:18:50:06 -0300] "GET /backup/web_backup.tar.bz2 HTTP/1.1" 200 - "-" "Mozilla/5.0 (X11; Linux x86_64) AppleWebKit/537.36 Chrome/124.0 Safari/537.36"
34.176.150.25 - - [28/May/2026:18:50:07 -0300] "GET /backup/web_backup.tar.xz HTTP/1.1" 200 - "-" "Mozilla/5.0 (X11; Linux x86_64) AppleWebKit/537.36 Chrome/124.0 Safari/537.36"
143.198.181.59 - - [28/May/2026:18:50:07 -0300] "GET /gcp-service-account.json HTTP/1.1" 200 - "-" "Mozilla/5.0 (Windows NT 10.0; Win64; x64) AppleWebKit/537.36 (KHTML, like Gecko) Chrome/120.0.0.0 Safari/537.36"
34.176.150.25 - - [28/May/2026:18:50:07 -0300] "GET /backup/web_backup.7z HTTP/1.1" 200 - "-" "Mozilla/5.0 (X11; Linux x86_64) AppleWebKit/537.36 Chrome/124.0 Safari/537.36"
34.176.150.25 - - [28/May/2026:18:50:08 -0300] "GET /backup/web_backup.rar HTTP/1.1" 200 - "-" "Mozilla/5.0 (X11; Linux x86_64) AppleWebKit/537.36 Chrome/124.0 Safari/537.36"
34.176.150.25 - - [28/May/2026:18:50:08 -0300] "GET /backup/web_backup.gz HTTP/1.1" 200 - "-" "Mozilla/5.0 (X11; Linux x86_64) AppleWebKit/537.36 Chrome/124.0 Safari/537.36"
143.198.181.59 - - [28/May/2026:18:50:08 -0300] "GET /gcp-service-account.json HTTP/1.1" 200 - "-" "Mozilla/5.0 (Windows NT 10.0; Win64; x64) AppleWebKit/537.36 (KHTML, like Gecko) Chrome/120.0.0.0 Safari/537.36"
143.198.181.59 - - [28/May/2026:18:50:09 -0300] "GET /google-service-account.json HTTP/1.1" 200 - "-" "Mozilla/5.0 (Windows NT 10.0; Win64; x64) AppleWebKit/537.36 (KHTML, like Gecko) Chrome/120.0.0.0 Safari/537.36"
34.176.150.25 - - [28/May/2026:18:50:09 -0300] "GET /backup/web_backup.bz2 HTTP/1.1" 200 - "-" "Mozilla/5.0 (X11; Linux x86_64) AppleWebKit/537.36 Chrome/124.0 Safari/537.36"
34.176.150.25 - - [28/May/2026:18:50:09 -0300] "GET /backup/web_backup.zst HTTP/1.1" 200 - "-" "Mozilla/5.0 (X11; Linux x86_64) AppleWebKit/537.36 Chrome/124.0 Safari/537.36"
34.176.150.25 - - [28/May/2026:18:50:10 -0300] "GET /backup/web_backup.sql.gz HTTP/1.1" 200 - "-" "Mozilla/5.0 (X11; Linux x86_64) AppleWebKit/537.36 Chrome/124.0 Safari/537.36"
143.198.181.59 - - [28/May/2026:18:50:10 -0300] "GET /google-service-account.json HTTP/1.1" 200 - "-" "Mozilla/5.0 (Windows NT 10.0; Win64; x64) AppleWebKit/537.36 (KHTML, like Gecko) Chrome/120.0.0.0 Safari/537.36"
34.176.150.25 - - [28/May/2026:18:50:10 -0300] "GET /backup/web_backup.sql.bz2 HTTP/1.1" 200 - "-" "Mozilla/5.0 (X11; Linux x86_64) AppleWebKit/537.36 Chrome/124.0 Safari/537.36"
34.176.150.25 - - [28/May/2026:18:50:11 -0300] "GET /backup/web_backup.sql HTTP/1.1" 403 - "-" "Mozilla/5.0 (X11; Linux x86_64) AppleWebKit/537.36 Chrome/124.0 Safari/537.36"
143.198.181.59 - - [28/May/2026:18:50:11 -0300] "GET /sa.json HTTP/1.1" 200 - "-" "Mozilla/5.0 (Windows NT 10.0; Win64; x64) AppleWebKit/537.36 (KHTML, like Gecko) Chrome/120.0.0.0 Safari/537.36"
34.176.150.25 - - [28/May/2026:18:50:11 -0300] "GET /backup/bkp.zip HTTP/1.1" 200 - "-" "Mozilla/5.0 (X11; Linux x86_64) AppleWebKit/537.36 Chrome/124.0 Safari/537.36"
34.176.150.25 - - [28/May/2026:18:50:12 -0300] "GET /backup/bkp.tar.gz HTTP/1.1" 200 - "-" "Mozilla/5.0 (X11; Linux x86_64) AppleWebKit/537.36 Chrome/124.0 Safari/537.36"
143.198.181.59 - - [28/May/2026:18:50:12 -0300] "GET /sa.json HTTP/1.1" 200 - "-" "Mozilla/5.0 (Windows NT 10.0; Win64; x64) AppleWebKit/537.36 (KHTML, like Gecko) Chrome/120.0.0.0 Safari/537.36"
34.176.150.25 - - [28/May/2026:18:50:13 -0300] "GET /backup/bkp.tgz HTTP/1.1" 200 - "-" "Mozilla/5.0 (X11; Linux x86_64) AppleWebKit/537.36 Chrome/124.0 Safari/537.36"
143.198.181.59 - - [28/May/2026:18:50:13 -0300] "GET /sa-key.json HTTP/1.1" 200 - "-" "Mozilla/5.0 (Windows NT 10.0; Win64; x64) AppleWebKit/537.36 (KHTML, like Gecko) Chrome/120.0.0.0 Safari/537.36"
34.176.150.25 - - [28/May/2026:18:50:13 -0300] "GET /backup/bkp.tar HTTP/1.1" 200 - "-" "Mozilla/5.0 (X11; Linux x86_64) AppleWebKit/537.36 Chrome/124.0 Safari/537.36"
34.176.150.25 - - [28/May/2026:18:50:14 -0300] "GET /backup/bkp.tar.bz2 HTTP/1.1" 200 - "-" "Mozilla/5.0 (X11; Linux x86_64) AppleWebKit/537.36 Chrome/124.0 Safari/537.36"
143.198.181.59 - - [28/May/2026:18:50:14 -0300] "GET /sa-key.json HTTP/1.1" 200 - "-" "Mozilla/5.0 (Windows NT 10.0; Win64; x64) AppleWebKit/537.36 (KHTML, like Gecko) Chrome/120.0.0.0 Safari/537.36"
34.176.150.25 - - [28/May/2026:18:50:14 -0300] "GET /backup/bkp.tar.xz HTTP/1.1" 200 - "-" "Mozilla/5.0 (X11; Linux x86_64) AppleWebKit/537.36 Chrome/124.0 Safari/537.36"
34.176.150.25 - - [28/May/2026:18:50:15 -0300] "GET /backup/bkp.7z HTTP/1.1" 200 - "-" "Mozilla/5.0 (X11; Linux x86_64) AppleWebKit/537.36 Chrome/124.0 Safari/537.36"
34.176.150.25 - - [28/May/2026:18:50:15 -0300] "GET /backup/bkp.rar HTTP/1.1" 200 - "-" "Mozilla/5.0 (X11; Linux x86_64) AppleWebKit/537.36 Chrome/124.0 Safari/537.36"
143.198.181.59 - - [28/May/2026:18:50:15 -0300] "GET /service_account.json HTTP/1.1" 200 - "-" "Mozilla/5.0 (Windows NT 10.0; Win64; x64) AppleWebKit/537.36 (KHTML, like Gecko) Chrome/120.0.0.0 Safari/537.36"
34.176.150.25 - - [28/May/2026:18:50:16 -0300] "GET /backup/bkp.gz HTTP/1.1" 200 - "-" "Mozilla/5.0 (X11; Linux x86_64) AppleWebKit/537.36 Chrome/124.0 Safari/537.36"
34.176.150.25 - - [28/May/2026:18:50:16 -0300] "GET /backup/bkp.bz2 HTTP/1.1" 200 - "-" "Mozilla/5.0 (X11; Linux x86_64) AppleWebKit/537.36 Chrome/124.0 Safari/537.36"
143.198.181.59 - - [28/May/2026:18:50:16 -0300] "GET /service_account.json HTTP/1.1" 200 - "-" "Mozilla/5.0 (Windows NT 10.0; Win64; x64) AppleWebKit/537.36 (KHTML, like Gecko) Chrome/120.0.0.0 Safari/537.36"
34.176.150.25 - - [28/May/2026:18:50:17 -0300] "GET /backup/bkp.sql.gz HTTP/1.1" 200 - "-" "Mozilla/5.0 (X11; Linux x86_64) AppleWebKit/537.36 Chrome/124.0 Safari/537.36"
34.176.150.25 - - [28/May/2026:18:50:17 -0300] "GET /backup/bkp.zst HTTP/1.1" 200 - "-" "Mozilla/5.0 (X11; Linux x86_64) AppleWebKit/537.36 Chrome/124.0 Safari/537.36"
143.198.181.59 - - [28/May/2026:18:50:17 -0300] "GET /service_account_key.json HTTP/1.1" 200 - "-" "Mozilla/5.0 (Windows NT 10.0; Win64; x64) AppleWebKit/537.36 (KHTML, like Gecko) Chrome/120.0.0.0 Safari/537.36"
34.176.150.25 - - [28/May/2026:18:50:18 -0300] "GET /backup/bkp.sql.bz2 HTTP/1.1" 200 - "-" "Mozilla/5.0 (X11; Linux x86_64) AppleWebKit/537.36 Chrome/124.0 Safari/537.36"
143.198.181.59 - - [28/May/2026:18:50:18 -0300] "GET /service_account_key.json HTTP/1.1" 200 - "-" "Mozilla/5.0 (Windows NT 10.0; Win64; x64) AppleWebKit/537.36 (KHTML, like Gecko) Chrome/120.0.0.0 Safari/537.36"
34.176.150.25 - - [28/May/2026:18:50:19 -0300] "GET /backup/bkp.sql HTTP/1.1" 403 - "-" "Mozilla/5.0 (X11; Linux x86_64) AppleWebKit/537.36 Chrome/124.0 Safari/537.36"
34.176.150.25 - - [28/May/2026:18:50:19 -0300] "GET /backup/bak.zip HTTP/1.1" 200 - "-" "Mozilla/5.0 (X11; Linux x86_64) AppleWebKit/537.36 Chrome/124.0 Safari/537.36"
143.198.181.59 - - [28/May/2026:18:50:19 -0300] "GET /vertex-ai-key.json HTTP/1.1" 200 - "-" "Mozilla/5.0 (Windows NT 10.0; Win64; x64) AppleWebKit/537.36 (KHTML, like Gecko) Chrome/120.0.0.0 Safari/537.36"
34.176.150.25 - - [28/May/2026:18:50:20 -0300] "GET /backup/bak.tar.gz HTTP/1.1" 200 - "-" "Mozilla/5.0 (X11; Linux x86_64) AppleWebKit/537.36 Chrome/124.0 Safari/537.36"
34.176.150.25 - - [28/May/2026:18:50:20 -0300] "GET /backup/bak.tgz HTTP/1.1" 200 - "-" "Mozilla/5.0 (X11; Linux x86_64) AppleWebKit/537.36 Chrome/124.0 Safari/537.36"
143.198.181.59 - - [28/May/2026:18:50:20 -0300] "GET /vertex-ai-key.json HTTP/1.1" 200 - "-" "Mozilla/5.0 (Windows NT 10.0; Win64; x64) AppleWebKit/537.36 (KHTML, like Gecko) Chrome/120.0.0.0 Safari/537.36"
34.176.150.25 - - [28/May/2026:18:50:21 -0300] "GET /backup/bak.tar HTTP/1.1" 200 - "-" "Mozilla/5.0 (X11; Linux x86_64) AppleWebKit/537.36 Chrome/124.0 Safari/537.36"
34.176.150.25 - - [28/May/2026:18:50:22 -0300] "GET /backup/bak.tar.xz HTTP/1.1" 200 - "-" "Mozilla/5.0 (X11; Linux x86_64) AppleWebKit/537.36 Chrome/124.0 Safari/537.36"
143.198.181.59 - - [28/May/2026:18:50:22 -0300] "GET /vertex_ai_credentials.json HTTP/1.1" 200 - "-" "Mozilla/5.0 (Windows NT 10.0; Win64; x64) AppleWebKit/537.36 (KHTML, like Gecko) Chrome/120.0.0.0 Safari/537.36"
34.176.150.25 - - [28/May/2026:18:50:21 -0300] "GET /backup/bak.tar.bz2 HTTP/1.1" 200 - "-" "Mozilla/5.0 (X11; Linux x86_64) AppleWebKit/537.36 Chrome/124.0 Safari/537.36"
34.176.150.25 - - [28/May/2026:18:50:22 -0300] "GET /backup/bak.7z HTTP/1.1" 200 - "-" "Mozilla/5.0 (X11; Linux x86_64) AppleWebKit/537.36 Chrome/124.0 Safari/537.36"
143.198.181.59 - - [28/May/2026:18:50:23 -0300] "GET /vertex_ai_credentials.json HTTP/1.1" 200 - "-" "Mozilla/5.0 (Windows NT 10.0; Win64; x64) AppleWebKit/537.36 (KHTML, like Gecko) Chrome/120.0.0.0 Safari/537.36"
34.176.150.25 - - [28/May/2026:18:50:23 -0300] "GET /backup/bak.rar HTTP/1.1" 200 - "-" "Mozilla/5.0 (X11; Linux x86_64) AppleWebKit/537.36 Chrome/124.0 Safari/537.36"
34.176.150.25 - - [28/May/2026:18:50:23 -0300] "GET /backup/bak.gz HTTP/1.1" 200 - "-" "Mozilla/5.0 (X11; Linux x86_64) AppleWebKit/537.36 Chrome/124.0 Safari/537.36"
143.198.181.59 - - [28/May/2026:18:50:24 -0300] "GET /keyfile.json HTTP/1.1" 200 - "-" "Mozilla/5.0 (Windows NT 10.0; Win64; x64) AppleWebKit/537.36 (KHTML, like Gecko) Chrome/120.0.0.0 Safari/537.36"
34.176.150.25 - - [28/May/2026:18:50:24 -0300] "GET /backup/bak.bz2 HTTP/1.1" 200 - "-" "Mozilla/5.0 (X11; Linux x86_64) AppleWebKit/537.36 Chrome/124.0 Safari/537.36"
34.176.150.25 - - [28/May/2026:18:50:24 -0300] "GET /backup/bak.zst HTTP/1.1" 200 - "-" "Mozilla/5.0 (X11; Linux x86_64) AppleWebKit/537.36 Chrome/124.0 Safari/537.36"
143.198.181.59 - - [28/May/2026:18:50:25 -0300] "GET /keyfile.json HTTP/1.1" 200 - "-" "Mozilla/5.0 (Windows NT 10.0; Win64; x64) AppleWebKit/537.36 (KHTML, like Gecko) Chrome/120.0.0.0 Safari/537.36"
34.176.150.25 - - [28/May/2026:18:50:25 -0300] "GET /backup/bak.sql.gz HTTP/1.1" 200 - "-" "Mozilla/5.0 (X11; Linux x86_64) AppleWebKit/537.36 Chrome/124.0 Safari/537.36"
34.176.150.25 - - [28/May/2026:18:50:26 -0300] "GET /backup/bak.sql.bz2 HTTP/1.1" 200 - "-" "Mozilla/5.0 (X11; Linux x86_64) AppleWebKit/537.36 Chrome/124.0 Safari/537.36"
143.198.181.59 - - [28/May/2026:18:50:26 -0300] "GET /key.json HTTP/1.1" 200 - "-" "Mozilla/5.0 (Windows NT 10.0; Win64; x64) AppleWebKit/537.36 (KHTML, like Gecko) Chrome/120.0.0.0 Safari/537.36"
34.176.150.25 - - [28/May/2026:18:50:26 -0300] "GET /backup/bak.sql HTTP/1.1" 403 - "-" "Mozilla/5.0 (X11; Linux x86_64) AppleWebKit/537.36 Chrome/124.0 Safari/537.36"
34.176.150.25 - - [28/May/2026:18:50:27 -0300] "GET /backup/old.zip HTTP/1.1" 200 - "-" "Mozilla/5.0 (X11; Linux x86_64) AppleWebKit/537.36 Chrome/124.0 Safari/537.36"
143.198.181.59 - - [28/May/2026:18:50:27 -0300] "GET /key.json HTTP/1.1" 200 - "-" "Mozilla/5.0 (Windows NT 10.0; Win64; x64) AppleWebKit/537.36 (KHTML, like Gecko) Chrome/120.0.0.0 Safari/537.36"
34.176.150.25 - - [28/May/2026:18:50:27 -0300] "GET /backup/old.tar.gz HTTP/1.1" 200 - "-" "Mozilla/5.0 (X11; Linux x86_64) AppleWebKit/537.36 Chrome/124.0 Safari/537.36"
34.176.150.25 - - [28/May/2026:18:50:28 -0300] "GET /backup/old.tgz HTTP/1.1" 200 - "-" "Mozilla/5.0 (X11; Linux x86_64) AppleWebKit/537.36 Chrome/124.0 Safari/537.36"
