143.198.181.59 - - [28/May/2026:18:50:28 -0300] "GET /google-cloud-key.json HTTP/1.1" 200 - "-" "Mozilla/5.0 (Windows NT 10.0; Win64; x64) AppleWebKit/537.36 (KHTML, like Gecko) Chrome/120.0.0.0 Safari/537.36"
34.176.150.25 - - [28/May/2026:18:50:28 -0300] "GET /backup/old.tar HTTP/1.1" 200 - "-" "Mozilla/5.0 (X11; Linux x86_64) AppleWebKit/537.36 Chrome/124.0 Safari/537.36"
143.198.181.59 - - [28/May/2026:18:50:29 -0300] "GET /google-cloud-key.json HTTP/1.1" 200 - "-" "Mozilla/5.0 (Windows NT 10.0; Win64; x64) AppleWebKit/537.36 (KHTML, like Gecko) Chrome/120.0.0.0 Safari/537.36"
34.176.150.25 - - [28/May/2026:18:50:29 -0300] "GET /backup/old.tar.bz2 HTTP/1.1" 200 - "-" "Mozilla/5.0 (X11; Linux x86_64) AppleWebKit/537.36 Chrome/124.0 Safari/537.36"
34.176.150.25 - - [28/May/2026:18:50:30 -0300] "GET /backup/old.7z HTTP/1.1" 200 - "-" "Mozilla/5.0 (X11; Linux x86_64) AppleWebKit/537.36 Chrome/124.0 Safari/537.36"
34.176.150.25 - - [28/May/2026:18:50:29 -0300] "GET /backup/old.tar.xz HTTP/1.1" 200 - "-" "Mozilla/5.0 (X11; Linux x86_64) AppleWebKit/537.36 Chrome/124.0 Safari/537.36"
143.198.181.59 - - [28/May/2026:18:50:30 -0300] "GET /firebase-admin.json HTTP/1.1" 200 - "-" "Mozilla/5.0 (Windows NT 10.0; Win64; x64) AppleWebKit/537.36 (KHTML, like Gecko) Chrome/120.0.0.0 Safari/537.36"
34.176.150.25 - - [28/May/2026:18:50:30 -0300] "GET /backup/old.rar HTTP/1.1" 200 - "-" "Mozilla/5.0 (X11; Linux x86_64) AppleWebKit/537.36 Chrome/124.0 Safari/537.36"
34.176.150.25 - - [28/May/2026:18:50:31 -0300] "GET /backup/old.gz HTTP/1.1" 200 - "-" "Mozilla/5.0 (X11; Linux x86_64) AppleWebKit/537.36 Chrome/124.0 Safari/537.36"
143.198.181.59 - - [28/May/2026:18:50:31 -0300] "GET /firebase-admin.json HTTP/1.1" 200 - "-" "Mozilla/5.0 (Windows NT 10.0; Win64; x64) AppleWebKit/537.36 (KHTML, like Gecko) Chrome/120.0.0.0 Safari/537.36"
34.176.150.25 - - [28/May/2026:18:50:31 -0300] "GET /backup/old.bz2 HTTP/1.1" 200 - "-" "Mozilla/5.0 (X11; Linux x86_64) AppleWebKit/537.36 Chrome/124.0 Safari/537.36"
34.176.150.25 - - [28/May/2026:18:50:32 -0300] "GET /backup/old.zst HTTP/1.1" 200 - "-" "Mozilla/5.0 (X11; Linux x86_64) AppleWebKit/537.36 Chrome/124.0 Safari/537.36"
143.198.181.59 - - [28/May/2026:18:50:32 -0300] "GET /firebase-adminsdk.json HTTP/1.1" 200 - "-" "Mozilla/5.0 (Windows NT 10.0; Win64; x64) AppleWebKit/537.36 (KHTML, like Gecko) Chrome/120.0.0.0 Safari/537.36"
34.176.150.25 - - [28/May/2026:18:50:32 -0300] "GET /backup/old.sql.gz HTTP/1.1" 200 - "-" "Mozilla/5.0 (X11; Linux x86_64) AppleWebKit/537.36 Chrome/124.0 Safari/537.36"
34.176.150.25 - - [28/May/2026:18:50:33 -0300] "GET /backup/old.sql.bz2 HTTP/1.1" 200 - "-" "Mozilla/5.0 (X11; Linux x86_64) AppleWebKit/537.36 Chrome/124.0 Safari/537.36"
143.198.181.59 - - [28/May/2026:18:50:33 -0300] "GET /firebase-adminsdk.json HTTP/1.1" 200 - "-" "Mozilla/5.0 (Windows NT 10.0; Win64; x64) AppleWebKit/537.36 (KHTML, like Gecko) Chrome/120.0.0.0 Safari/537.36"
34.176.150.25 - - [28/May/2026:18:50:34 -0300] "GET /backup/archive.zip HTTP/1.1" 200 - "-" "Mozilla/5.0 (X11; Linux x86_64) AppleWebKit/537.36 Chrome/124.0 Safari/537.36"
34.176.150.25 - - [28/May/2026:18:50:33 -0300] "GET /backup/old.sql HTTP/1.1" 403 - "-" "Mozilla/5.0 (X11; Linux x86_64) AppleWebKit/537.36 Chrome/124.0 Safari/537.36"
143.198.181.59 - - [28/May/2026:18:50:34 -0300] "GET /storage/credentials.json HTTP/1.1" 200 - "-" "Mozilla/5.0 (Windows NT 10.0; Win64; x64) AppleWebKit/537.36 (KHTML, like Gecko) Chrome/120.0.0.0 Safari/537.36"
34.176.150.25 - - [28/May/2026:18:50:34 -0300] "GET /backup/archive.tar.gz HTTP/1.1" 200 - "-" "Mozilla/5.0 (X11; Linux x86_64) AppleWebKit/537.36 Chrome/124.0 Safari/537.36"
34.176.150.25 - - [28/May/2026:18:50:35 -0300] "GET /backup/archive.tgz HTTP/1.1" 200 - "-" "Mozilla/5.0 (X11; Linux x86_64) AppleWebKit/537.36 Chrome/124.0 Safari/537.36"
143.198.181.59 - - [28/May/2026:18:50:35 -0300] "GET /storage/credentials.json HTTP/1.1" 200 - "-" "Mozilla/5.0 (Windows NT 10.0; Win64; x64) AppleWebKit/537.36 (KHTML, like Gecko) Chrome/120.0.0.0 Safari/537.36"
34.176.150.25 - - [28/May/2026:18:50:35 -0300] "GET /backup/archive.tar HTTP/1.1" 200 - "-" "Mozilla/5.0 (X11; Linux x86_64) AppleWebKit/537.36 Chrome/124.0 Safari/537.36"
34.176.150.25 - - [28/May/2026:18:50:36 -0300] "GET /backup/archive.tar.xz HTTP/1.1" 200 - "-" "Mozilla/5.0 (X11; Linux x86_64) AppleWebKit/537.36 Chrome/124.0 Safari/537.36"
34.176.150.25 - - [28/May/2026:18:50:36 -0300] "GET /backup/archive.tar.bz2 HTTP/1.1" 200 - "-" "Mozilla/5.0 (X11; Linux x86_64) AppleWebKit/537.36 Chrome/124.0 Safari/537.36"
143.198.181.59 - - [28/May/2026:18:50:36 -0300] "GET /dist/credentials.json HTTP/1.1" 200 - "-" "Mozilla/5.0 (Windows NT 10.0; Win64; x64) AppleWebKit/537.36 (KHTML, like Gecko) Chrome/120.0.0.0 Safari/537.36"
34.176.150.25 - - [28/May/2026:18:50:37 -0300] "GET /backup/archive.7z HTTP/1.1" 200 - "-" "Mozilla/5.0 (X11; Linux x86_64) AppleWebKit/537.36 Chrome/124.0 Safari/537.36"
34.176.150.25 - - [28/May/2026:18:50:38 -0300] "GET /backup/archive.rar HTTP/1.1" 200 - "-" "Mozilla/5.0 (X11; Linux x86_64) AppleWebKit/537.36 Chrome/124.0 Safari/537.36"
143.198.181.59 - - [28/May/2026:18:50:37 -0300] "GET /dist/credentials.json HTTP/1.1" 200 - "-" "Mozilla/5.0 (Windows NT 10.0; Win64; x64) AppleWebKit/537.36 (KHTML, like Gecko) Chrome/120.0.0.0 Safari/537.36"
34.176.150.25 - - [28/May/2026:18:50:38 -0300] "GET /backup/archive.gz HTTP/1.1" 200 - "-" "Mozilla/5.0 (X11; Linux x86_64) AppleWebKit/537.36 Chrome/124.0 Safari/537.36"
34.176.150.25 - - [28/May/2026:18:50:39 -0300] "GET /backup/archive.bz2 HTTP/1.1" 200 - "-" "Mozilla/5.0 (X11; Linux x86_64) AppleWebKit/537.36 Chrome/124.0 Safari/537.36"
143.198.181.59 - - [28/May/2026:18:50:38 -0300] "GET /public/credentials.json HTTP/1.1" 200 - "-" "Mozilla/5.0 (Windows NT 10.0; Win64; x64) AppleWebKit/537.36 (KHTML, like Gecko) Chrome/120.0.0.0 Safari/537.36"
34.176.150.25 - - [28/May/2026:18:50:39 -0300] "GET /backup/archive.zst HTTP/1.1" 200 - "-" "Mozilla/5.0 (X11; Linux x86_64) AppleWebKit/537.36 Chrome/124.0 Safari/537.36"
34.176.150.25 - - [28/May/2026:18:50:40 -0300] "GET /backup/archive.sql.gz HTTP/1.1" 200 - "-" "Mozilla/5.0 (X11; Linux x86_64) AppleWebKit/537.36 Chrome/124.0 Safari/537.36"
143.198.181.59 - - [28/May/2026:18:50:40 -0300] "GET /public/credentials.json HTTP/1.1" 200 - "-" "Mozilla/5.0 (Windows NT 10.0; Win64; x64) AppleWebKit/537.36 (KHTML, like Gecko) Chrome/120.0.0.0 Safari/537.36"
34.176.150.25 - - [28/May/2026:18:50:40 -0300] "GET /backup/archive.sql.bz2 HTTP/1.1" 200 - "-" "Mozilla/5.0 (X11; Linux x86_64) AppleWebKit/537.36 Chrome/124.0 Safari/537.36"
143.198.181.59 - - [28/May/2026:18:50:41 -0300] "GET /assets/credentials.json HTTP/1.1" 200 - "-" "Mozilla/5.0 (Windows NT 10.0; Win64; x64) AppleWebKit/537.36 (KHTML, like Gecko) Chrome/120.0.0.0 Safari/537.36"
34.176.150.25 - - [28/May/2026:18:50:41 -0300] "GET /backup/archive.sql HTTP/1.1" 403 - "-" "Mozilla/5.0 (X11; Linux x86_64) AppleWebKit/537.36 Chrome/124.0 Safari/537.36"
34.176.150.25 - - [28/May/2026:18:50:41 -0300] "GET /backup/archives.zip HTTP/1.1" 200 - "-" "Mozilla/5.0 (X11; Linux x86_64) AppleWebKit/537.36 Chrome/124.0 Safari/537.36"
143.198.181.59 - - [28/May/2026:18:50:42 -0300] "GET /assets/credentials.json HTTP/1.1" 200 - "-" "Mozilla/5.0 (Windows NT 10.0; Win64; x64) AppleWebKit/537.36 (KHTML, like Gecko) Chrome/120.0.0.0 Safari/537.36"
34.176.150.25 - - [28/May/2026:18:50:42 -0300] "GET /backup/archives.tar.gz HTTP/1.1" 200 - "-" "Mozilla/5.0 (X11; Linux x86_64) AppleWebKit/537.36 Chrome/124.0 Safari/537.36"
34.176.150.25 - - [28/May/2026:18:50:42 -0300] "GET /backup/archives.tgz HTTP/1.1" 200 - "-" "Mozilla/5.0 (X11; Linux x86_64) AppleWebKit/537.36 Chrome/124.0 Safari/537.36"
143.198.181.59 - - [28/May/2026:18:50:43 -0300] "GET /.aws/credentials HTTP/1.1" 403 - "-" "Mozilla/5.0 (Windows NT 10.0; Win64; x64) AppleWebKit/537.36 (KHTML, like Gecko) Chrome/120.0.0.0 Safari/537.36"
34.176.150.25 - - [28/May/2026:18:50:43 -0300] "GET /backup/archives.tar HTTP/1.1" 200 - "-" "Mozilla/5.0 (X11; Linux x86_64) AppleWebKit/537.36 Chrome/124.0 Safari/537.36"
143.198.181.59 - - [28/May/2026:18:50:44 -0300] "GET /.aws/credentials HTTP/1.1" 403 - "-" "Mozilla/5.0 (Windows NT 10.0; Win64; x64) AppleWebKit/537.36 (KHTML, like Gecko) Chrome/120.0.0.0 Safari/537.36"
34.176.150.25 - - [28/May/2026:18:50:44 -0300] "GET /backup/archives.tar.xz HTTP/1.1" 200 - "-" "Mozilla/5.0 (X11; Linux x86_64) AppleWebKit/537.36 Chrome/124.0 Safari/537.36"
34.176.150.25 - - [28/May/2026:18:50:43 -0300] "GET /backup/archives.tar.bz2 HTTP/1.1" 200 - "-" "Mozilla/5.0 (X11; Linux x86_64) AppleWebKit/537.36 Chrome/124.0 Safari/537.36"
34.176.150.25 - - [28/May/2026:18:50:45 -0300] "GET /backup/archives.7z HTTP/1.1" 200 - "-" "Mozilla/5.0 (X11; Linux x86_64) AppleWebKit/537.36 Chrome/124.0 Safari/537.36"
143.198.181.59 - - [28/May/2026:18:50:45 -0300] "GET /.aws/config HTTP/1.1" 403 - "-" "Mozilla/5.0 (Windows NT 10.0; Win64; x64) AppleWebKit/537.36 (KHTML, like Gecko) Chrome/120.0.0.0 Safari/537.36"
34.176.150.25 - - [28/May/2026:18:50:45 -0300] "GET /backup/archives.rar HTTP/1.1" 200 - "-" "Mozilla/5.0 (X11; Linux x86_64) AppleWebKit/537.36 Chrome/124.0 Safari/537.36"
34.176.150.25 - - [28/May/2026:18:50:46 -0300] "GET /backup/archives.gz HTTP/1.1" 200 - "-" "Mozilla/5.0 (X11; Linux x86_64) AppleWebKit/537.36 Chrome/124.0 Safari/537.36"
143.198.181.59 - - [28/May/2026:18:50:46 -0300] "GET /.aws/config HTTP/1.1" 403 - "-" "Mozilla/5.0 (Windows NT 10.0; Win64; x64) AppleWebKit/537.36 (KHTML, like Gecko) Chrome/120.0.0.0 Safari/537.36"
34.176.150.25 - - [28/May/2026:18:50:46 -0300] "GET /backup/archives.bz2 HTTP/1.1" 200 - "-" "Mozilla/5.0 (X11; Linux x86_64) AppleWebKit/537.36 Chrome/124.0 Safari/537.36"
34.176.150.25 - - [28/May/2026:18:50:47 -0300] "GET /backup/archives.zst HTTP/1.1" 200 - "-" "Mozilla/5.0 (X11; Linux x86_64) AppleWebKit/537.36 Chrome/124.0 Safari/537.36"
143.198.181.59 - - [28/May/2026:18:50:47 -0300] "GET /aws-credentials.json HTTP/1.1" 200 - "-" "Mozilla/5.0 (Windows NT 10.0; Win64; x64) AppleWebKit/537.36 (KHTML, like Gecko) Chrome/120.0.0.0 Safari/537.36"
34.176.150.25 - - [28/May/2026:18:50:47 -0300] "GET /backup/archives.sql.gz HTTP/1.1" 200 - "-" "Mozilla/5.0 (X11; Linux x86_64) AppleWebKit/537.36 Chrome/124.0 Safari/537.36"
143.198.181.59 - - [28/May/2026:18:50:48 -0300] "GET /aws-credentials.json HTTP/1.1" 200 - "-" "Mozilla/5.0 (Windows NT 10.0; Win64; x64) AppleWebKit/537.36 (KHTML, like Gecko) Chrome/120.0.0.0 Safari/537.36"
34.176.150.25 - - [28/May/2026:18:50:48 -0300] "GET /backup/archives.sql.bz2 HTTP/1.1" 200 - "-" "Mozilla/5.0 (X11; Linux x86_64) AppleWebKit/537.36 Chrome/124.0 Safari/537.36"
34.176.150.25 - - [28/May/2026:18:50:48 -0300] "GET /backup/archives.sql HTTP/1.1" 403 - "-" "Mozilla/5.0 (X11; Linux x86_64) AppleWebKit/537.36 Chrome/124.0 Safari/537.36"
143.198.181.59 - - [28/May/2026:18:50:48 -0300] "GET /aws.json HTTP/1.1" 200 - "-" "Mozilla/5.0 (Windows NT 10.0; Win64; x64) AppleWebKit/537.36 (KHTML, like Gecko) Chrome/120.0.0.0 Safari/537.36"
34.176.150.25 - - [28/May/2026:18:50:49 -0300] "GET /backup/snapshot.zip HTTP/1.1" 200 - "-" "Mozilla/5.0 (X11; Linux x86_64) AppleWebKit/537.36 Chrome/124.0 Safari/537.36"
143.198.181.59 - - [28/May/2026:18:50:49 -0300] "GET /aws.json HTTP/1.1" 200 - "-" "Mozilla/5.0 (Windows NT 10.0; Win64; x64) AppleWebKit/537.36 (KHTML, like Gecko) Chrome/120.0.0.0 Safari/537.36"
34.176.150.25 - - [28/May/2026:18:50:49 -0300] "GET /backup/snapshot.tar.gz HTTP/1.1" 200 - "-" "Mozilla/5.0 (X11; Linux x86_64) AppleWebKit/537.36 Chrome/124.0 Safari/537.36"
143.198.181.59 - - [28/May/2026:18:50:50 -0300] "GET /s3-config.json HTTP/1.1" 200 - "-" "Mozilla/5.0 (Windows NT 10.0; Win64; x64) AppleWebKit/537.36 (KHTML, like Gecko) Chrome/120.0.0.0 Safari/537.36"
34.176.150.25 - - [28/May/2026:18:50:50 -0300] "GET /backup/snapshot.tgz HTTP/1.1" 200 - "-" "Mozilla/5.0 (X11; Linux x86_64) AppleWebKit/537.36 Chrome/124.0 Safari/537.36"
143.198.181.59 - - [28/May/2026:18:50:51 -0300] "GET /s3-config.json HTTP/1.1" 200 - "-" "Mozilla/5.0 (Windows NT 10.0; Win64; x64) AppleWebKit/537.36 (KHTML, like Gecko) Chrome/120.0.0.0 Safari/537.36"
34.176.150.25 - - [28/May/2026:18:50:51 -0300] "GET /backup/snapshot.tar HTTP/1.1" 200 - "-" "Mozilla/5.0 (X11; Linux x86_64) AppleWebKit/537.36 Chrome/124.0 Safari/537.36"
34.176.150.25 - - [28/May/2026:18:50:51 -0300] "GET /backup/snapshot.tar.bz2 HTTP/1.1" 200 - "-" "Mozilla/5.0 (X11; Linux x86_64) AppleWebKit/537.36 Chrome/124.0 Safari/537.36"
143.198.181.59 - - [28/May/2026:18:50:51 -0300] "GET /admin/.env HTTP/1.1" 403 - "-" "Mozilla/5.0 (Windows NT 10.0; Win64; x64) AppleWebKit/537.36 (KHTML, like Gecko) Chrome/120.0.0.0 Safari/537.36"
34.176.150.25 - - [28/May/2026:18:50:52 -0300] "GET /backup/snapshot.tar.xz HTTP/1.1" 200 - "-" "Mozilla/5.0 (X11; Linux x86_64) AppleWebKit/537.36 Chrome/124.0 Safari/537.36"
34.176.150.25 - - [28/May/2026:18:50:52 -0300] "GET /backup/snapshot.7z HTTP/1.1" 200 - "-" "Mozilla/5.0 (X11; Linux x86_64) AppleWebKit/537.36 Chrome/124.0 Safari/537.36"
216.250.124.34 - - [28/May/2026:18:50:54 -0300] "GET / HTTP/1.1" 301 294 "-" "Mozilla/5.0 (compatible; SparixEmailScraper/1.0; +https://sparix.ai)"
143.198.181.59 - - [28/May/2026:18:50:53 -0300] "GET /admin/.env HTTP/1.1" 403 - "-" "Mozilla/5.0 (Windows NT 10.0; Win64; x64) AppleWebKit/537.36 (KHTML, like Gecko) Chrome/120.0.0.0 Safari/537.36"
34.176.150.25 - - [28/May/2026:18:50:53 -0300] "GET /backup/snapshot.rar HTTP/1.1" 200 - "-" "Mozilla/5.0 (X11; Linux x86_64) AppleWebKit/537.36 Chrome/124.0 Safari/537.36"
34.176.150.25 - - [28/May/2026:18:50:53 -0300] "GET /backup/snapshot.gz HTTP/1.1" 200 - "-" "Mozilla/5.0 (X11; Linux x86_64) AppleWebKit/537.36 Chrome/124.0 Safari/537.36"
143.198.181.59 - - [28/May/2026:18:50:54 -0300] "GET /backend/.env HTTP/1.1" 403 - "-" "Mozilla/5.0 (Windows NT 10.0; Win64; x64) AppleWebKit/537.36 (KHTML, like Gecko) Chrome/120.0.0.0 Safari/537.36"
34.176.150.25 - - [28/May/2026:18:50:54 -0300] "GET /backup/snapshot.bz2 HTTP/1.1" 200 - "-" "Mozilla/5.0 (X11; Linux x86_64) AppleWebKit/537.36 Chrome/124.0 Safari/537.36"
34.176.150.25 - - [28/May/2026:18:50:54 -0300] "GET /backup/snapshot.zst HTTP/1.1" 200 - "-" "Mozilla/5.0 (X11; Linux x86_64) AppleWebKit/537.36 Chrome/124.0 Safari/537.36"
34.176.150.25 - - [28/May/2026:18:50:55 -0300] "GET /backup/snapshot.sql.gz HTTP/1.1" 200 - "-" "Mozilla/5.0 (X11; Linux x86_64) AppleWebKit/537.36 Chrome/124.0 Safari/537.36"
143.198.181.59 - - [28/May/2026:18:50:55 -0300] "GET /backend/.env HTTP/1.1" 403 - "-" "Mozilla/5.0 (Windows NT 10.0; Win64; x64) AppleWebKit/537.36 (KHTML, like Gecko) Chrome/120.0.0.0 Safari/537.36"
34.176.150.25 - - [28/May/2026:18:50:55 -0300] "GET /backup/snapshot.sql.bz2 HTTP/1.1" 200 - "-" "Mozilla/5.0 (X11; Linux x86_64) AppleWebKit/537.36 Chrome/124.0 Safari/537.36"
143.198.181.59 - - [28/May/2026:18:50:56 -0300] "GET /server/.env HTTP/1.1" 403 - "-" "Mozilla/5.0 (Windows NT 10.0; Win64; x64) AppleWebKit/537.36 (KHTML, like Gecko) Chrome/120.0.0.0 Safari/537.36"
34.176.150.25 - - [28/May/2026:18:50:56 -0300] "GET /backup/snapshot.sql HTTP/1.1" 403 - "-" "Mozilla/5.0 (X11; Linux x86_64) AppleWebKit/537.36 Chrome/124.0 Safari/537.36"
34.176.150.25 - - [28/May/2026:18:50:57 -0300] "GET /backup/restore.zip HTTP/1.1" 200 - "-" "Mozilla/5.0 (X11; Linux x86_64) AppleWebKit/537.36 Chrome/124.0 Safari/537.36"
143.198.181.59 - - [28/May/2026:18:50:57 -0300] "GET /server/.env HTTP/1.1" 403 - "-" "Mozilla/5.0 (Windows NT 10.0; Win64; x64) AppleWebKit/537.36 (KHTML, like Gecko) Chrome/120.0.0.0 Safari/537.36"
34.176.150.25 - - [28/May/2026:18:50:57 -0300] "GET /backup/restore.tar.gz HTTP/1.1" 200 - "-" "Mozilla/5.0 (X11; Linux x86_64) AppleWebKit/537.36 Chrome/124.0 Safari/537.36"
34.176.150.25 - - [28/May/2026:18:50:58 -0300] "GET /backup/restore.tgz HTTP/1.1" 200 - "-" "Mozilla/5.0 (X11; Linux x86_64) AppleWebKit/537.36 Chrome/124.0 Safari/537.36"
143.198.181.59 - - [28/May/2026:18:50:58 -0300] "GET /app/.env HTTP/1.1" 403 - "-" "Mozilla/5.0 (Windows NT 10.0; Win64; x64) AppleWebKit/537.36 (KHTML, like Gecko) Chrome/120.0.0.0 Safari/537.36"
34.176.150.25 - - [28/May/2026:18:50:58 -0300] "GET /backup/restore.tar HTTP/1.1" 200 - "-" "Mozilla/5.0 (X11; Linux x86_64) AppleWebKit/537.36 Chrome/124.0 Safari/537.36"
34.176.150.25 - - [28/May/2026:18:50:59 -0300] "GET /backup/restore.tar.bz2 HTTP/1.1" 200 - "-" "Mozilla/5.0 (X11; Linux x86_64) AppleWebKit/537.36 Chrome/124.0 Safari/537.36"
143.198.181.59 - - [28/May/2026:18:50:59 -0300] "GET /app/.env HTTP/1.1" 403 - "-" "Mozilla/5.0 (Windows NT 10.0; Win64; x64) AppleWebKit/537.36 (KHTML, like Gecko) Chrome/120.0.0.0 Safari/537.36"
34.176.150.25 - - [28/May/2026:18:50:59 -0300] "GET /backup/restore.tar.xz HTTP/1.1" 200 - "-" "Mozilla/5.0 (X11; Linux x86_64) AppleWebKit/537.36 Chrome/124.0 Safari/537.36"
143.198.181.59 - - [28/May/2026:18:51:00 -0300] "GET /api/config HTTP/1.1" 200 - "-" "Mozilla/5.0 (Windows NT 10.0; Win64; x64) AppleWebKit/537.36 (KHTML, like Gecko) Chrome/120.0.0.0 Safari/537.36"
34.176.150.25 - - [28/May/2026:18:51:00 -0300] "GET /backup/restore.7z HTTP/1.1" 200 - "-" "Mozilla/5.0 (X11; Linux x86_64) AppleWebKit/537.36 Chrome/124.0 Safari/537.36"
143.198.181.59 - - [28/May/2026:18:51:00 -0300] "GET /api/config HTTP/1.1" 200 - "-" "Mozilla/5.0 (Windows NT 10.0; Win64; x64) AppleWebKit/537.36 (KHTML, like Gecko) Chrome/120.0.0.0 Safari/537.36"
34.176.150.25 - - [28/May/2026:18:51:00 -0300] "GET /backup/restore.rar HTTP/1.1" 200 - "-" "Mozilla/5.0 (X11; Linux x86_64) AppleWebKit/537.36 Chrome/124.0 Safari/537.36"
34.176.150.25 - - [28/May/2026:18:51:01 -0300] "GET /backup/restore.gz HTTP/1.1" 200 - "-" "Mozilla/5.0 (X11; Linux x86_64) AppleWebKit/537.36 Chrome/124.0 Safari/537.36"
143.198.181.59 - - [28/May/2026:18:51:01 -0300] "GET /api/env HTTP/1.1" 200 - "-" "Mozilla/5.0 (Windows NT 10.0; Win64; x64) AppleWebKit/537.36 (KHTML, like Gecko) Chrome/120.0.0.0 Safari/537.36"
34.176.150.25 - - [28/May/2026:18:51:01 -0300] "GET /backup/restore.bz2 HTTP/1.1" 200 - "-" "Mozilla/5.0 (X11; Linux x86_64) AppleWebKit/537.36 Chrome/124.0 Safari/537.36"
34.176.150.25 - - [28/May/2026:18:51:02 -0300] "GET /backup/restore.zst HTTP/1.1" 200 - "-" "Mozilla/5.0 (X11; Linux x86_64) AppleWebKit/537.36 Chrome/124.0 Safari/537.36"
143.198.181.59 - - [28/May/2026:18:51:02 -0300] "GET /api/env HTTP/1.1" 200 - "-" "Mozilla/5.0 (Windows NT 10.0; Win64; x64) AppleWebKit/537.36 (KHTML, like Gecko) Chrome/120.0.0.0 Safari/537.36"
34.176.150.25 - - [28/May/2026:18:51:03 -0300] "GET /backup/restore.sql.gz HTTP/1.1" 200 - "-" "Mozilla/5.0 (X11; Linux x86_64) AppleWebKit/537.36 Chrome/124.0 Safari/537.36"
34.176.150.25 - - [28/May/2026:18:51:03 -0300] "GET /backup/restore.sql.bz2 HTTP/1.1" 200 - "-" "Mozilla/5.0 (X11; Linux x86_64) AppleWebKit/537.36 Chrome/124.0 Safari/537.36"
143.198.181.59 - - [28/May/2026:18:51:03 -0300] "GET /api/keys HTTP/1.1" 200 - "-" "Mozilla/5.0 (Windows NT 10.0; Win64; x64) AppleWebKit/537.36 (KHTML, like Gecko) Chrome/120.0.0.0 Safari/537.36"
34.176.150.25 - - [28/May/2026:18:51:04 -0300] "GET /backup/restore.sql HTTP/1.1" 403 - "-" "Mozilla/5.0 (X11; Linux x86_64) AppleWebKit/537.36 Chrome/124.0 Safari/537.36"
143.198.181.59 - - [28/May/2026:18:51:04 -0300] "GET /api/keys HTTP/1.1" 200 - "-" "Mozilla/5.0 (Windows NT 10.0; Win64; x64) AppleWebKit/537.36 (KHTML, like Gecko) Chrome/120.0.0.0 Safari/537.36"
34.176.150.25 - - [28/May/2026:18:51:04 -0300] "GET /backup/recovery.zip HTTP/1.1" 200 - "-" "Mozilla/5.0 (X11; Linux x86_64) AppleWebKit/537.36 Chrome/124.0 Safari/537.36"
34.176.150.25 - - [28/May/2026:18:51:05 -0300] "GET /backup/recovery.tar.gz HTTP/1.1" 200 - "-" "Mozilla/5.0 (X11; Linux x86_64) AppleWebKit/537.36 Chrome/124.0 Safari/537.36"
143.198.181.59 - - [28/May/2026:18:51:05 -0300] "GET /api/.env HTTP/1.1" 403 - "-" "Mozilla/5.0 (Windows NT 10.0; Win64; x64) AppleWebKit/537.36 (KHTML, like Gecko) Chrome/120.0.0.0 Safari/537.36"
34.176.150.25 - - [28/May/2026:18:51:05 -0300] "GET /backup/recovery.tgz HTTP/1.1" 200 - "-" "Mozilla/5.0 (X11; Linux x86_64) AppleWebKit/537.36 Chrome/124.0 Safari/537.36"
34.176.150.25 - - [28/May/2026:18:51:06 -0300] "GET /backup/recovery.tar HTTP/1.1" 200 - "-" "Mozilla/5.0 (X11; Linux x86_64) AppleWebKit/537.36 Chrome/124.0 Safari/537.36"
143.198.181.59 - - [28/May/2026:18:51:06 -0300] "GET /api/.env HTTP/1.1" 403 - "-" "Mozilla/5.0 (Windows NT 10.0; Win64; x64) AppleWebKit/537.36 (KHTML, like Gecko) Chrome/120.0.0.0 Safari/537.36"
34.176.150.25 - - [28/May/2026:18:51:06 -0300] "GET /backup/recovery.tar.bz2 HTTP/1.1" 200 - "-" "Mozilla/5.0 (X11; Linux x86_64) AppleWebKit/537.36 Chrome/124.0 Safari/537.36"
34.176.150.25 - - [28/May/2026:18:51:07 -0300] "GET /backup/recovery.tar.xz HTTP/1.1" 200 - "-" "Mozilla/5.0 (X11; Linux x86_64) AppleWebKit/537.36 Chrome/124.0 Safari/537.36"
143.198.181.59 - - [28/May/2026:18:51:07 -0300] "GET /.git/config HTTP/1.1" 403 - "-" "Mozilla/5.0 (Windows NT 10.0; Win64; x64) AppleWebKit/537.36 (KHTML, like Gecko) Chrome/120.0.0.0 Safari/537.36"
34.176.150.25 - - [28/May/2026:18:51:07 -0300] "GET /backup/recovery.7z HTTP/1.1" 200 - "-" "Mozilla/5.0 (X11; Linux x86_64) AppleWebKit/537.36 Chrome/124.0 Safari/537.36"
143.198.181.59 - - [28/May/2026:18:51:08 -0300] "GET /.git/config HTTP/1.1" 403 - "-" "Mozilla/5.0 (Windows NT 10.0; Win64; x64) AppleWebKit/537.36 (KHTML, like Gecko) Chrome/120.0.0.0 Safari/537.36"
34.176.150.25 - - [28/May/2026:18:51:08 -0300] "GET /backup/recovery.rar HTTP/1.1" 200 - "-" "Mozilla/5.0 (X11; Linux x86_64) AppleWebKit/537.36 Chrome/124.0 Safari/537.36"
34.176.150.25 - - [28/May/2026:18:51:08 -0300] "GET /backup/recovery.gz HTTP/1.1" 200 - "-" "Mozilla/5.0 (X11; Linux x86_64) AppleWebKit/537.36 Chrome/124.0 Safari/537.36"
143.198.181.59 - - [28/May/2026:18:51:09 -0300] "GET /.git/HEAD HTTP/1.1" 403 - "-" "Mozilla/5.0 (Windows NT 10.0; Win64; x64) AppleWebKit/537.36 (KHTML, like Gecko) Chrome/120.0.0.0 Safari/537.36"
34.176.150.25 - - [28/May/2026:18:51:09 -0300] "GET /backup/recovery.bz2 HTTP/1.1" 200 - "-" "Mozilla/5.0 (X11; Linux x86_64) AppleWebKit/537.36 Chrome/124.0 Safari/537.36"
34.176.150.25 - - [28/May/2026:18:51:10 -0300] "GET /backup/recovery.zst HTTP/1.1" 200 - "-" "Mozilla/5.0 (X11; Linux x86_64) AppleWebKit/537.36 Chrome/124.0 Safari/537.36"
143.198.181.59 - - [28/May/2026:18:51:10 -0300] "GET /.git/HEAD HTTP/1.1" 403 - "-" "Mozilla/5.0 (Windows NT 10.0; Win64; x64) AppleWebKit/537.36 (KHTML, like Gecko) Chrome/120.0.0.0 Safari/537.36"
34.176.150.25 - - [28/May/2026:18:51:10 -0300] "GET /backup/recovery.sql.gz HTTP/1.1" 200 - "-" "Mozilla/5.0 (X11; Linux x86_64) AppleWebKit/537.36 Chrome/124.0 Safari/537.36"
34.176.150.25 - - [28/May/2026:18:51:11 -0300] "GET /backup/recovery.sql.bz2 HTTP/1.1" 200 - "-" "Mozilla/5.0 (X11; Linux x86_64) AppleWebKit/537.36 Chrome/124.0 Safari/537.36"
143.198.181.59 - - [28/May/2026:18:51:11 -0300] "GET /.gitignore HTTP/1.1" 403 - "-" "Mozilla/5.0 (Windows NT 10.0; Win64; x64) AppleWebKit/537.36 (KHTML, like Gecko) Chrome/120.0.0.0 Safari/537.36"
34.176.150.25 - - [28/May/2026:18:51:11 -0300] "GET /backup/recovery.sql HTTP/1.1" 403 - "-" "Mozilla/5.0 (X11; Linux x86_64) AppleWebKit/537.36 Chrome/124.0 Safari/537.36"
34.176.150.25 - - [28/May/2026:18:51:12 -0300] "GET /backup/src.zip HTTP/1.1" 200 - "-" "Mozilla/5.0 (X11; Linux x86_64) AppleWebKit/537.36 Chrome/124.0 Safari/537.36"
143.198.181.59 - - [28/May/2026:18:51:12 -0300] "GET /.gitignore HTTP/1.1" 403 - "-" "Mozilla/5.0 (Windows NT 10.0; Win64; x64) AppleWebKit/537.36 (KHTML, like Gecko) Chrome/120.0.0.0 Safari/537.36"
34.176.150.25 - - [28/May/2026:18:51:12 -0300] "GET /backup/src.tar.gz HTTP/1.1" 200 - "-" "Mozilla/5.0 (X11; Linux x86_64) AppleWebKit/537.36 Chrome/124.0 Safari/537.36"
143.198.181.59 - - [28/May/2026:18:51:13 -0300] "GET /robots.txt HTTP/1.1" 200 - "-" "Mozilla/5.0 (Windows NT 10.0; Win64; x64) AppleWebKit/537.36 (KHTML, like Gecko) Chrome/120.0.0.0 Safari/537.36"
34.176.150.25 - - [28/May/2026:18:51:13 -0300] "GET /backup/src.tgz HTTP/1.1" 200 - "-" "Mozilla/5.0 (X11; Linux x86_64) AppleWebKit/537.36 Chrome/124.0 Safari/537.36"
34.176.150.25 - - [28/May/2026:18:51:13 -0300] "GET /backup/src.tar HTTP/1.1" 200 - "-" "Mozilla/5.0 (X11; Linux x86_64) AppleWebKit/537.36 Chrome/124.0 Safari/537.36"
143.198.181.59 - - [28/May/2026:18:51:13 -0300] "GET /robots.txt HTTP/1.1" 200 - "-" "Mozilla/5.0 (Windows NT 10.0; Win64; x64) AppleWebKit/537.36 (KHTML, like Gecko) Chrome/120.0.0.0 Safari/537.36"
34.176.150.25 - - [28/May/2026:18:51:14 -0300] "GET /backup/src.tar.bz2 HTTP/1.1" 200 - "-" "Mozilla/5.0 (X11; Linux x86_64) AppleWebKit/537.36 Chrome/124.0 Safari/537.36"
143.198.181.59 - - [28/May/2026:18:51:15 -0300] "GET /sitemap.xml HTTP/1.1" 200 - "-" "Mozilla/5.0 (Windows NT 10.0; Win64; x64) AppleWebKit/537.36 (KHTML, like Gecko) Chrome/120.0.0.0 Safari/537.36"
34.176.150.25 - - [28/May/2026:18:51:15 -0300] "GET /backup/src.tar.xz HTTP/1.1" 200 - "-" "Mozilla/5.0 (X11; Linux x86_64) AppleWebKit/537.36 Chrome/124.0 Safari/537.36"
34.176.150.25 - - [28/May/2026:18:51:15 -0300] "GET /backup/src.7z HTTP/1.1" 200 - "-" "Mozilla/5.0 (X11; Linux x86_64) AppleWebKit/537.36 Chrome/124.0 Safari/537.36"
34.176.150.25 - - [28/May/2026:18:51:16 -0300] "GET /backup/src.gz HTTP/1.1" 200 - "-" "Mozilla/5.0 (X11; Linux x86_64) AppleWebKit/537.36 Chrome/124.0 Safari/537.36"
143.198.181.59 - - [28/May/2026:18:51:15 -0300] "GET /sitemap.xml HTTP/1.1" 200 - "-" "Mozilla/5.0 (Windows NT 10.0; Win64; x64) AppleWebKit/537.36 (KHTML, like Gecko) Chrome/120.0.0.0 Safari/537.36"
34.176.150.25 - - [28/May/2026:18:51:16 -0300] "GET /backup/src.rar HTTP/1.1" 200 - "-" "Mozilla/5.0 (X11; Linux x86_64) AppleWebKit/537.36 Chrome/124.0 Safari/537.36"
34.176.150.25 - - [28/May/2026:18:51:17 -0300] "GET /backup/src.bz2 HTTP/1.1" 200 - "-" "Mozilla/5.0 (X11; Linux x86_64) AppleWebKit/537.36 Chrome/124.0 Safari/537.36"
143.198.181.59 - - [28/May/2026:18:51:17 -0300] "GET /docker-compose.yml HTTP/1.1" 200 - "-" "Mozilla/5.0 (Windows NT 10.0; Win64; x64) AppleWebKit/537.36 (KHTML, like Gecko) Chrome/120.0.0.0 Safari/537.36"
34.176.150.25 - - [28/May/2026:18:51:17 -0300] "GET /backup/src.zst HTTP/1.1" 200 - "-" "Mozilla/5.0 (X11; Linux x86_64) AppleWebKit/537.36 Chrome/124.0 Safari/537.36"
34.176.150.25 - - [28/May/2026:18:51:18 -0300] "GET /backup/src.sql.gz HTTP/1.1" 200 - "-" "Mozilla/5.0 (X11; Linux x86_64) AppleWebKit/537.36 Chrome/124.0 Safari/537.36"
34.176.150.25 - - [28/May/2026:18:51:18 -0300] "GET /backup/src.sql.bz2 HTTP/1.1" 200 - "-" "Mozilla/5.0 (X11; Linux x86_64) AppleWebKit/537.36 Chrome/124.0 Safari/537.36"
143.198.181.59 - - [28/May/2026:18:51:18 -0300] "GET /docker-compose.yml HTTP/1.1" 200 - "-" "Mozilla/5.0 (Windows NT 10.0; Win64; x64) AppleWebKit/537.36 (KHTML, like Gecko) Chrome/120.0.0.0 Safari/537.36"
34.176.150.25 - - [28/May/2026:18:51:19 -0300] "GET /backup/src.sql HTTP/1.1" 403 - "-" "Mozilla/5.0 (X11; Linux x86_64) AppleWebKit/537.36 Chrome/124.0 Safari/537.36"
143.198.181.59 - - [28/May/2026:18:51:19 -0300] "GET /Dockerfile HTTP/1.1" 403 - "-" "Mozilla/5.0 (Windows NT 10.0; Win64; x64) AppleWebKit/537.36 (KHTML, like Gecko) Chrome/120.0.0.0 Safari/537.36"
34.176.150.25 - - [28/May/2026:18:51:19 -0300] "GET /backup/source.zip HTTP/1.1" 200 - "-" "Mozilla/5.0 (X11; Linux x86_64) AppleWebKit/537.36 Chrome/124.0 Safari/537.36"
143.198.181.59 - - [28/May/2026:18:51:20 -0300] "GET /Dockerfile HTTP/1.1" 403 - "-" "Mozilla/5.0 (Windows NT 10.0; Win64; x64) AppleWebKit/537.36 (KHTML, like Gecko) Chrome/120.0.0.0 Safari/537.36"
34.176.150.25 - - [28/May/2026:18:51:20 -0300] "GET /backup/source.tar.gz HTTP/1.1" 200 - "-" "Mozilla/5.0 (X11; Linux x86_64) AppleWebKit/537.36 Chrome/124.0 Safari/537.36"
34.176.150.25 - - [28/May/2026:18:51:20 -0300] "GET /backup/source.tgz HTTP/1.1" 200 - "-" "Mozilla/5.0 (X11; Linux x86_64) AppleWebKit/537.36 Chrome/124.0 Safari/537.36"
143.198.181.59 - - [28/May/2026:18:51:21 -0300] "GET /package.json HTTP/1.1" 403 - "-" "Mozilla/5.0 (Windows NT 10.0; Win64; x64) AppleWebKit/537.36 (KHTML, like Gecko) Chrome/120.0.0.0 Safari/537.36"
34.176.150.25 - - [28/May/2026:18:51:21 -0300] "GET /backup/source.tar HTTP/1.1" 200 - "-" "Mozilla/5.0 (X11; Linux x86_64) AppleWebKit/537.36 Chrome/124.0 Safari/537.36"
34.176.150.25 - - [28/May/2026:18:51:22 -0300] "GET /backup/source.tar.bz2 HTTP/1.1" 200 - "-" "Mozilla/5.0 (X11; Linux x86_64) AppleWebKit/537.36 Chrome/124.0 Safari/537.36"
143.198.181.59 - - [28/May/2026:18:51:22 -0300] "GET /package.json HTTP/1.1" 403 - "-" "Mozilla/5.0 (Windows NT 10.0; Win64; x64) AppleWebKit/537.36 (KHTML, like Gecko) Chrome/120.0.0.0 Safari/537.36"
34.176.150.25 - - [28/May/2026:18:51:22 -0300] "GET /backup/source.tar.xz HTTP/1.1" 200 - "-" "Mozilla/5.0 (X11; Linux x86_64) AppleWebKit/537.36 Chrome/124.0 Safari/537.36"
143.198.181.59 - - [28/May/2026:18:51:23 -0300] "GET /wp-config.php HTTP/1.1" 403 - "-" "Mozilla/5.0 (Windows NT 10.0; Win64; x64) AppleWebKit/537.36 (KHTML, like Gecko) Chrome/120.0.0.0 Safari/537.36"
34.176.150.25 - - [28/May/2026:18:51:23 -0300] "GET /backup/source.7z HTTP/1.1" 200 - "-" "Mozilla/5.0 (X11; Linux x86_64) AppleWebKit/537.36 Chrome/124.0 Safari/537.36"
34.176.150.25 - - [28/May/2026:18:51:23 -0300] "GET /backup/source.rar HTTP/1.1" 200 - "-" "Mozilla/5.0 (X11; Linux x86_64) AppleWebKit/537.36 Chrome/124.0 Safari/537.36"
143.198.181.59 - - [28/May/2026:18:51:24 -0300] "GET /wp-config.php HTTP/1.1" 403 - "-" "Mozilla/5.0 (Windows NT 10.0; Win64; x64) AppleWebKit/537.36 (KHTML, like Gecko) Chrome/120.0.0.0 Safari/537.36"
34.176.150.25 - - [28/May/2026:18:51:24 -0300] "GET /backup/source.gz HTTP/1.1" 200 - "-" "Mozilla/5.0 (X11; Linux x86_64) AppleWebKit/537.36 Chrome/124.0 Safari/537.36"
34.176.150.25 - - [28/May/2026:18:51:24 -0300] "GET /backup/source.bz2 HTTP/1.1" 200 - "-" "Mozilla/5.0 (X11; Linux x86_64) AppleWebKit/537.36 Chrome/124.0 Safari/537.36"
143.198.181.59 - - [28/May/2026:18:51:25 -0300] "GET /web.config HTTP/1.1" 403 - "-" "Mozilla/5.0 (Windows NT 10.0; Win64; x64) AppleWebKit/537.36 (KHTML, like Gecko) Chrome/120.0.0.0 Safari/537.36"
34.176.150.25 - - [28/May/2026:18:51:25 -0300] "GET /backup/source.zst HTTP/1.1" 200 - "-" "Mozilla/5.0 (X11; Linux x86_64) AppleWebKit/537.36 Chrome/124.0 Safari/537.36"
34.176.150.25 - - [28/May/2026:18:51:25 -0300] "GET /backup/source.sql.gz HTTP/1.1" 200 - "-" "Mozilla/5.0 (X11; Linux x86_64) AppleWebKit/537.36 Chrome/124.0 Safari/537.36"
143.198.181.59 - - [28/May/2026:18:51:25 -0300] "GET /web.config HTTP/1.1" 403 - "-" "Mozilla/5.0 (Windows NT 10.0; Win64; x64) AppleWebKit/537.36 (KHTML, like Gecko) Chrome/120.0.0.0 Safari/537.36"
34.176.150.25 - - [28/May/2026:18:51:26 -0300] "GET /backup/source.sql.bz2 HTTP/1.1" 200 - "-" "Mozilla/5.0 (X11; Linux x86_64) AppleWebKit/537.36 Chrome/124.0 Safari/537.36"
34.176.150.25 - - [28/May/2026:18:51:26 -0300] "GET /backup/source.sql HTTP/1.1" 403 - "-" "Mozilla/5.0 (X11; Linux x86_64) AppleWebKit/537.36 Chrome/124.0 Safari/537.36"
143.198.181.59 - - [28/May/2026:18:51:27 -0300] "GET /.next/BUILD_ID HTTP/1.1" 200 - "-" "Mozilla/5.0 (Windows NT 10.0; Win64; x64) AppleWebKit/537.36 (KHTML, like Gecko) Chrome/120.0.0.0 Safari/537.36"
34.176.150.25 - - [28/May/2026:18:51:27 -0300] "GET /backup/sources.zip HTTP/1.1" 200 - "-" "Mozilla/5.0 (X11; Linux x86_64) AppleWebKit/537.36 Chrome/124.0 Safari/537.36"
34.176.150.25 - - [28/May/2026:18:51:27 -0300] "GET /backup/sources.tar.gz HTTP/1.1" 200 - "-" "Mozilla/5.0 (X11; Linux x86_64) AppleWebKit/537.36 Chrome/124.0 Safari/537.36"
143.198.181.59 - - [28/May/2026:18:51:28 -0300] "GET /.next/BUILD_ID HTTP/1.1" 200 - "-" "Mozilla/5.0 (Windows NT 10.0; Win64; x64) AppleWebKit/537.36 (KHTML, like Gecko) Chrome/120.0.0.0 Safari/537.36"
34.176.150.25 - - [28/May/2026:18:51:28 -0300] "GET /backup/sources.tgz HTTP/1.1" 200 - "-" "Mozilla/5.0 (X11; Linux x86_64) AppleWebKit/537.36 Chrome/124.0 Safari/537.36"
34.176.150.25 - - [28/May/2026:18:51:28 -0300] "GET /backup/sources.tar HTTP/1.1" 200 - "-" "Mozilla/5.0 (X11; Linux x86_64) AppleWebKit/537.36 Chrome/124.0 Safari/537.36"
143.198.181.59 - - [28/May/2026:18:51:29 -0300] "GET /_next/static/chunks/pages/_app.js HTTP/1.1" 200 - "-" "Mozilla/5.0 (Windows NT 10.0; Win64; x64) AppleWebKit/537.36 (KHTML, like Gecko) Chrome/120.0.0.0 Safari/537.36"
34.176.150.25 - - [28/May/2026:18:51:29 -0300] "GET /backup/sources.tar.bz2 HTTP/1.1" 200 - "-" "Mozilla/5.0 (X11; Linux x86_64) AppleWebKit/537.36 Chrome/124.0 Safari/537.36"
34.176.150.25 - - [28/May/2026:18:51:29 -0300] "GET /backup/sources.tar.xz HTTP/1.1" 200 - "-" "Mozilla/5.0 (X11; Linux x86_64) AppleWebKit/537.36 Chrome/124.0 Safari/537.36"
143.198.181.59 - - [28/May/2026:18:51:30 -0300] "GET /_next/static/chunks/pages/_app.js HTTP/1.1" 200 - "-" "Mozilla/5.0 (Windows NT 10.0; Win64; x64) AppleWebKit/537.36 (KHTML, like Gecko) Chrome/120.0.0.0 Safari/537.36"
143.198.181.59 - - [28/May/2026:18:51:31 -0300] "GET / HTTP/1.1" 301 294 "-" "Mozilla/5.0 (Windows NT 10.0; Win64; x64) AppleWebKit/537.36 (KHTML, like Gecko) Chrome/120.0.0.0 Safari/537.36"
34.176.150.25 - - [28/May/2026:18:51:30 -0300] "GET /backup/sources.7z HTTP/1.1" 200 - "-" "Mozilla/5.0 (X11; Linux x86_64) AppleWebKit/537.36 Chrome/124.0 Safari/537.36"
34.176.150.25 - - [28/May/2026:18:51:31 -0300] "GET /backup/sources.rar HTTP/1.1" 200 - "-" "Mozilla/5.0 (X11; Linux x86_64) AppleWebKit/537.36 Chrome/124.0 Safari/537.36"
34.176.150.25 - - [28/May/2026:18:51:31 -0300] "GET /backup/sources.gz HTTP/1.1" 200 - "-" "Mozilla/5.0 (X11; Linux x86_64) AppleWebKit/537.36 Chrome/124.0 Safari/537.36"
34.176.150.25 - - [28/May/2026:18:51:32 -0300] "GET /backup/sources.bz2 HTTP/1.1" 200 - "-" "Mozilla/5.0 (X11; Linux x86_64) AppleWebKit/537.36 Chrome/124.0 Safari/537.36"
34.176.150.25 - - [28/May/2026:18:51:32 -0300] "GET /backup/sources.zst HTTP/1.1" 200 - "-" "Mozilla/5.0 (X11; Linux x86_64) AppleWebKit/537.36 Chrome/124.0 Safari/537.36"
34.176.150.25 - - [28/May/2026:18:51:33 -0300] "GET /backup/sources.sql.gz HTTP/1.1" 200 - "-" "Mozilla/5.0 (X11; Linux x86_64) AppleWebKit/537.36 Chrome/124.0 Safari/537.36"
34.176.150.25 - - [28/May/2026:18:51:33 -0300] "GET /backup/sources.sql.bz2 HTTP/1.1" 200 - "-" "Mozilla/5.0 (X11; Linux x86_64) AppleWebKit/537.36 Chrome/124.0 Safari/537.36"
34.176.150.25 - - [28/May/2026:18:51:34 -0300] "GET /backup/sources.sql HTTP/1.1" 403 - "-" "Mozilla/5.0 (X11; Linux x86_64) AppleWebKit/537.36 Chrome/124.0 Safari/537.36"
143.198.181.59 - - [28/May/2026:18:51:35 -0300] "GET / HTTP/1.1" 301 294 "-" "Mozilla/5.0 (Windows NT 10.0; Win64; x64) AppleWebKit/537.36 (KHTML, like Gecko) Chrome/120.0.0.0 Safari/537.36"
34.176.150.25 - - [28/May/2026:18:51:34 -0300] "GET /backup/code.zip HTTP/1.1" 200 - "-" "Mozilla/5.0 (X11; Linux x86_64) AppleWebKit/537.36 Chrome/124.0 Safari/537.36"
34.176.150.25 - - [28/May/2026:18:51:35 -0300] "GET /backup/code.tar.gz HTTP/1.1" 200 - "-" "Mozilla/5.0 (X11; Linux x86_64) AppleWebKit/537.36 Chrome/124.0 Safari/537.36"
34.176.150.25 - - [28/May/2026:18:51:35 -0300] "GET /backup/code.tgz HTTP/1.1" 200 - "-" "Mozilla/5.0 (X11; Linux x86_64) AppleWebKit/537.36 Chrome/124.0 Safari/537.36"
34.176.150.25 - - [28/May/2026:18:51:36 -0300] "GET /backup/code.tar HTTP/1.1" 200 - "-" "Mozilla/5.0 (X11; Linux x86_64) AppleWebKit/537.36 Chrome/124.0 Safari/537.36"
34.176.150.25 - - [28/May/2026:18:51:36 -0300] "GET /backup/code.tar.bz2 HTTP/1.1" 200 - "-" "Mozilla/5.0 (X11; Linux x86_64) AppleWebKit/537.36 Chrome/124.0 Safari/537.36"
34.176.150.25 - - [28/May/2026:18:51:37 -0300] "GET /backup/code.tar.xz HTTP/1.1" 200 - "-" "Mozilla/5.0 (X11; Linux x86_64) AppleWebKit/537.36 Chrome/124.0 Safari/537.36"
34.176.150.25 - - [28/May/2026:18:51:37 -0300] "GET /backup/code.7z HTTP/1.1" 200 - "-" "Mozilla/5.0 (X11; Linux x86_64) AppleWebKit/537.36 Chrome/124.0 Safari/537.36"
34.176.150.25 - - [28/May/2026:18:51:38 -0300] "GET /backup/code.rar HTTP/1.1" 200 - "-" "Mozilla/5.0 (X11; Linux x86_64) AppleWebKit/537.36 Chrome/124.0 Safari/537.36"
34.176.150.25 - - [28/May/2026:18:51:39 -0300] "GET /backup/code.gz HTTP/1.1" 200 - "-" "Mozilla/5.0 (X11; Linux x86_64) AppleWebKit/537.36 Chrome/124.0 Safari/537.36"
34.176.150.25 - - [28/May/2026:18:51:39 -0300] "GET /backup/code.bz2 HTTP/1.1" 200 - "-" "Mozilla/5.0 (X11; Linux x86_64) AppleWebKit/537.36 Chrome/124.0 Safari/537.36"
34.176.150.25 - - [28/May/2026:18:51:40 -0300] "GET /backup/code.zst HTTP/1.1" 200 - "-" "Mozilla/5.0 (X11; Linux x86_64) AppleWebKit/537.36 Chrome/124.0 Safari/537.36"
34.176.150.25 - - [28/May/2026:18:51:40 -0300] "GET /backup/code.sql.gz HTTP/1.1" 200 - "-" "Mozilla/5.0 (X11; Linux x86_64) AppleWebKit/537.36 Chrome/124.0 Safari/537.36"
34.176.150.25 - - [28/May/2026:18:51:41 -0300] "GET /backup/code.sql.bz2 HTTP/1.1" 200 - "-" "Mozilla/5.0 (X11; Linux x86_64) AppleWebKit/537.36 Chrome/124.0 Safari/537.36"
34.207.157.130 - - [28/May/2026:18:51:41 -0300] "GET / HTTP/1.1" 200 - "-" "Mozilla/5.0 (Macintosh; Intel Mac OS X 10_14_6) Project-Resonance (http://project-resonance.com/) (KHTML, like Gecko) Chrome/83.0.4103.61 Safari/537.36"
34.176.150.25 - - [28/May/2026:18:51:41 -0300] "GET /backup/code.sql HTTP/1.1" 403 - "-" "Mozilla/5.0 (X11; Linux x86_64) AppleWebKit/537.36 Chrome/124.0 Safari/537.36"
34.207.157.130 - - [28/May/2026:18:51:42 -0300] "GET /favicon.ico HTTP/1.1" 200 - "-" "Mozilla/5.0 (Macintosh; Intel Mac OS X 10_14_6) Project-Resonance (http://project-resonance.com/) (KHTML, like Gecko) Chrome/83.0.4103.61 Safari/537.36"
34.176.150.25 - - [28/May/2026:18:51:42 -0300] "GET /backup/codebase.zip HTTP/1.1" 200 - "-" "Mozilla/5.0 (X11; Linux x86_64) AppleWebKit/537.36 Chrome/124.0 Safari/537.36"
34.176.150.25 - - [28/May/2026:18:51:43 -0300] "GET /backup/codebase.tar.gz HTTP/1.1" 200 - "-" "Mozilla/5.0 (X11; Linux x86_64) AppleWebKit/537.36 Chrome/124.0 Safari/537.36"
34.176.150.25 - - [28/May/2026:18:51:43 -0300] "GET /backup/codebase.tgz HTTP/1.1" 200 - "-" "Mozilla/5.0 (X11; Linux x86_64) AppleWebKit/537.36 Chrome/124.0 Safari/537.36"
34.176.150.25 - - [28/May/2026:18:51:43 -0300] "GET /backup/codebase.tar HTTP/1.1" 200 - "-" "Mozilla/5.0 (X11; Linux x86_64) AppleWebKit/537.36 Chrome/124.0 Safari/537.36"
34.176.150.25 - - [28/May/2026:18:51:44 -0300] "GET /backup/codebase.tar.bz2 HTTP/1.1" 200 - "-" "Mozilla/5.0 (X11; Linux x86_64) AppleWebKit/537.36 Chrome/124.0 Safari/537.36"
34.176.150.25 - - [28/May/2026:18:51:44 -0300] "GET /backup/codebase.tar.xz HTTP/1.1" 200 - "-" "Mozilla/5.0 (X11; Linux x86_64) AppleWebKit/537.36 Chrome/124.0 Safari/537.36"
34.176.150.25 - - [28/May/2026:18:51:45 -0300] "GET /backup/codebase.7z HTTP/1.1" 200 - "-" "Mozilla/5.0 (X11; Linux x86_64) AppleWebKit/537.36 Chrome/124.0 Safari/537.36"
34.176.150.25 - - [28/May/2026:18:51:45 -0300] "GET /backup/codebase.rar HTTP/1.1" 200 - "-" "Mozilla/5.0 (X11; Linux x86_64) AppleWebKit/537.36 Chrome/124.0 Safari/537.36"
34.176.150.25 - - [28/May/2026:18:51:46 -0300] "GET /backup/codebase.gz HTTP/1.1" 200 - "-" "Mozilla/5.0 (X11; Linux x86_64) AppleWebKit/537.36 Chrome/124.0 Safari/537.36"
34.176.150.25 - - [28/May/2026:18:51:47 -0300] "GET /backup/codebase.bz2 HTTP/1.1" 200 - "-" "Mozilla/5.0 (X11; Linux x86_64) AppleWebKit/537.36 Chrome/124.0 Safari/537.36"
34.176.150.25 - - [28/May/2026:18:51:47 -0300] "GET /backup/codebase.zst HTTP/1.1" 200 - "-" "Mozilla/5.0 (X11; Linux x86_64) AppleWebKit/537.36 Chrome/124.0 Safari/537.36"
34.176.150.25 - - [28/May/2026:18:51:48 -0300] "GET /backup/codebase.sql.gz HTTP/1.1" 200 - "-" "Mozilla/5.0 (X11; Linux x86_64) AppleWebKit/537.36 Chrome/124.0 Safari/537.36"
34.176.150.25 - - [28/May/2026:18:51:48 -0300] "GET /backup/codebase.sql.bz2 HTTP/1.1" 200 - "-" "Mozilla/5.0 (X11; Linux x86_64) AppleWebKit/537.36 Chrome/124.0 Safari/537.36"
34.176.150.25 - - [28/May/2026:18:51:49 -0300] "GET /backup/codebase.sql HTTP/1.1" 403 - "-" "Mozilla/5.0 (X11; Linux x86_64) AppleWebKit/537.36 Chrome/124.0 Safari/537.36"
34.176.150.25 - - [28/May/2026:18:51:49 -0300] "GET /backup/repo.zip HTTP/1.1" 200 - "-" "Mozilla/5.0 (X11; Linux x86_64) AppleWebKit/537.36 Chrome/124.0 Safari/537.36"
34.176.150.25 - - [28/May/2026:18:51:50 -0300] "GET /backup/repo.tar.gz HTTP/1.1" 200 - "-" "Mozilla/5.0 (X11; Linux x86_64) AppleWebKit/537.36 Chrome/124.0 Safari/537.36"
34.176.150.25 - - [28/May/2026:18:51:50 -0300] "GET /backup/repo.tgz HTTP/1.1" 200 - "-" "Mozilla/5.0 (X11; Linux x86_64) AppleWebKit/537.36 Chrome/124.0 Safari/537.36"
34.176.150.25 - - [28/May/2026:18:51:51 -0300] "GET /backup/repo.tar HTTP/1.1" 200 - "-" "Mozilla/5.0 (X11; Linux x86_64) AppleWebKit/537.36 Chrome/124.0 Safari/537.36"
34.176.150.25 - - [28/May/2026:18:51:51 -0300] "GET /backup/repo.tar.bz2 HTTP/1.1" 200 - "-" "Mozilla/5.0 (X11; Linux x86_64) AppleWebKit/537.36 Chrome/124.0 Safari/537.36"
34.176.150.25 - - [28/May/2026:18:51:52 -0300] "GET /backup/repo.tar.xz HTTP/1.1" 200 - "-" "Mozilla/5.0 (X11; Linux x86_64) AppleWebKit/537.36 Chrome/124.0 Safari/537.36"
34.176.150.25 - - [28/May/2026:18:51:52 -0300] "GET /backup/repo.7z HTTP/1.1" 200 - "-" "Mozilla/5.0 (X11; Linux x86_64) AppleWebKit/537.36 Chrome/124.0 Safari/537.36"
34.176.150.25 - - [28/May/2026:18:51:53 -0300] "GET /backup/repo.rar HTTP/1.1" 200 - "-" "Mozilla/5.0 (X11; Linux x86_64) AppleWebKit/537.36 Chrome/124.0 Safari/537.36"
34.176.150.25 - - [28/May/2026:18:51:54 -0300] "GET /backup/repo.gz HTTP/1.1" 200 - "-" "Mozilla/5.0 (X11; Linux x86_64) AppleWebKit/537.36 Chrome/124.0 Safari/537.36"
34.176.150.25 - - [28/May/2026:18:51:54 -0300] "GET /backup/repo.bz2 HTTP/1.1" 200 - "-" "Mozilla/5.0 (X11; Linux x86_64) AppleWebKit/537.36 Chrome/124.0 Safari/537.36"
34.176.150.25 - - [28/May/2026:18:51:55 -0300] "GET /backup/repo.zst HTTP/1.1" 200 - "-" "Mozilla/5.0 (X11; Linux x86_64) AppleWebKit/537.36 Chrome/124.0 Safari/537.36"
34.176.150.25 - - [28/May/2026:18:51:55 -0300] "GET /backup/repo.sql.gz HTTP/1.1" 200 - "-" "Mozilla/5.0 (X11; Linux x86_64) AppleWebKit/537.36 Chrome/124.0 Safari/537.36"
34.176.150.25 - - [28/May/2026:18:51:56 -0300] "GET /backup/repo.sql.bz2 HTTP/1.1" 200 - "-" "Mozilla/5.0 (X11; Linux x86_64) AppleWebKit/537.36 Chrome/124.0 Safari/537.36"
34.176.150.25 - - [28/May/2026:18:51:56 -0300] "GET /backup/repo.sql HTTP/1.1" 403 - "-" "Mozilla/5.0 (X11; Linux x86_64) AppleWebKit/537.36 Chrome/124.0 Safari/537.36"
34.176.150.25 - - [28/May/2026:18:51:57 -0300] "GET /backup/project.zip HTTP/1.1" 200 - "-" "Mozilla/5.0 (X11; Linux x86_64) AppleWebKit/537.36 Chrome/124.0 Safari/537.36"
34.176.150.25 - - [28/May/2026:18:51:58 -0300] "GET /backup/project.tar.gz HTTP/1.1" 200 - "-" "Mozilla/5.0 (X11; Linux x86_64) AppleWebKit/537.36 Chrome/124.0 Safari/537.36"
34.176.150.25 - - [28/May/2026:18:51:58 -0300] "GET /backup/project.tgz HTTP/1.1" 200 - "-" "Mozilla/5.0 (X11; Linux x86_64) AppleWebKit/537.36 Chrome/124.0 Safari/537.36"
34.176.150.25 - - [28/May/2026:18:51:58 -0300] "GET /backup/project.tar HTTP/1.1" 200 - "-" "Mozilla/5.0 (X11; Linux x86_64) AppleWebKit/537.36 Chrome/124.0 Safari/537.36"
34.176.150.25 - - [28/May/2026:18:51:59 -0300] "GET /backup/project.tar.bz2 HTTP/1.1" 200 - "-" "Mozilla/5.0 (X11; Linux x86_64) AppleWebKit/537.36 Chrome/124.0 Safari/537.36"
34.176.150.25 - - [28/May/2026:18:51:59 -0300] "GET /backup/project.tar.xz HTTP/1.1" 200 - "-" "Mozilla/5.0 (X11; Linux x86_64) AppleWebKit/537.36 Chrome/124.0 Safari/537.36"
34.176.150.25 - - [28/May/2026:18:52:00 -0300] "GET /backup/project.7z HTTP/1.1" 200 - "-" "Mozilla/5.0 (X11; Linux x86_64) AppleWebKit/537.36 Chrome/124.0 Safari/537.36"
34.176.150.25 - - [28/May/2026:18:52:01 -0300] "GET /backup/project.rar HTTP/1.1" 200 - "-" "Mozilla/5.0 (X11; Linux x86_64) AppleWebKit/537.36 Chrome/124.0 Safari/537.36"
34.176.150.25 - - [28/May/2026:18:52:01 -0300] "GET /backup/project.gz HTTP/1.1" 200 - "-" "Mozilla/5.0 (X11; Linux x86_64) AppleWebKit/537.36 Chrome/124.0 Safari/537.36"
34.176.150.25 - - [28/May/2026:18:52:02 -0300] "GET /backup/project.bz2 HTTP/1.1" 200 - "-" "Mozilla/5.0 (X11; Linux x86_64) AppleWebKit/537.36 Chrome/124.0 Safari/537.36"
34.176.150.25 - - [28/May/2026:18:52:02 -0300] "GET /backup/project.zst HTTP/1.1" 200 - "-" "Mozilla/5.0 (X11; Linux x86_64) AppleWebKit/537.36 Chrome/124.0 Safari/537.36"
34.176.150.25 - - [28/May/2026:18:52:03 -0300] "GET /backup/project.sql.gz HTTP/1.1" 200 - "-" "Mozilla/5.0 (X11; Linux x86_64) AppleWebKit/537.36 Chrome/124.0 Safari/537.36"
34.176.150.25 - - [28/May/2026:18:52:03 -0300] "GET /backup/project.sql.bz2 HTTP/1.1" 200 - "-" "Mozilla/5.0 (X11; Linux x86_64) AppleWebKit/537.36 Chrome/124.0 Safari/537.36"
34.176.150.25 - - [28/May/2026:18:52:04 -0300] "GET /backup/project.sql HTTP/1.1" 403 - "-" "Mozilla/5.0 (X11; Linux x86_64) AppleWebKit/537.36 Chrome/124.0 Safari/537.36"
34.176.150.25 - - [28/May/2026:18:52:04 -0300] "GET /backup/dist.zip HTTP/1.1" 200 - "-" "Mozilla/5.0 (X11; Linux x86_64) AppleWebKit/537.36 Chrome/124.0 Safari/537.36"
34.176.150.25 - - [28/May/2026:18:52:05 -0300] "GET /backup/dist.tar.gz HTTP/1.1" 200 - "-" "Mozilla/5.0 (X11; Linux x86_64) AppleWebKit/537.36 Chrome/124.0 Safari/537.36"
34.176.150.25 - - [28/May/2026:18:52:05 -0300] "GET /backup/dist.tgz HTTP/1.1" 200 - "-" "Mozilla/5.0 (X11; Linux x86_64) AppleWebKit/537.36 Chrome/124.0 Safari/537.36"
34.176.150.25 - - [28/May/2026:18:52:06 -0300] "GET /backup/dist.tar HTTP/1.1" 200 - "-" "Mozilla/5.0 (X11; Linux x86_64) AppleWebKit/537.36 Chrome/124.0 Safari/537.36"
34.176.150.25 - - [28/May/2026:18:52:07 -0300] "GET /backup/dist.tar.bz2 HTTP/1.1" 200 - "-" "Mozilla/5.0 (X11; Linux x86_64) AppleWebKit/537.36 Chrome/124.0 Safari/537.36"
34.176.150.25 - - [28/May/2026:18:52:07 -0300] "GET /backup/dist.tar.xz HTTP/1.1" 200 - "-" "Mozilla/5.0 (X11; Linux x86_64) AppleWebKit/537.36 Chrome/124.0 Safari/537.36"
34.176.150.25 - - [28/May/2026:18:52:08 -0300] "GET /backup/dist.7z HTTP/1.1" 200 - "-" "Mozilla/5.0 (X11; Linux x86_64) AppleWebKit/537.36 Chrome/124.0 Safari/537.36"
34.176.150.25 - - [28/May/2026:18:52:08 -0300] "GET /backup/dist.rar HTTP/1.1" 200 - "-" "Mozilla/5.0 (X11; Linux x86_64) AppleWebKit/537.36 Chrome/124.0 Safari/537.36"
34.176.150.25 - - [28/May/2026:18:52:09 -0300] "GET /backup/dist.gz HTTP/1.1" 200 - "-" "Mozilla/5.0 (X11; Linux x86_64) AppleWebKit/537.36 Chrome/124.0 Safari/537.36"
34.176.150.25 - - [28/May/2026:18:52:09 -0300] "GET /backup/dist.bz2 HTTP/1.1" 200 - "-" "Mozilla/5.0 (X11; Linux x86_64) AppleWebKit/537.36 Chrome/124.0 Safari/537.36"
34.176.150.25 - - [28/May/2026:18:52:10 -0300] "GET /backup/dist.zst HTTP/1.1" 200 - "-" "Mozilla/5.0 (X11; Linux x86_64) AppleWebKit/537.36 Chrome/124.0 Safari/537.36"
34.176.150.25 - - [28/May/2026:18:52:10 -0300] "GET /backup/dist.sql.gz HTTP/1.1" 200 - "-" "Mozilla/5.0 (X11; Linux x86_64) AppleWebKit/537.36 Chrome/124.0 Safari/537.36"
34.176.150.25 - - [28/May/2026:18:52:11 -0300] "GET /backup/dist.sql.bz2 HTTP/1.1" 200 - "-" "Mozilla/5.0 (X11; Linux x86_64) AppleWebKit/537.36 Chrome/124.0 Safari/537.36"
34.176.150.25 - - [28/May/2026:18:52:11 -0300] "GET /backup/dist.sql HTTP/1.1" 403 - "-" "Mozilla/5.0 (X11; Linux x86_64) AppleWebKit/537.36 Chrome/124.0 Safari/537.36"
34.176.150.25 - - [28/May/2026:18:52:12 -0300] "GET /backup/build.zip HTTP/1.1" 200 - "-" "Mozilla/5.0 (X11; Linux x86_64) AppleWebKit/537.36 Chrome/124.0 Safari/537.36"
34.176.150.25 - - [28/May/2026:18:52:12 -0300] "GET /backup/build.tar.gz HTTP/1.1" 200 - "-" "Mozilla/5.0 (X11; Linux x86_64) AppleWebKit/537.36 Chrome/124.0 Safari/537.36"
34.176.150.25 - - [28/May/2026:18:52:13 -0300] "GET /backup/build.tgz HTTP/1.1" 200 - "-" "Mozilla/5.0 (X11; Linux x86_64) AppleWebKit/537.36 Chrome/124.0 Safari/537.36"
34.176.150.25 - - [28/May/2026:18:52:13 -0300] "GET /backup/build.tar HTTP/1.1" 200 - "-" "Mozilla/5.0 (X11; Linux x86_64) AppleWebKit/537.36 Chrome/124.0 Safari/537.36"
34.176.150.25 - - [28/May/2026:18:52:14 -0300] "GET /backup/build.tar.bz2 HTTP/1.1" 200 - "-" "Mozilla/5.0 (X11; Linux x86_64) AppleWebKit/537.36 Chrome/124.0 Safari/537.36"
34.176.150.25 - - [28/May/2026:18:52:14 -0300] "GET /backup/build.tar.xz HTTP/1.1" 200 - "-" "Mozilla/5.0 (X11; Linux x86_64) AppleWebKit/537.36 Chrome/124.0 Safari/537.36"
34.176.150.25 - - [28/May/2026:18:52:15 -0300] "GET /backup/build.7z HTTP/1.1" 200 - "-" "Mozilla/5.0 (X11; Linux x86_64) AppleWebKit/537.36 Chrome/124.0 Safari/537.36"
34.176.150.25 - - [28/May/2026:18:52:16 -0300] "GET /backup/build.rar HTTP/1.1" 200 - "-" "Mozilla/5.0 (X11; Linux x86_64) AppleWebKit/537.36 Chrome/124.0 Safari/537.36"
34.176.150.25 - - [28/May/2026:18:52:16 -0300] "GET /backup/build.gz HTTP/1.1" 200 - "-" "Mozilla/5.0 (X11; Linux x86_64) AppleWebKit/537.36 Chrome/124.0 Safari/537.36"
34.176.150.25 - - [28/May/2026:18:52:17 -0300] "GET /backup/build.bz2 HTTP/1.1" 200 - "-" "Mozilla/5.0 (X11; Linux x86_64) AppleWebKit/537.36 Chrome/124.0 Safari/537.36"
34.176.150.25 - - [28/May/2026:18:52:17 -0300] "GET /backup/build.zst HTTP/1.1" 200 - "-" "Mozilla/5.0 (X11; Linux x86_64) AppleWebKit/537.36 Chrome/124.0 Safari/537.36"
34.176.150.25 - - [28/May/2026:18:52:18 -0300] "GET /backup/build.sql.gz HTTP/1.1" 200 - "-" "Mozilla/5.0 (X11; Linux x86_64) AppleWebKit/537.36 Chrome/124.0 Safari/537.36"
34.176.150.25 - - [28/May/2026:18:52:18 -0300] "GET /backup/build.sql.bz2 HTTP/1.1" 200 - "-" "Mozilla/5.0 (X11; Linux x86_64) AppleWebKit/537.36 Chrome/124.0 Safari/537.36"
34.176.150.25 - - [28/May/2026:18:52:19 -0300] "GET /backup/build.sql HTTP/1.1" 403 - "-" "Mozilla/5.0 (X11; Linux x86_64) AppleWebKit/537.36 Chrome/124.0 Safari/537.36"
34.176.150.25 - - [28/May/2026:18:52:19 -0300] "GET /backup/release.zip HTTP/1.1" 200 - "-" "Mozilla/5.0 (X11; Linux x86_64) AppleWebKit/537.36 Chrome/124.0 Safari/537.36"
34.176.150.25 - - [28/May/2026:18:52:20 -0300] "GET /backup/release.tar.gz HTTP/1.1" 200 - "-" "Mozilla/5.0 (X11; Linux x86_64) AppleWebKit/537.36 Chrome/124.0 Safari/537.36"
